
{"id":2143,"date":"2022-07-11T16:44:33","date_gmt":"2022-07-11T21:44:33","guid":{"rendered":"https:\/\/posgrado.uwiener.edu.pe\/actividades\/?post_type=columnaopinion&#038;p=2143"},"modified":"2023-03-22T17:09:51","modified_gmt":"2023-03-22T22:09:51","slug":"el-sistema-de-compras-cadena-logistica-y-buenas-practicas-de-almacenamiento-en-el-sector-salud-en-el-peru","status":"publish","type":"columnaopinion","link":"https:\/\/posgrado.uwiener.edu.pe\/actividades\/articulosdeopinion\/salud\/el-sistema-de-compras-cadena-logistica-y-buenas-practicas-de-almacenamiento-en-el-sector-salud-en-el-peru\/","title":{"rendered":"El sistema de compras, cadena log\u00edstica y buenas pr\u00e1cticas de almacenamiento en el sector salud en el Per\u00fa"},"content":{"rendered":"\n<p>La Organizaci\u00f3n Mundial de la Salud- OMS, en su publicaci\u00f3n titulada \u201cEl acceso y uso racional de los medicamentos y otras tecnolog\u00edas sanitarias estrat\u00e9gicos y de alto costo \u201c(2016), se\u00f1ala que&nbsp;&nbsp; durante los \u00faltimos a\u00f1os se ha&nbsp;&nbsp; venido expresando la preocupaci\u00f3n por el acceso&nbsp; &nbsp;a los medicamentos, remarcando que&nbsp;&nbsp; es un derecho fundamental&nbsp;&nbsp; del ciudadano&nbsp; &nbsp;el acceso y cobertura&nbsp;&nbsp; universal a la salud. Es en este contexto que la disponibilidad de medicinas para el tratamiento de las enfermedades&nbsp;&nbsp; en la poblaci\u00f3n y su uso racional pueden facilitarse y asegurarse mediante la adopci\u00f3n de pol\u00edticas p\u00fablicas, marcos regulatorios, protocolos y buenas pr\u00e1cticas de almacenamiento, acreditaci\u00f3n de profesionales vinculados al sistema de compras, cadena log\u00edstica, conservaci\u00f3n y manipulaci\u00f3n de las medicinas.<\/p>\n\n\n\n<p>En esta misma l\u00ednea, en el Per\u00fa el art\u00edculo 7\u00b0 de la Constituci\u00f3n Pol\u00edtica se\u00f1ala \u201cTodos tienen derecho a la protecci\u00f3n de su salud, la del medio familiar y la de la comunidad, as\u00ed como el deber de contribuir a su promoci\u00f3n y defensa.\u201d Bajo este derecho fundamental el sistema de salud se sustenta en los principios universales de acceso a los tratamientos y medicinas que los centros de salud deben contar para la atenci\u00f3n de los pacientes.<\/p>\n\n\n\n<p>La realidad en el Per\u00fa sin embargo es distinta a los preceptos universales y constitucionales, tal como lo se\u00f1ala la Contralor\u00eda General de la Rep\u00fablica cuando hace p\u00fablico el informe&nbsp;&nbsp; producto de la acci\u00f3n de control realizada el 2018&nbsp; para supervisar los servicios que brindan los establecimientos de salud de segundo y tercer nivel (mediana y alta complejidad, respectivamente) del Ministerio de Salud, Seguro Social de Salud, Gobiernos Regionales, Fuerzas Armadas y Polic\u00eda Nacional. Dentro de los hallazgos resaltan los siguientes:<\/p>\n\n\n\n<p>1.-En el 63% de instituciones visitadas, los medicamentos adquiridos no se encuentran en la lista de compras corporativas indicadas por MINSA, lo que trae como consecuencia que se vulnere el acceso a los tratamientos por compras a mayor precio 2.-Un 18% de instituciones se encuentran desabastecidas de medicamentos. 3.- El 33% de los establecimientos visitados no cumple con buenas pr\u00e1cticas de almacenamiento y el 45% de los almacenes de medicamentos no cuenta con la Autorizaci\u00f3n Sanitaria de Funcionamiento.<\/p>\n\n\n\n<p>Lejos de corregirse esta situaci\u00f3n, hoy al 2022 se evidencia por las acciones de la Contralor\u00eda General de la Rep\u00fablica que el problema persiste y se agudiza a nivel nacional (Ver informe de Control Espec\u00edfico N\u00b0 002-2022-2-4442-SCE: 38,000 medicinas vencidas en Hospital de Loreto). &nbsp;Factores m\u00faltiples como&nbsp; &nbsp;la d\u00e9bil gesti\u00f3n de compras que es una variable que se repite en las econom\u00edas emergentes en la regi\u00f3n latinoamericana y que ha sido evidenciado por la OPS, debido principalmente a la debilidad de negociaci\u00f3n en el esquema de compras con las farmac\u00e9uticas. El segundo factor es la cadena log\u00edstica deficiente desde la planificaci\u00f3n de la compra y su proceso de adquisici\u00f3n, distribuci\u00f3n, entrega, conservaci\u00f3n y almacenamiento y finalmente no contar con profesionales acreditados en buenas pr\u00e1cticas de almacenamiento y conocimiento de los protocolos y normatividad vigente.<\/p>\n\n\n\n<p>La Escuela de Posgrado de la Universidad Privada Norbert Wiener, ha creado el programa acad\u00e9mico para certificar a profesionales del sector salud en las buenas pr\u00e1cticas de almacenamiento y el conocimiento de las normas y protocolos de la auditor\u00eda gubernamental, de tal manera que tengamos profesionales capacitados que enfrenten los retos se\u00f1alados y contribuyan socialmente a lograr una salud de calidad a los peruanos y el acceso universal a los tratamientos y medicinas.<\/p>\n","protected":false},"excerpt":{"rendered":"<p>La Organizaci\u00f3n Mundial de la Salud- OMS, en su publicaci\u00f3n titulada \u201cEl acceso y uso racional de los medicamentos y otras tecnolog\u00edas sanitarias estrat\u00e9gicos y de alto costo \u201c(2016), se\u00f1ala que&nbsp;&nbsp; durante los \u00faltimos a\u00f1os se ha&nbsp;&nbsp; venido expresando la preocupaci\u00f3n por el acceso&nbsp; &nbsp;a los medicamentos, remarcando que&nbsp;&nbsp; es un derecho fundamental&nbsp;&nbsp; del ciudadano&nbsp; [&hellip;]<\/p>\n","protected":false},"featured_media":2077,"parent":0,"template":"","categoria-columna":[57],"class_list":["post-2143","columnaopinion","type-columnaopinion","status-publish","has-post-thumbnail","hentry","categoria-columna-salud"],"_links":{"self":[{"href":"https:\/\/posgrado.uwiener.edu.pe\/actividades\/wp-json\/wp\/v2\/columnaopinion\/2143"}],"collection":[{"href":"https:\/\/posgrado.uwiener.edu.pe\/actividades\/wp-json\/wp\/v2\/columnaopinion"}],"about":[{"href":"https:\/\/posgrado.uwiener.edu.pe\/actividades\/wp-json\/wp\/v2\/types\/columnaopinion"}],"wp:featuredmedia":[{"embeddable":true,"href":"https:\/\/posgrado.uwiener.edu.pe\/actividades\/wp-json\/wp\/v2\/media\/2077"}],"wp:attachment":[{"href":"https:\/\/posgrado.uwiener.edu.pe\/actividades\/wp-json\/wp\/v2\/media?parent=2143"}],"wp:term":[{"taxonomy":"categoria-columna","embeddable":true,"href":"https:\/\/posgrado.uwiener.edu.pe\/actividades\/wp-json\/wp\/v2\/categoria-columna?post=2143"}],"curies":[{"name":"wp","href":"https:\/\/api.w.org\/{rel}","templated":true}]}}

El sistema de compras, cadena logística y buenas prácticas de almacenamiento en el sector salud en el Perú

<p>La Organización Mundial de la Salud- OMS, en su publicación titulada “El acceso y uso racional de los medicamentos y otras tecnologías sanitarias estratégicos y de alto costo “(2016), señala que&nbsp;&nbsp; durante los últimos años se ha&nbsp;&nbsp; venido expresando la preocupación por el acceso&nbsp; &nbsp;a los medicamentos, remarcando que&nbsp;&nbsp; es un derecho fundamental&nbsp;&nbsp; del ciudadano&nbsp; &nbsp;el acceso y cobertura&nbsp;&nbsp; universal a la salud. Es en este contexto que la disponibilidad de medicinas para el tratamiento de las enfermedades&nbsp;&nbsp; en la población y su uso racional pueden facilitarse y asegurarse mediante la adopción de políticas públicas, marcos regulatorios, protocolos y buenas prácticas de almacenamiento, acreditación de profesionales vinculados al sistema de compras, cadena logística, conservación y manipulación de las medicinas.</p>



<p>En esta misma línea, en el Perú el artículo 7° de la Constitución Política señala “Todos tienen derecho a la protección de su salud, la del medio familiar y la de la comunidad, así como el deber de contribuir a su promoción y defensa.” Bajo este derecho fundamental el sistema de salud se sustenta en los principios universales de acceso a los tratamientos y medicinas que los centros de salud deben contar para la atención de los pacientes.</p>



<p>La realidad en el Perú sin embargo es distinta a los preceptos universales y constitucionales, tal como lo señala la Contraloría General de la República cuando hace público el informe&nbsp;&nbsp; producto de la acción de control realizada el 2018&nbsp; para supervisar los servicios que brindan los establecimientos de salud de segundo y tercer nivel (mediana y alta complejidad, respectivamente) del Ministerio de Salud, Seguro Social de Salud, Gobiernos Regionales, Fuerzas Armadas y Policía Nacional. Dentro de los hallazgos resaltan los siguientes:</p>



<p>1.-En el 63% de instituciones visitadas, los medicamentos adquiridos no se encuentran en la lista de compras corporativas indicadas por MINSA, lo que trae como consecuencia que se vulnere el acceso a los tratamientos por compras a mayor precio 2.-Un 18% de instituciones se encuentran desabastecidas de medicamentos. 3.- El 33% de los establecimientos visitados no cumple con buenas prácticas de almacenamiento y el 45% de los almacenes de medicamentos no cuenta con la Autorización Sanitaria de Funcionamiento.</p>



<p>Lejos de corregirse esta situación, hoy al 2022 se evidencia por las acciones de la Contraloría General de la República que el problema persiste y se agudiza a nivel nacional (Ver informe de Control Específico N° 002-2022-2-4442-SCE: 38,000 medicinas vencidas en Hospital de Loreto). &nbsp;Factores múltiples como&nbsp; &nbsp;la débil gestión de compras que es una variable que se repite en las economías emergentes en la región latinoamericana y que ha sido evidenciado por la OPS, debido principalmente a la debilidad de negociación en el esquema de compras con las farmacéuticas. El segundo factor es la cadena logística deficiente desde la planificación de la compra y su proceso de adquisición, distribución, entrega, conservación y almacenamiento y finalmente no contar con profesionales acreditados en buenas prácticas de almacenamiento y conocimiento de los protocolos y normatividad vigente.</p>



<p>La Escuela de Posgrado de la Universidad Privada Norbert Wiener, ha creado el programa académico para certificar a profesionales del sector salud en las buenas prácticas de almacenamiento y el conocimiento de las normas y protocolos de la auditoría gubernamental, de tal manera que tengamos profesionales capacitados que enfrenten los retos señalados y contribuyan socialmente a lograr una salud de calidad a los peruanos y el acceso universal a los tratamientos y medicinas.</p>

<p>La Organización Mundial de la Salud- OMS, en su publicación titulada “El acceso y uso racional de los medicamentos y otras tecnologías sanitarias estratégicos y de alto costo “(2016), señala que&nbsp;&nbsp; durante los últimos años se ha&nbsp;&nbsp; venido expresando la preocupación por el acceso&nbsp; &nbsp;a los medicamentos, remarcando que&nbsp;&nbsp; es un derecho fundamental&nbsp;&nbsp; del ciudadano&nbsp; [&hellip;]</p>
