
{"id":2337,"date":"2022-09-21T13:48:08","date_gmt":"2022-09-21T18:48:08","guid":{"rendered":"https:\/\/posgrado.uwiener.edu.pe\/actividades\/?post_type=columnaopinion&#038;p=2337"},"modified":"2023-03-22T21:02:19","modified_gmt":"2023-03-23T02:02:19","slug":"la-gestion-en-salud-un-reto-y-una-proyeccion-que-es-lo-mas-importante-al-momento-de-gestionar","status":"publish","type":"columnaopinion","link":"https:\/\/posgrado.uwiener.edu.pe\/actividades\/articulosdeopinion\/salud\/la-gestion-en-salud-un-reto-y-una-proyeccion-que-es-lo-mas-importante-al-momento-de-gestionar\/","title":{"rendered":"La Gesti\u00f3n en Salud: Un reto y una proyecci\u00f3n.             \u00bfQu\u00e9 es lo m\u00e1s importante al momento de gestionar?"},"content":{"rendered":"\n<p>Hemos atravesado una pandemia con un estado de emergencia sanitaria interminable. Estamos obligados a mantener mascarillas cuando la mayor\u00eda de las personas estamos vacunadas y no estamos concentrados en las soluciones o m\u00ednimamente en la \u201cgesti\u00f3n\u201d.<\/p>\n\n\n\n<p>Durante la pandemia, transversalmente tuvimos muchos problemas en el sector salud, evidenci\u00e1ndose las falencias que eran conocidas, pero no p\u00fablicas en su totalidad, eso hizo notorio que durante a\u00f1os tenemos una mala gesti\u00f3n en el sector salud.<\/p>\n\n\n\n<p>Seg\u00fan el reporte t\u00e9cnico <a href=\"https:\/\/www.minsa.gob.pe\/transparencia\/index.asp?op=301\" target=\"_blank\" rel=\"noopener\"><em>Indicadores de Brechas de Infraestructura y Equipamiento del Sector Salud<\/em><\/a>, realizado por el Ministerio de Salud (Minsa) en enero de 2022, apreciamos los porcentajes de establecimientos de salud del primer nivel de atenci\u00f3n con capacidad instalada inadecuada. (ver cuadro siguiente)<\/p>\n\n\n\n<p>Sin embargo, este no es el \u00fanico problema que afecta al sector. Se ha hecho notorio la falta de personal m\u00e9dico y t\u00e9cnico especializado. La falta de indumentario adecuada y la falta de liderazgo con habilidades blandas. &nbsp;\u201cHay un desinter\u00e9s grave en el sector salud\u201d, esto es, porque se pierde el objetivo principal de este sector que es: \u201cEl derecho a la vida y a la salud\u201d como derechos fundamentales y que no se debe perder de vista al momento de gestionar.<\/p>\n\n\n\n<p>Algunos expertos, y me gustar\u00eda mencionar al Dr. Juan Arroyo, Profesor e Investigador de CENTRUM Cat\u00f3lica, quien se\u00f1ala y coincido en todo que, uno de los temas importantes ser\u00eda: el del <em>acceso a la atenci\u00f3n y financiamiento en salud<\/em>, que tiene que ver con un largo debate sobre el acceso a la salud como expresi\u00f3n de la equidad en salud. El punto de partida es la clasificaci\u00f3n m\u00e1s com\u00fan en cuatro tipos de accesibilidad: (a) la geogr\u00e1fica, relacionada a la distancia y el tiempo de viaje; (b) la financiera o econ\u00f3mica, referida a la capacidad de pago de los usuarios y el subsidio p\u00fablico; (c) la accesibilidad cultural, que tiene que ver con el respeto y adecuaci\u00f3n a los patrones culturales de la poblaci\u00f3n; y (d) la funcional u organizacional, que comprende las formas de la atenci\u00f3n conforme a las necesidades de salud, en t\u00e9rminos de horarios, turnos, espera y otros.<\/p>\n\n\n\n<p>Otros modelos, hablan de barreras de la demanda y de la oferta, o de cuellos de botella de los sistemas de salud por niveles, clasific\u00e1ndolos en: (a) disponibilidad, personas con servicios disponibles; (b) accesibilidad, personas que pueden usar los servicios; (c) aceptabilidad, personas que est\u00e1n dispuestas a usar el servicio; (d) utilizaci\u00f3n, personas que usan el servicio; y e) efectividad, personas que reciben atenci\u00f3n satisfactoria.&nbsp;<\/p>\n\n\n\n<figure class=\"wp-block-image size-large\"><img loading=\"lazy\" decoding=\"async\" width=\"1000\" height=\"667\" src=\"https:\/\/posgrado.uwiener.edu.pe\/actividades\/wp-content\/uploads\/2022\/05\/shutterstock_2018781080.jpg\" alt=\"\" class=\"wp-image-1997\" srcset=\"https:\/\/posgrado.uwiener.edu.pe\/actividades\/wp-content\/uploads\/2022\/05\/shutterstock_2018781080.jpg 1000w, https:\/\/posgrado.uwiener.edu.pe\/actividades\/wp-content\/uploads\/2022\/05\/shutterstock_2018781080-300x200.jpg 300w, https:\/\/posgrado.uwiener.edu.pe\/actividades\/wp-content\/uploads\/2022\/05\/shutterstock_2018781080-768x512.jpg 768w\" sizes=\"(max-width: 1000px) 100vw, 1000px\" \/><\/figure>\n\n\n\n<p>Ahora bien, uno y otro de los problemas evidenciados en el sector Salud es que existe un <em>ineficiente manejo de los recursos p\u00fablicos<\/em>. La falta de financiamiento adecuado y la ineficiencia en el uso de los recursos disponibles representan retos importantes en el avance hacia el acceso universal a la salud y la cobertura universal de salud. Mientras el gasto p\u00fablico promedio en salud respecto del PIB de los pa\u00edses de la Organizaci\u00f3n de Cooperaci\u00f3n y Desarrollo Econ\u00f3micos (OCDE) llega a un 8% del PIB, en el 2011, el gasto p\u00fablico en salud en los pa\u00edses en Am\u00e9rica Latina y el Caribe respecto del PIB fue de apenas 3,8%. <\/p>\n\n\n\n<p>A menudo se intenta resolver la falta persistente de recursos financieros para el sector de la salud a trav\u00e9s del uso del pago directo en el momento de la prestaci\u00f3n de servicios. Este tipo de estrategias financieras crea obst\u00e1culos para acceder a los servicios y tiene consecuencias negativas en los resultados de salud para las personas y comunidades. Adem\u00e1s, aumenta el riesgo de que las personas deban incurrir en gastos catastr\u00f3ficos al acceder a los servicios de salud, lo que a su vez puede llevar al empobrecimiento.<\/p>\n\n\n\n<p>De cara a estos tiempos, el sector Salud debe presentar pol\u00edticas -de mediano a largo plazo- que den soluciones a estos problemas y delimiten las acciones a realizar para brindar una atenci\u00f3n preventiva e integral a todos los ciudadanos.<\/p>\n\n\n\n<p>Frente a ello,&nbsp;la Maestr\u00eda de Gesti\u00f3n en Salud imparte el aprendizaje de manejar -eficientemente- el poco presupuesto que se pueda tener, y realizar un an\u00e1lisis y control hol\u00edstico adecuado. As\u00ed, aprender\u00e1 a ejecutar estrat\u00e9gicamente un planeamiento que aborde los problemas identificados y resolverlos de manera eficiente, es decir llegar a las fuentes y realizar un FODA para mejorar continuamente la gesti\u00f3n en cada instituci\u00f3n o entidad. Pero lo m\u00e1s importante que otorga la maestr\u00eda es el liderazgo y el compromiso de gestionar con habilidades y comportamientos correctos, principalmente con buenas pr\u00e1cticas, siempre enfocados en las personas y sus necesidades, a efectos de tomar decisiones acertadas y gestionar con precisi\u00f3n y resoluci\u00f3n lo que se acontece (aprender a gestionar con compliance y buenas pr\u00e1cticas es lo que urge en este sector).<\/p>\n\n\n\n<h4 class=\"wp-block-heading\">Fuentes:<\/h4>\n\n\n\n<ul class=\"wp-block-list\"><li>La Salud Hoy: Problemas y Soluciones \u2013 CENTRUM CATOLICA: chromeextension:\/\/efaidnbmnnnibpcajpcglclefindmkaj\/http:\/\/bvs.minsa.gob.pe\/local\/MINSA\/3443.pdf.<\/li><\/ul>\n\n\n\n<ul class=\"wp-block-list\"><li><a href=\"https:\/\/www.minsa.gob.pe\/transparencia\/index.asp?op=301\" target=\"_blank\" rel=\"noopener\">Minsa: Programa Multianual de inversiones en el sector Salud<\/a> Sistemas de Gesti\u00f3n del Riesgo. Directrices ISO 31000<\/li><\/ul>\n\n\n\n<ul class=\"wp-block-list\"><li>Financiamiento de los sistemas de salud: <a href=\"https:\/\/www3.paho.org\/hq\/index.php?option=com_content&amp;view=article&amp;id=2973:health-financing&amp;Itemid=2080&amp;lang=es#gsc.tab=0\" target=\"_blank\" rel=\"noopener\">https:\/\/www3.paho.org\/hq\/index.php?option=com_content&amp;view=article&amp;id=2973:health-financing&amp;Itemid=2080&amp;lang=es#gsc.tab=0<\/a><\/li><\/ul>\n","protected":false},"excerpt":{"rendered":"<p>Hemos atravesado una pandemia con un estado de emergencia sanitaria interminable. Estamos obligados a mantener mascarillas cuando la mayor\u00eda de las personas estamos vacunadas y no estamos concentrados en las soluciones o m\u00ednimamente en la \u201cgesti\u00f3n\u201d. Durante la pandemia, transversalmente tuvimos muchos problemas en el sector salud, evidenci\u00e1ndose las falencias que eran conocidas, pero no [&hellip;]<\/p>\n","protected":false},"featured_media":2323,"parent":0,"template":"","categoria-columna":[57],"class_list":["post-2337","columnaopinion","type-columnaopinion","status-publish","has-post-thumbnail","hentry","categoria-columna-salud"],"_links":{"self":[{"href":"https:\/\/posgrado.uwiener.edu.pe\/actividades\/wp-json\/wp\/v2\/columnaopinion\/2337"}],"collection":[{"href":"https:\/\/posgrado.uwiener.edu.pe\/actividades\/wp-json\/wp\/v2\/columnaopinion"}],"about":[{"href":"https:\/\/posgrado.uwiener.edu.pe\/actividades\/wp-json\/wp\/v2\/types\/columnaopinion"}],"wp:featuredmedia":[{"embeddable":true,"href":"https:\/\/posgrado.uwiener.edu.pe\/actividades\/wp-json\/wp\/v2\/media\/2323"}],"wp:attachment":[{"href":"https:\/\/posgrado.uwiener.edu.pe\/actividades\/wp-json\/wp\/v2\/media?parent=2337"}],"wp:term":[{"taxonomy":"categoria-columna","embeddable":true,"href":"https:\/\/posgrado.uwiener.edu.pe\/actividades\/wp-json\/wp\/v2\/categoria-columna?post=2337"}],"curies":[{"name":"wp","href":"https:\/\/api.w.org\/{rel}","templated":true}]}}

La Gestión en Salud: Un reto y una proyección.             ¿Qué es lo más importante al momento de gestionar?

<p>Hemos atravesado una pandemia con un estado de emergencia sanitaria interminable. Estamos obligados a mantener mascarillas cuando la mayoría de las personas estamos vacunadas y no estamos concentrados en las soluciones o mínimamente en la “gestión”.</p>



<p>Durante la pandemia, transversalmente tuvimos muchos problemas en el sector salud, evidenciándose las falencias que eran conocidas, pero no públicas en su totalidad, eso hizo notorio que durante años tenemos una mala gestión en el sector salud.</p>



<p>Según el reporte técnico <a href="https://www.minsa.gob.pe/transparencia/index.asp?op=301" target="_blank" rel="noopener"><em>Indicadores de Brechas de Infraestructura y Equipamiento del Sector Salud</em></a>, realizado por el Ministerio de Salud (Minsa) en enero de 2022, apreciamos los porcentajes de establecimientos de salud del primer nivel de atención con capacidad instalada inadecuada. (ver cuadro siguiente)</p>



<p>Sin embargo, este no es el único problema que afecta al sector. Se ha hecho notorio la falta de personal médico y técnico especializado. La falta de indumentario adecuada y la falta de liderazgo con habilidades blandas. &nbsp;“Hay un desinterés grave en el sector salud”, esto es, porque se pierde el objetivo principal de este sector que es: “El derecho a la vida y a la salud” como derechos fundamentales y que no se debe perder de vista al momento de gestionar.</p>



<p>Algunos expertos, y me gustaría mencionar al Dr. Juan Arroyo, Profesor e Investigador de CENTRUM Católica, quien señala y coincido en todo que, uno de los temas importantes sería: el del <em>acceso a la atención y financiamiento en salud</em>, que tiene que ver con un largo debate sobre el acceso a la salud como expresión de la equidad en salud. El punto de partida es la clasificación más común en cuatro tipos de accesibilidad: (a) la geográfica, relacionada a la distancia y el tiempo de viaje; (b) la financiera o económica, referida a la capacidad de pago de los usuarios y el subsidio público; (c) la accesibilidad cultural, que tiene que ver con el respeto y adecuación a los patrones culturales de la población; y (d) la funcional u organizacional, que comprende las formas de la atención conforme a las necesidades de salud, en términos de horarios, turnos, espera y otros.</p>



<p>Otros modelos, hablan de barreras de la demanda y de la oferta, o de cuellos de botella de los sistemas de salud por niveles, clasificándolos en: (a) disponibilidad, personas con servicios disponibles; (b) accesibilidad, personas que pueden usar los servicios; (c) aceptabilidad, personas que están dispuestas a usar el servicio; (d) utilización, personas que usan el servicio; y e) efectividad, personas que reciben atención satisfactoria.&nbsp;</p>



<figure class="wp-block-image size-large"><img loading="lazy" decoding="async" width="1000" height="667" src="https://posgrado.uwiener.edu.pe/actividades/wp-content/uploads/2022/05/shutterstock_2018781080.jpg" alt="" class="wp-image-1997" srcset="https://posgrado.uwiener.edu.pe/actividades/wp-content/uploads/2022/05/shutterstock_2018781080.jpg 1000w, https://posgrado.uwiener.edu.pe/actividades/wp-content/uploads/2022/05/shutterstock_2018781080-300x200.jpg 300w, https://posgrado.uwiener.edu.pe/actividades/wp-content/uploads/2022/05/shutterstock_2018781080-768x512.jpg 768w" sizes="(max-width: 1000px) 100vw, 1000px" /></figure>



<p>Ahora bien, uno y otro de los problemas evidenciados en el sector Salud es que existe un <em>ineficiente manejo de los recursos públicos</em>. La falta de financiamiento adecuado y la ineficiencia en el uso de los recursos disponibles representan retos importantes en el avance hacia el acceso universal a la salud y la cobertura universal de salud. Mientras el gasto público promedio en salud respecto del PIB de los países de la Organización de Cooperación y Desarrollo Económicos (OCDE) llega a un 8% del PIB, en el 2011, el gasto público en salud en los países en América Latina y el Caribe respecto del PIB fue de apenas 3,8%. </p>



<p>A menudo se intenta resolver la falta persistente de recursos financieros para el sector de la salud a través del uso del pago directo en el momento de la prestación de servicios. Este tipo de estrategias financieras crea obstáculos para acceder a los servicios y tiene consecuencias negativas en los resultados de salud para las personas y comunidades. Además, aumenta el riesgo de que las personas deban incurrir en gastos catastróficos al acceder a los servicios de salud, lo que a su vez puede llevar al empobrecimiento.</p>



<p>De cara a estos tiempos, el sector Salud debe presentar políticas -de mediano a largo plazo- que den soluciones a estos problemas y delimiten las acciones a realizar para brindar una atención preventiva e integral a todos los ciudadanos.</p>



<p>Frente a ello,&nbsp;la Maestría de Gestión en Salud imparte el aprendizaje de manejar -eficientemente- el poco presupuesto que se pueda tener, y realizar un análisis y control holístico adecuado. Así, aprenderá a ejecutar estratégicamente un planeamiento que aborde los problemas identificados y resolverlos de manera eficiente, es decir llegar a las fuentes y realizar un FODA para mejorar continuamente la gestión en cada institución o entidad. Pero lo más importante que otorga la maestría es el liderazgo y el compromiso de gestionar con habilidades y comportamientos correctos, principalmente con buenas prácticas, siempre enfocados en las personas y sus necesidades, a efectos de tomar decisiones acertadas y gestionar con precisión y resolución lo que se acontece (aprender a gestionar con compliance y buenas prácticas es lo que urge en este sector).</p>



<h4 class="wp-block-heading">Fuentes:</h4>



<ul class="wp-block-list"><li>La Salud Hoy: Problemas y Soluciones – CENTRUM CATOLICA: chromeextension://efaidnbmnnnibpcajpcglclefindmkaj/http://bvs.minsa.gob.pe/local/MINSA/3443.pdf.</li></ul>



<ul class="wp-block-list"><li><a href="https://www.minsa.gob.pe/transparencia/index.asp?op=301" target="_blank" rel="noopener">Minsa: Programa Multianual de inversiones en el sector Salud</a> Sistemas de Gestión del Riesgo. Directrices ISO 31000</li></ul>



<ul class="wp-block-list"><li>Financiamiento de los sistemas de salud: <a href="https://www3.paho.org/hq/index.php?option=com_content&amp;view=article&amp;id=2973:health-financing&amp;Itemid=2080&amp;lang=es#gsc.tab=0" target="_blank" rel="noopener">https://www3.paho.org/hq/index.php?option=com_content&amp;view=article&amp;id=2973:health-financing&amp;Itemid=2080&amp;lang=es#gsc.tab=0</a></li></ul>

<p>Hemos atravesado una pandemia con un estado de emergencia sanitaria interminable. Estamos obligados a mantener mascarillas cuando la mayoría de las personas estamos vacunadas y no estamos concentrados en las soluciones o mínimamente en la “gestión”. Durante la pandemia, transversalmente tuvimos muchos problemas en el sector salud, evidenciándose las falencias que eran conocidas, pero no [&hellip;]</p>
