
{"id":2605,"date":"2023-01-18T10:47:22","date_gmt":"2023-01-18T15:47:22","guid":{"rendered":"https:\/\/posgrado.uwiener.edu.pe\/actividades\/?post_type=evento&#038;p=2605"},"modified":"2023-03-24T14:52:50","modified_gmt":"2023-03-24T19:52:50","slug":"la-importancia-de-la-especializacion-en-fisioterapia-cardiorrespiratoria","status":"publish","type":"evento","link":"https:\/\/posgrado.uwiener.edu.pe\/actividades\/evento\/la-importancia-de-la-especializacion-en-fisioterapia-cardiorrespiratoria\/","title":{"rendered":"La importancia de la especializaci\u00f3n en fisioterapia cardiorrespiratoria"},"content":{"rendered":"\n<p>\ud83d\udca1 Participa de nuestro Webinar: \u00abLa importancia de la especializaci\u00f3n en fisioterapia cardiorrespiratoria\u00bb<\/p>\n\n\n\n<p>.<\/p>\n\n\n\n<p>\u2705 Transmisi\u00f3n v\u00eda Zoom y Facebook Live.<\/p>\n\n\n\n<p><br>\ud83d\udc49&nbsp;Reg\u00edstrate aqu\u00ed para recibir el link de la transmisi\u00f3n:&nbsp;<a href=\"https:\/\/bit.ly\/3ZKMeEo\" target=\"_blank\" rel=\"noopener\">https:\/\/bit.ly\/3ZKMeEo<\/a><\/p>\n\n\n\n<p>.<\/p>\n\n\n\n<p><strong>Ponentes:<\/strong><br><strong>Mg. Santos Chero Pisfil<\/strong><br>Fisioterapeuta Cardiorrespiratorio.&nbsp;Hospital Central Fuerza A\u00e9rea del Per\u00fa.<br>Tema: <em>Recuperando las secuelas en los pactes cr\u00f3nicos<\/em><\/p>\n\n\n\n<p><strong>Mg. Milton Santill\u00e1n Zuta<\/strong><br>Fisioterapeuta Cardiorrespiratorio.&nbsp;Instituto Nacional de Salud Guillermo Almenara Irigoyen<br>Tema:&nbsp;<em>Intervenci\u00f3n del fisioterapeuta cardiorrespiratoria en la UCI<\/em><\/p>\n\n\n\n<p><strong>Mg. Cesar Farje Napan<\/strong><br>Fisioterapeuta Cardiorrespiratorio.&nbsp;Hospital Nacional Edgardo Rebagliati.<br>Secretario Cient\u00edfico de la Asociaci\u00f3n de Fisioterapia Cardiorrespiratoria del Per\u00fa.<br>Tema: <em>La experiencia de un fisioterapeuta cardiorrespiratorio en su d\u00eda a d\u00eda<\/em><\/p>\n\n\n\n<p><\/p>\n","protected":false},"excerpt":{"rendered":"<p>\ud83d\udca1 Participa de nuestro Webinar: \u00abLa importancia de la especializaci\u00f3n en fisioterapia cardiorrespiratoria\u00bb . \u2705 Transmisi\u00f3n v\u00eda Zoom y Facebook Live. \ud83d\udc49&nbsp;Reg\u00edstrate aqu\u00ed para recibir el link de la transmisi\u00f3n:&nbsp;https:\/\/bit.ly\/3ZKMeEo . Ponentes:Mg. Santos Chero PisfilFisioterapeuta Cardiorrespiratorio.&nbsp;Hospital Central Fuerza A\u00e9rea del Per\u00fa.Tema: Recuperando las secuelas en los pactes cr\u00f3nicos Mg. Milton Santill\u00e1n ZutaFisioterapeuta Cardiorrespiratorio.&nbsp;Instituto Nacional de [&hellip;]<\/p>\n","protected":false},"featured_media":0,"parent":0,"template":"","categoria-eventos":[17,44],"class_list":["post-2605","evento","type-evento","status-publish","hentry","categoria-eventos-videoconferencias","categoria-eventos-webinar-gratuito"],"custom_fields_data":{"inline_featured_image":["0"],"hcf_post_fecha":["2023-01-23"],"hcf_post_timeI":["19:00"],"hcf_post_timeF":["20:00"],"hcf_post_lugar":["Escuela de Posgrado Norbert Wiener - Facebook Live"],"hcf_post_ingreso":[""],"hcf_post_recomendados":[""],"hcf_post_anexos":[""],"hcf_post_email":[""],"hcf_post_url_face":["https:\/\/www.facebook.com\/events\/1526642487810096"],"hcf_fecha_blog":[""],"hcf_destacado_blog":[""],"hcf_imagenes":["a:0:{}"],"hcf_thumb_500":["https:\/\/posgrado.uwiener.edu.pe\/actividades\/wp-content\/uploads\/2023\/01\/500x82-5.jpg"],"hcf_thumb_1600":["https:\/\/posgrado.uwiener.edu.pe\/actividades\/wp-content\/uploads\/2023\/01\/1920x314-5.jpg"],"hcf_destacada":["https:\/\/posgrado.uwiener.edu.pe\/actividades\/wp-content\/uploads\/2023\/01\/1200x628-5.jpg"],"_edit_lock":["1679687570:4"],"_edit_last":["4"],"rank_math_internal_links_processed":["1"]},"_links":{"self":[{"href":"https:\/\/posgrado.uwiener.edu.pe\/actividades\/wp-json\/wp\/v2\/evento\/2605"}],"collection":[{"href":"https:\/\/posgrado.uwiener.edu.pe\/actividades\/wp-json\/wp\/v2\/evento"}],"about":[{"href":"https:\/\/posgrado.uwiener.edu.pe\/actividades\/wp-json\/wp\/v2\/types\/evento"}],"wp:attachment":[{"href":"https:\/\/posgrado.uwiener.edu.pe\/actividades\/wp-json\/wp\/v2\/media?parent=2605"}],"wp:term":[{"taxonomy":"categoria-eventos","embeddable":true,"href":"https:\/\/posgrado.uwiener.edu.pe\/actividades\/wp-json\/wp\/v2\/categoria-eventos?post=2605"}],"curies":[{"name":"wp","href":"https:\/\/api.w.org\/{rel}","templated":true}]}}

La importancia de la especialización en fisioterapia cardiorrespiratoria

<p>💡 Participa de nuestro Webinar: «La importancia de la especialización en fisioterapia cardiorrespiratoria»</p>



<p>.</p>



<p>✅ Transmisión vía Zoom y Facebook Live.</p>



<p><br>👉&nbsp;Regístrate aquí para recibir el link de la transmisión:&nbsp;<a href="https://bit.ly/3ZKMeEo" target="_blank" rel="noopener">https://bit.ly/3ZKMeEo</a></p>



<p>.</p>



<p><strong>Ponentes:</strong><br><strong>Mg. Santos Chero Pisfil</strong><br>Fisioterapeuta Cardiorrespiratorio.&nbsp;Hospital Central Fuerza Aérea del Perú.<br>Tema: <em>Recuperando las secuelas en los pactes crónicos</em></p>



<p><strong>Mg. Milton Santillán Zuta</strong><br>Fisioterapeuta Cardiorrespiratorio.&nbsp;Instituto Nacional de Salud Guillermo Almenara Irigoyen<br>Tema:&nbsp;<em>Intervención del fisioterapeuta cardiorrespiratoria en la UCI</em></p>



<p><strong>Mg. Cesar Farje Napan</strong><br>Fisioterapeuta Cardiorrespiratorio.&nbsp;Hospital Nacional Edgardo Rebagliati.<br>Secretario Científico de la Asociación de Fisioterapia Cardiorrespiratoria del Perú.<br>Tema: <em>La experiencia de un fisioterapeuta cardiorrespiratorio en su día a día</em></p>



<p></p>

<p>💡 Participa de nuestro Webinar: «La importancia de la especialización en fisioterapia cardiorrespiratoria» . ✅ Transmisión vía Zoom y Facebook Live. 👉&nbsp;Regístrate aquí para recibir el link de la transmisión:&nbsp;https://bit.ly/3ZKMeEo . Ponentes:Mg. Santos Chero PisfilFisioterapeuta Cardiorrespiratorio.&nbsp;Hospital Central Fuerza Aérea del Perú.Tema: Recuperando las secuelas en los pactes crónicos Mg. Milton Santillán ZutaFisioterapeuta Cardiorrespiratorio.&nbsp;Instituto Nacional de [&hellip;]</p>
