
{"id":2609,"date":"2023-01-18T12:03:53","date_gmt":"2023-01-18T17:03:53","guid":{"rendered":"https:\/\/posgrado.uwiener.edu.pe\/actividades\/?post_type=evento&#038;p=2609"},"modified":"2023-03-24T14:58:35","modified_gmt":"2023-03-24T19:58:35","slug":"los-pilares-en-la-nueva-gestion-publica-el-acceso-al-ciudadano","status":"publish","type":"evento","link":"https:\/\/posgrado.uwiener.edu.pe\/actividades\/evento\/los-pilares-en-la-nueva-gestion-publica-el-acceso-al-ciudadano\/","title":{"rendered":"Los pilares en la Nueva Gesti\u00f3n P\u00fablica: El acceso al ciudadano"},"content":{"rendered":"\n<p>\ud83d\udca1Participa de nuestro Webinar: \u00abLos pilares en la Nueva Gesti\u00f3n P\u00fablica: El acceso al ciudadano\u00bb<\/p>\n\n\n\n<p>.<\/p>\n\n\n\n<p>\u2705Transmisi\u00f3n v\u00eda Zoom y Facebook Live.<\/p>\n\n\n\n<p>.<br><img loading=\"lazy\" decoding=\"async\" height=\"16\" width=\"16\" alt=\"\ud83d\udc49\" src=\"https:\/\/static.xx.fbcdn.net\/images\/emoji.php\/v9\/t51\/1\/16\/1f449.png\">&nbsp;Reg\u00edstrate aqu\u00ed para recibir el link de la transmisi\u00f3n:&nbsp;<a rel=\"noreferrer noopener\" href=\"https:\/\/l.facebook.com\/l.php?u=https%3A%2F%2Fbit.ly%2F3ITOROs%3Ffbclid%3DIwAR3gE94tKdvSVk55THMXjg_F6yJSLe_RXWJ8XtFwopxSQO9u4JMlVF-YpNU&amp;h=AT3cSteq5X2dhsO9YxD9ehzQW4WeTyhMTBRqwZUO5iNppq7EaX28ReECIoIQE0AZXGLbzKoySwtprVEnliuNrT-lpJg_pBgagu4cxxLWNn_5Vb7iDWzIg-HZL_ONz01BMdvyMC8UVkOk480yYQ&amp;__tn__=q&amp;c[0]=AT0r9xOtoPqcLcMw7dY5c_nhQ-BFjLWB_Fn_B-qQqXHv-qQJnM5MS7YOCpy8eYPtFoxMqI2X9E8y5qYZFyNcIhnBbxNKQXlYTEGxAWreNcHg67D7zN36Yf0yHG3CYvqUUAwr7i_JkZI24BIWiYCkPrMZvEhe\" target=\"_blank\">https:\/\/bit.ly\/3ITOROs<\/a><br><\/p>\n\n\n\n<p><strong>Ponente:<\/strong><br>Dra. Fiorella Molinelli<br>Experta en gesti\u00f3n p\u00fablica<\/p>\n","protected":false},"excerpt":{"rendered":"<p>\ud83d\udca1Participa de nuestro Webinar: \u00abLos pilares en la Nueva Gesti\u00f3n P\u00fablica: El acceso al ciudadano\u00bb . \u2705Transmisi\u00f3n v\u00eda Zoom y Facebook Live. .&nbsp;Reg\u00edstrate aqu\u00ed para recibir el link de la transmisi\u00f3n:&nbsp;https:\/\/bit.ly\/3ITOROs Ponente:Dra. Fiorella MolinelliExperta en gesti\u00f3n p\u00fablica<\/p>\n","protected":false},"featured_media":0,"parent":0,"template":"","categoria-eventos":[17,44],"class_list":["post-2609","evento","type-evento","status-publish","hentry","categoria-eventos-videoconferencias","categoria-eventos-webinar-gratuito"],"custom_fields_data":{"inline_featured_image":["0"],"hcf_post_fecha":["2023-01-26"],"hcf_post_timeI":["19:00"],"hcf_post_timeF":["20:00"],"hcf_post_lugar":["Escuela de Posgrado Norbert Wiener - Facebook Live"],"hcf_post_ingreso":[""],"hcf_post_recomendados":[""],"hcf_post_anexos":[""],"hcf_post_email":[""],"hcf_post_url_face":["https:\/\/www.facebook.com\/events\/892222725298086"],"hcf_fecha_blog":[""],"hcf_destacado_blog":[""],"hcf_imagenes":["a:0:{}"],"hcf_thumb_500":["https:\/\/posgrado.uwiener.edu.pe\/actividades\/wp-content\/uploads\/2023\/01\/500x82-4-1.jpg"],"hcf_thumb_1600":["https:\/\/posgrado.uwiener.edu.pe\/actividades\/wp-content\/uploads\/2023\/01\/1920x314-4-1.jpg"],"hcf_destacada":["https:\/\/posgrado.uwiener.edu.pe\/actividades\/wp-content\/uploads\/2023\/01\/1200x628-4-1.jpg"],"_edit_lock":["1679687774:4"],"_edit_last":["4"],"rank_math_og_content_image":["a:2:{s:5:\"check\";s:32:\"5f50be56cc5635e15139110b01896fab\";s:6:\"images\";a:0:{}}"],"rank_math_internal_links_processed":["1"]},"_links":{"self":[{"href":"https:\/\/posgrado.uwiener.edu.pe\/actividades\/wp-json\/wp\/v2\/evento\/2609"}],"collection":[{"href":"https:\/\/posgrado.uwiener.edu.pe\/actividades\/wp-json\/wp\/v2\/evento"}],"about":[{"href":"https:\/\/posgrado.uwiener.edu.pe\/actividades\/wp-json\/wp\/v2\/types\/evento"}],"wp:attachment":[{"href":"https:\/\/posgrado.uwiener.edu.pe\/actividades\/wp-json\/wp\/v2\/media?parent=2609"}],"wp:term":[{"taxonomy":"categoria-eventos","embeddable":true,"href":"https:\/\/posgrado.uwiener.edu.pe\/actividades\/wp-json\/wp\/v2\/categoria-eventos?post=2609"}],"curies":[{"name":"wp","href":"https:\/\/api.w.org\/{rel}","templated":true}]}}

Los pilares en la Nueva Gestión Pública: El acceso al ciudadano

<p>💡Participa de nuestro Webinar: «Los pilares en la Nueva Gestión Pública: El acceso al ciudadano»</p>



<p>.</p>



<p>✅Transmisión vía Zoom y Facebook Live.</p>



<p>.<br><img loading="lazy" decoding="async" height="16" width="16" alt="👉" src="https://static.xx.fbcdn.net/images/emoji.php/v9/t51/1/16/1f449.png">&nbsp;Regístrate aquí para recibir el link de la transmisión:&nbsp;<a rel="noreferrer noopener" href="https://l.facebook.com/l.php?u=https%3A%2F%2Fbit.ly%2F3ITOROs%3Ffbclid%3DIwAR3gE94tKdvSVk55THMXjg_F6yJSLe_RXWJ8XtFwopxSQO9u4JMlVF-YpNU&amp;h=AT3cSteq5X2dhsO9YxD9ehzQW4WeTyhMTBRqwZUO5iNppq7EaX28ReECIoIQE0AZXGLbzKoySwtprVEnliuNrT-lpJg_pBgagu4cxxLWNn_5Vb7iDWzIg-HZL_ONz01BMdvyMC8UVkOk480yYQ&amp;__tn__=q&amp;c[0]=AT0r9xOtoPqcLcMw7dY5c_nhQ-BFjLWB_Fn_B-qQqXHv-qQJnM5MS7YOCpy8eYPtFoxMqI2X9E8y5qYZFyNcIhnBbxNKQXlYTEGxAWreNcHg67D7zN36Yf0yHG3CYvqUUAwr7i_JkZI24BIWiYCkPrMZvEhe" target="_blank">https://bit.ly/3ITOROs</a><br></p>



<p><strong>Ponente:</strong><br>Dra. Fiorella Molinelli<br>Experta en gestión pública</p>

<p>💡Participa de nuestro Webinar: «Los pilares en la Nueva Gestión Pública: El acceso al ciudadano» . ✅Transmisión vía Zoom y Facebook Live. .&nbsp;Regístrate aquí para recibir el link de la transmisión:&nbsp;https://bit.ly/3ITOROs Ponente:Dra. Fiorella MolinelliExperta en gestión pública</p>
