
{"id":2616,"date":"2023-01-18T17:18:18","date_gmt":"2023-01-18T22:18:18","guid":{"rendered":"https:\/\/posgrado.uwiener.edu.pe\/actividades\/?post_type=evento&#038;p=2616"},"modified":"2023-03-24T14:49:38","modified_gmt":"2023-03-24T19:49:38","slug":"nuevas-tendencias-en-el-manejo-nutricional-de-la-sensibilidad-del-gluten-en-ninos-no-celiacos","status":"publish","type":"evento","link":"https:\/\/posgrado.uwiener.edu.pe\/actividades\/evento\/nuevas-tendencias-en-el-manejo-nutricional-de-la-sensibilidad-del-gluten-en-ninos-no-celiacos\/","title":{"rendered":"Nuevas tendencias en el manejo nutricional de la sensibilidad del gluten en ni\u00f1os no cel\u00edacos"},"content":{"rendered":"\n<p>\ud83d\udca1Participa de nuestro Webinar: \u00abNuevas tendencias en el manejo nutricional de la sensibilidad del gluten en ni\u00f1os no cel\u00edacos\u00bb<\/p>\n\n\n\n<p>.<\/p>\n\n\n\n<p><br>\u2705Transmisi\u00f3n v\u00eda Zoom y Facebook Live.<\/p>\n\n\n\n<p>.<\/p>\n\n\n\n<p><br>\ud83d\udc49&nbsp;Reg\u00edstrate aqu\u00ed para recibir el link de la transmisi\u00f3n:&nbsp;<a rel=\"noreferrer noopener\" href=\"https:\/\/bit.ly\/3ZAqbR3?fbclid=IwAR0Pw_6LXXQ8CJzT5n3pRQ0AUZUsHGDtScwR4tA6PdKGaJnNzN-KYADI46A\" target=\"_blank\">https:\/\/bit.ly\/3ZAqbR3<\/a><\/p>\n\n\n\n<p><br><\/p>\n\n\n\n<p><strong>Ponente:<\/strong><br><strong>Adriana Le\u00f3n Avenda\u00f1o (Colombia)<\/strong><br>Nutricionista, Dietista, Coordinadora de Pediatr\u00eda en el Centro de Investigaci\u00f3n y Educaci\u00f3n en CIENutrition \u2013 Colombia<\/p>\n","protected":false},"excerpt":{"rendered":"<p>\ud83d\udca1Participa de nuestro Webinar: \u00abNuevas tendencias en el manejo nutricional de la sensibilidad del gluten en ni\u00f1os no cel\u00edacos\u00bb . \u2705Transmisi\u00f3n v\u00eda Zoom y Facebook Live. . \ud83d\udc49&nbsp;Reg\u00edstrate aqu\u00ed para recibir el link de la transmisi\u00f3n:&nbsp;https:\/\/bit.ly\/3ZAqbR3 Ponente:Adriana Le\u00f3n Avenda\u00f1o (Colombia)Nutricionista, Dietista, Coordinadora de Pediatr\u00eda en el Centro de Investigaci\u00f3n y Educaci\u00f3n en CIENutrition \u2013 Colombia<\/p>\n","protected":false},"featured_media":0,"parent":0,"template":"","categoria-eventos":[17,44],"class_list":["post-2616","evento","type-evento","status-publish","hentry","categoria-eventos-videoconferencias","categoria-eventos-webinar-gratuito"],"custom_fields_data":{"inline_featured_image":["0"],"hcf_post_fecha":["2023-01-19"],"hcf_post_timeI":["19:00"],"hcf_post_timeF":["20:00"],"hcf_post_lugar":["Escuela de Posgrado Norbert Wiener - Facebook Live"],"hcf_post_ingreso":[""],"hcf_post_recomendados":[""],"hcf_post_anexos":[""],"hcf_post_email":[""],"hcf_post_url_face":["https:\/\/www.facebook.com\/events\/894418401733946"],"hcf_fecha_blog":[""],"hcf_destacado_blog":[""],"hcf_imagenes":["a:0:{}"],"hcf_thumb_500":["https:\/\/posgrado.uwiener.edu.pe\/actividades\/wp-content\/uploads\/2023\/01\/500x82-4.jpg"],"hcf_thumb_1600":["https:\/\/posgrado.uwiener.edu.pe\/actividades\/wp-content\/uploads\/2023\/01\/1920x314-4.jpg"],"hcf_destacada":["https:\/\/posgrado.uwiener.edu.pe\/actividades\/wp-content\/uploads\/2023\/01\/1200x628-4.jpg"],"_edit_lock":["1679687258:4"],"_edit_last":["4"],"rank_math_internal_links_processed":["1"]},"_links":{"self":[{"href":"https:\/\/posgrado.uwiener.edu.pe\/actividades\/wp-json\/wp\/v2\/evento\/2616"}],"collection":[{"href":"https:\/\/posgrado.uwiener.edu.pe\/actividades\/wp-json\/wp\/v2\/evento"}],"about":[{"href":"https:\/\/posgrado.uwiener.edu.pe\/actividades\/wp-json\/wp\/v2\/types\/evento"}],"wp:attachment":[{"href":"https:\/\/posgrado.uwiener.edu.pe\/actividades\/wp-json\/wp\/v2\/media?parent=2616"}],"wp:term":[{"taxonomy":"categoria-eventos","embeddable":true,"href":"https:\/\/posgrado.uwiener.edu.pe\/actividades\/wp-json\/wp\/v2\/categoria-eventos?post=2616"}],"curies":[{"name":"wp","href":"https:\/\/api.w.org\/{rel}","templated":true}]}}

Nuevas tendencias en el manejo nutricional de la sensibilidad del gluten en niños no celíacos

<p>💡Participa de nuestro Webinar: «Nuevas tendencias en el manejo nutricional de la sensibilidad del gluten en niños no celíacos»</p>



<p>.</p>



<p><br>✅Transmisión vía Zoom y Facebook Live.</p>



<p>.</p>



<p><br>👉&nbsp;Regístrate aquí para recibir el link de la transmisión:&nbsp;<a rel="noreferrer noopener" href="https://bit.ly/3ZAqbR3?fbclid=IwAR0Pw_6LXXQ8CJzT5n3pRQ0AUZUsHGDtScwR4tA6PdKGaJnNzN-KYADI46A" target="_blank">https://bit.ly/3ZAqbR3</a></p>



<p><br></p>



<p><strong>Ponente:</strong><br><strong>Adriana León Avendaño (Colombia)</strong><br>Nutricionista, Dietista, Coordinadora de Pediatría en el Centro de Investigación y Educación en CIENutrition – Colombia</p>

<p>💡Participa de nuestro Webinar: «Nuevas tendencias en el manejo nutricional de la sensibilidad del gluten en niños no celíacos» . ✅Transmisión vía Zoom y Facebook Live. . 👉&nbsp;Regístrate aquí para recibir el link de la transmisión:&nbsp;https://bit.ly/3ZAqbR3 Ponente:Adriana León Avendaño (Colombia)Nutricionista, Dietista, Coordinadora de Pediatría en el Centro de Investigación y Educación en CIENutrition – Colombia</p>
