
{"id":2623,"date":"2023-01-26T12:04:16","date_gmt":"2023-01-26T17:04:16","guid":{"rendered":"https:\/\/posgrado.uwiener.edu.pe\/actividades\/?post_type=evento&#038;p=2623"},"modified":"2023-03-24T15:18:19","modified_gmt":"2023-03-24T20:18:19","slug":"financiamiento-y-politica-de-aseguramiento-en-salud-hacia-un-nuevo-sistema-de-salud-en-el-peru","status":"publish","type":"evento","link":"https:\/\/posgrado.uwiener.edu.pe\/actividades\/evento\/financiamiento-y-politica-de-aseguramiento-en-salud-hacia-un-nuevo-sistema-de-salud-en-el-peru\/","title":{"rendered":"Financiamiento y Pol\u00edtica de aseguramiento en Salud. Hacia un nuevo Sistema de Salud en el Per\u00fa"},"content":{"rendered":"\n<p>\ud83d\udca1Participa de nuestro Webinar: \u00abFinanciamiento y Pol\u00edtica de aseguramiento en Salud. Hacia un nuevo Sistema de Salud en el Per\u00fa\u00bb<\/p>\n\n\n\n<p>.<\/p>\n\n\n\n<p>\u2705Transmisi\u00f3n v\u00eda Zoom y Facebook Live.<\/p>\n\n\n\n<p>.<\/p>\n\n\n\n<p>\ud83d\udc49Reg\u00edstrate aqu\u00ed para recibir el link de la transmisi\u00f3n:&nbsp;<a rel=\"noreferrer noopener\" href=\"https:\/\/bit.ly\/3XFchvh?fbclid=IwAR2UinqBOcBxN2jya6gcjw32Tkle6Ge8TLSuFlhjTgYUWbG69wy-r3qGs4U\" target=\"_blank\">https:\/\/bit.ly\/3XFchvh<\/a><\/p>\n\n\n\n<p>.<\/p>\n\n\n\n<p>\ud83d\udc68\u200d\ud83d\udcbcPonente:<br>Dr. Jos\u00e9 Carlos del Carmen Sara<br>M\u00e9dico Neur\u00f3logo. Ex Viceministro de Salud<\/p>\n","protected":false},"excerpt":{"rendered":"<p>\ud83d\udca1Participa de nuestro Webinar: \u00abFinanciamiento y Pol\u00edtica de aseguramiento en Salud. Hacia un nuevo Sistema de Salud en el Per\u00fa\u00bb . \u2705Transmisi\u00f3n v\u00eda Zoom y Facebook Live. . \ud83d\udc49Reg\u00edstrate aqu\u00ed para recibir el link de la transmisi\u00f3n:&nbsp;https:\/\/bit.ly\/3XFchvh . \ud83d\udc68\u200d\ud83d\udcbcPonente:Dr. Jos\u00e9 Carlos del Carmen SaraM\u00e9dico Neur\u00f3logo. Ex Viceministro de Salud<\/p>\n","protected":false},"featured_media":0,"parent":0,"template":"","categoria-eventos":[17,44],"class_list":["post-2623","evento","type-evento","status-publish","hentry","categoria-eventos-videoconferencias","categoria-eventos-webinar-gratuito"],"custom_fields_data":{"inline_featured_image":["0"],"hcf_post_fecha":["2023-02-02"],"hcf_post_timeI":["19:00"],"hcf_post_timeF":["20:00"],"hcf_post_lugar":["Escuela de Posgrado Norbert Wiener - Facebook Live"],"hcf_post_ingreso":[""],"hcf_post_recomendados":[""],"hcf_post_anexos":[""],"hcf_post_email":[""],"hcf_post_url_face":["https:\/\/www.facebook.com\/events\/723587025819927?acontext=event_action_history[extra_datamechanismsurfacesurfacecreate_dialogextra_datamechanismsurfacesurfacepermalinkextra_datamechanismsurfacesurfaceedit_dialog]ref_notif_typenull"],"hcf_fecha_blog":[""],"hcf_destacado_blog":[""],"hcf_imagenes":["a:0:{}"],"hcf_thumb_500":["https:\/\/posgrado.uwiener.edu.pe\/actividades\/wp-content\/uploads\/2023\/01\/500x82-4-2.jpg"],"hcf_thumb_1600":["https:\/\/posgrado.uwiener.edu.pe\/actividades\/wp-content\/uploads\/2023\/01\/1920x314-4-2.jpg"],"hcf_destacada":["https:\/\/posgrado.uwiener.edu.pe\/actividades\/wp-content\/uploads\/2023\/01\/1200x628-4-2.jpg"],"_edit_lock":["1679689100:4"],"_edit_last":["4"],"rank_math_internal_links_processed":["1"]},"_links":{"self":[{"href":"https:\/\/posgrado.uwiener.edu.pe\/actividades\/wp-json\/wp\/v2\/evento\/2623"}],"collection":[{"href":"https:\/\/posgrado.uwiener.edu.pe\/actividades\/wp-json\/wp\/v2\/evento"}],"about":[{"href":"https:\/\/posgrado.uwiener.edu.pe\/actividades\/wp-json\/wp\/v2\/types\/evento"}],"wp:attachment":[{"href":"https:\/\/posgrado.uwiener.edu.pe\/actividades\/wp-json\/wp\/v2\/media?parent=2623"}],"wp:term":[{"taxonomy":"categoria-eventos","embeddable":true,"href":"https:\/\/posgrado.uwiener.edu.pe\/actividades\/wp-json\/wp\/v2\/categoria-eventos?post=2623"}],"curies":[{"name":"wp","href":"https:\/\/api.w.org\/{rel}","templated":true}]}}

Financiamiento y Política de aseguramiento en Salud. Hacia un nuevo Sistema de Salud en el Perú

<p>💡Participa de nuestro Webinar: «Financiamiento y Política de aseguramiento en Salud. Hacia un nuevo Sistema de Salud en el Perú»</p>



<p>.</p>



<p>✅Transmisión vía Zoom y Facebook Live.</p>



<p>.</p>



<p>👉Regístrate aquí para recibir el link de la transmisión:&nbsp;<a rel="noreferrer noopener" href="https://bit.ly/3XFchvh?fbclid=IwAR2UinqBOcBxN2jya6gcjw32Tkle6Ge8TLSuFlhjTgYUWbG69wy-r3qGs4U" target="_blank">https://bit.ly/3XFchvh</a></p>



<p>.</p>



<p>👨‍💼Ponente:<br>Dr. José Carlos del Carmen Sara<br>Médico Neurólogo. Ex Viceministro de Salud</p>

<p>💡Participa de nuestro Webinar: «Financiamiento y Política de aseguramiento en Salud. Hacia un nuevo Sistema de Salud en el Perú» . ✅Transmisión vía Zoom y Facebook Live. . 👉Regístrate aquí para recibir el link de la transmisión:&nbsp;https://bit.ly/3XFchvh . 👨‍💼Ponente:Dr. José Carlos del Carmen SaraMédico Neurólogo. Ex Viceministro de Salud</p>
