
{"id":2631,"date":"2023-01-31T18:34:13","date_gmt":"2023-01-31T23:34:13","guid":{"rendered":"https:\/\/posgrado.uwiener.edu.pe\/actividades\/?post_type=evento&#038;p=2631"},"modified":"2023-03-24T15:14:33","modified_gmt":"2023-03-24T20:14:33","slug":"la-teoria-en-la-toma-de-decisiones-del-profesional-de-enfermeria-pae","status":"publish","type":"evento","link":"https:\/\/posgrado.uwiener.edu.pe\/actividades\/evento\/la-teoria-en-la-toma-de-decisiones-del-profesional-de-enfermeria-pae\/","title":{"rendered":"La teor\u00eda en la toma de decisiones del profesional de Enfermer\u00eda (PAE)"},"content":{"rendered":"\n<p>\ud83d\udca1Participa de nuestra Charla Informativa: \u00abLa teor\u00eda en la toma de decisiones del profesional de Enfermer\u00eda (PAE)\u00bb<\/p>\n\n\n\n<p>.<\/p>\n\n\n\n<p>\u2705Transmisi\u00f3n v\u00eda Zoom y Facebook Live.<\/p>\n\n\n\n<p>.<\/p>\n\n\n\n<p>&nbsp;\ud83d\udc49Reg\u00edstrate aqu\u00ed para recibir el link de la transmisi\u00f3n:&nbsp;<a rel=\"noreferrer noopener\" href=\"https:\/\/l.facebook.com\/l.php?u=https%3A%2F%2Fbit.ly%2F3HJr2YG%3Ffbclid%3DIwAR0rFTtyZf2s1ud80ijjJ1VVv8QJMFoqkR4Q3QsvNVtwmQ1qDD4h-212z-A&amp;h=AT0Q0AyTEAhHcJcQomNsO_0WeECNTD2lOeeughP6E-9vRzVevTGBxOuyy8RutVDKjHMpjjXULa9ayQoZROwWPtaueLnKWeo1F7DSOPcOzbcxMtCbuoe3qIRtjA9GthvHx6HBkQbVSvOs_aVGPQ&amp;__tn__=q&amp;c[0]=AT0LBEm6WUosEAT4iHRTtwYtVt5lFfdUr53CVasjnpqxbTFOinrsR-vsHbfBIp6TK7hQQWD1b7l5GLUX6Y4jDUK3lXcvUUfA6s4wV2XP2lF-1uBPrt9bu_N1PzF3XetTjWNgfa_-rNogKDxMN347MK15vA3S\" target=\"_blank\">https:\/\/bit.ly\/3HJr2YG<\/a><\/p>\n\n\n\n<p>.<\/p>\n\n\n\n<p>\ud83d\udc68\u200d\ud83c\udfebPonente:<br>Dr. Rodolfo Amado Ar\u00e9valo Marcos<br>\u2022 Doctor en Ciencias de La Salud<br>\u2022 Maestro en Salud de Investigaci\u00f3n en Docencia Universitaria<br>\u2022 Experto en \u00c1rea de Atenci\u00f3n de Proceso de Enfermer\u00eda<br>\u2022 Asesor en Publicaci\u00f3n de Casos Cl\u00ednicos<\/p>\n","protected":false},"excerpt":{"rendered":"<p>\ud83d\udca1Participa de nuestra Charla Informativa: \u00abLa teor\u00eda en la toma de decisiones del profesional de Enfermer\u00eda (PAE)\u00bb . \u2705Transmisi\u00f3n v\u00eda Zoom y Facebook Live. . &nbsp;\ud83d\udc49Reg\u00edstrate aqu\u00ed para recibir el link de la transmisi\u00f3n:&nbsp;https:\/\/bit.ly\/3HJr2YG . \ud83d\udc68\u200d\ud83c\udfebPonente:Dr. Rodolfo Amado Ar\u00e9valo Marcos\u2022 Doctor en Ciencias de La Salud\u2022 Maestro en Salud de Investigaci\u00f3n en Docencia Universitaria\u2022 Experto [&hellip;]<\/p>\n","protected":false},"featured_media":0,"parent":0,"template":"","categoria-eventos":[17,44],"class_list":["post-2631","evento","type-evento","status-publish","hentry","categoria-eventos-videoconferencias","categoria-eventos-webinar-gratuito"],"custom_fields_data":{"inline_featured_image":["0"],"hcf_post_fecha":["2023-02-08"],"hcf_post_timeI":["18:00"],"hcf_post_timeF":["20:00"],"hcf_post_lugar":["Escuela de Posgrado Norbert Wiener - Facebook Live"],"hcf_post_ingreso":[""],"hcf_post_recomendados":[""],"hcf_post_anexos":[""],"hcf_post_email":[""],"hcf_post_url_face":["https:\/\/www.facebook.com\/events\/512658024251499"],"hcf_fecha_blog":[""],"hcf_destacado_blog":[""],"hcf_imagenes":["a:0:{}"],"hcf_thumb_500":["https:\/\/posgrado.uwiener.edu.pe\/actividades\/wp-content\/uploads\/2023\/01\/500x82-5-1.jpg"],"hcf_thumb_1600":["https:\/\/posgrado.uwiener.edu.pe\/actividades\/wp-content\/uploads\/2023\/01\/1920x314-5-1.jpg"],"hcf_destacada":["https:\/\/posgrado.uwiener.edu.pe\/actividades\/wp-content\/uploads\/2023\/01\/1200x628-5-1.jpg"],"_edit_lock":["1679688873:4"],"_edit_last":["4"],"rank_math_internal_links_processed":["1"]},"_links":{"self":[{"href":"https:\/\/posgrado.uwiener.edu.pe\/actividades\/wp-json\/wp\/v2\/evento\/2631"}],"collection":[{"href":"https:\/\/posgrado.uwiener.edu.pe\/actividades\/wp-json\/wp\/v2\/evento"}],"about":[{"href":"https:\/\/posgrado.uwiener.edu.pe\/actividades\/wp-json\/wp\/v2\/types\/evento"}],"wp:attachment":[{"href":"https:\/\/posgrado.uwiener.edu.pe\/actividades\/wp-json\/wp\/v2\/media?parent=2631"}],"wp:term":[{"taxonomy":"categoria-eventos","embeddable":true,"href":"https:\/\/posgrado.uwiener.edu.pe\/actividades\/wp-json\/wp\/v2\/categoria-eventos?post=2631"}],"curies":[{"name":"wp","href":"https:\/\/api.w.org\/{rel}","templated":true}]}}

La teoría en la toma de decisiones del profesional de Enfermería (PAE)

<p>💡Participa de nuestra Charla Informativa: «La teoría en la toma de decisiones del profesional de Enfermería (PAE)»</p>



<p>.</p>



<p>✅Transmisión vía Zoom y Facebook Live.</p>



<p>.</p>



<p>&nbsp;👉Regístrate aquí para recibir el link de la transmisión:&nbsp;<a rel="noreferrer noopener" href="https://l.facebook.com/l.php?u=https%3A%2F%2Fbit.ly%2F3HJr2YG%3Ffbclid%3DIwAR0rFTtyZf2s1ud80ijjJ1VVv8QJMFoqkR4Q3QsvNVtwmQ1qDD4h-212z-A&amp;h=AT0Q0AyTEAhHcJcQomNsO_0WeECNTD2lOeeughP6E-9vRzVevTGBxOuyy8RutVDKjHMpjjXULa9ayQoZROwWPtaueLnKWeo1F7DSOPcOzbcxMtCbuoe3qIRtjA9GthvHx6HBkQbVSvOs_aVGPQ&amp;__tn__=q&amp;c[0]=AT0LBEm6WUosEAT4iHRTtwYtVt5lFfdUr53CVasjnpqxbTFOinrsR-vsHbfBIp6TK7hQQWD1b7l5GLUX6Y4jDUK3lXcvUUfA6s4wV2XP2lF-1uBPrt9bu_N1PzF3XetTjWNgfa_-rNogKDxMN347MK15vA3S" target="_blank">https://bit.ly/3HJr2YG</a></p>



<p>.</p>



<p>👨‍🏫Ponente:<br>Dr. Rodolfo Amado Arévalo Marcos<br>• Doctor en Ciencias de La Salud<br>• Maestro en Salud de Investigación en Docencia Universitaria<br>• Experto en Área de Atención de Proceso de Enfermería<br>• Asesor en Publicación de Casos Clínicos</p>

<p>💡Participa de nuestra Charla Informativa: «La teoría en la toma de decisiones del profesional de Enfermería (PAE)» . ✅Transmisión vía Zoom y Facebook Live. . &nbsp;👉Regístrate aquí para recibir el link de la transmisión:&nbsp;https://bit.ly/3HJr2YG . 👨‍🏫Ponente:Dr. Rodolfo Amado Arévalo Marcos• Doctor en Ciencias de La Salud• Maestro en Salud de Investigación en Docencia Universitaria• Experto [&hellip;]</p>
