
{"id":2647,"date":"2023-02-03T10:38:07","date_gmt":"2023-02-03T15:38:07","guid":{"rendered":"https:\/\/posgrado.uwiener.edu.pe\/actividades\/?post_type=evento&#038;p=2647"},"modified":"2023-03-24T15:21:52","modified_gmt":"2023-03-24T20:21:52","slug":"retos-del-docente-en-el-marco-pospandemia","status":"publish","type":"evento","link":"https:\/\/posgrado.uwiener.edu.pe\/actividades\/evento\/retos-del-docente-en-el-marco-pospandemia\/","title":{"rendered":"Retos del Docente en el Marco Pospandemia"},"content":{"rendered":"\n<p>\ud83d\udca1Participa de nuestra Charla Informativa: \u00abRetos del Docente en el Marco Pospandemia\u00bb<\/p>\n\n\n\n<p>.<\/p>\n\n\n\n<p>\u2705Transmisi\u00f3n v\u00eda Zoom y Facebook Live.<\/p>\n\n\n\n<p>.<\/p>\n\n\n\n<p><img loading=\"lazy\" decoding=\"async\" height=\"16\" width=\"16\" alt=\"\ud83d\udc49\" src=\"https:\/\/static.xx.fbcdn.net\/images\/emoji.php\/v9\/t51\/1\/16\/1f449.png\">&nbsp;Reg\u00edstrate aqu\u00ed para recibir el link de la transmisi\u00f3n:&nbsp;<a rel=\"noreferrer noopener\" href=\"https:\/\/bit.ly\/3HUaNYD?fbclid=IwAR1AbwxmQ9-wwKT5erRmrQ-brst9m8IG8MLnvX5OR_v5A-vDpR1zpKZoCDA\" target=\"_blank\">https:\/\/bit.ly\/3HUaNYD<\/a><\/p>\n\n\n\n<p>.<\/p>\n\n\n\n<p><img loading=\"lazy\" decoding=\"async\" height=\"16\" width=\"16\" alt=\"\ud83d\udc68\u200d\ud83c\udfeb\" src=\"https:\/\/static.xx.fbcdn.net\/images\/emoji.php\/v9\/tb5\/1\/16\/1f468_200d_1f3eb.png\">Ponente:<br>Ra\u00fal Rodriguez<br>Docente de la Maestr\u00eda en Docencia Universitaria<br>Fernando D\u00edaz del Olmo<br>Coordinador acad\u00e9mico de la Maestr\u00eda en Docencia Universitaria<\/p>\n","protected":false},"excerpt":{"rendered":"<p>\ud83d\udca1Participa de nuestra Charla Informativa: \u00abRetos del Docente en el Marco Pospandemia\u00bb . \u2705Transmisi\u00f3n v\u00eda Zoom y Facebook Live. . &nbsp;Reg\u00edstrate aqu\u00ed para recibir el link de la transmisi\u00f3n:&nbsp;https:\/\/bit.ly\/3HUaNYD . Ponente:Ra\u00fal RodriguezDocente de la Maestr\u00eda en Docencia UniversitariaFernando D\u00edaz del OlmoCoordinador acad\u00e9mico de la Maestr\u00eda en Docencia Universitaria<\/p>\n","protected":false},"featured_media":0,"parent":0,"template":"","categoria-eventos":[17,44],"class_list":["post-2647","evento","type-evento","status-publish","hentry","categoria-eventos-videoconferencias","categoria-eventos-webinar-gratuito"],"custom_fields_data":{"inline_featured_image":["0"],"hcf_post_fecha":["2023-02-16"],"hcf_post_timeI":["19:00"],"hcf_post_timeF":["20:00"],"hcf_post_lugar":["Escuela de Posgrado Norbert Wiener - Facebook Live"],"hcf_post_ingreso":[""],"hcf_post_recomendados":[""],"hcf_post_anexos":[""],"hcf_post_email":[""],"hcf_post_url_face":["https:\/\/www.facebook.com\/events\/1053150745636999"],"hcf_fecha_blog":[""],"hcf_destacado_blog":[""],"hcf_imagenes":["a:0:{}"],"hcf_thumb_500":["https:\/\/posgrado.uwiener.edu.pe\/actividades\/wp-content\/uploads\/2023\/02\/500x82-4-1.jpg"],"hcf_thumb_1600":["https:\/\/posgrado.uwiener.edu.pe\/actividades\/wp-content\/uploads\/2023\/02\/1920x314-4-1.jpg"],"hcf_destacada":["https:\/\/posgrado.uwiener.edu.pe\/actividades\/wp-content\/uploads\/2023\/02\/1200x628-4-1.jpg"],"_edit_lock":["1679689313:4"],"_edit_last":["4"],"rank_math_og_content_image":["a:2:{s:5:\"check\";s:32:\"29c6331bf6457ad4660dac0f8c5bce44\";s:6:\"images\";a:0:{}}"],"rank_math_internal_links_processed":["1"]},"_links":{"self":[{"href":"https:\/\/posgrado.uwiener.edu.pe\/actividades\/wp-json\/wp\/v2\/evento\/2647"}],"collection":[{"href":"https:\/\/posgrado.uwiener.edu.pe\/actividades\/wp-json\/wp\/v2\/evento"}],"about":[{"href":"https:\/\/posgrado.uwiener.edu.pe\/actividades\/wp-json\/wp\/v2\/types\/evento"}],"wp:attachment":[{"href":"https:\/\/posgrado.uwiener.edu.pe\/actividades\/wp-json\/wp\/v2\/media?parent=2647"}],"wp:term":[{"taxonomy":"categoria-eventos","embeddable":true,"href":"https:\/\/posgrado.uwiener.edu.pe\/actividades\/wp-json\/wp\/v2\/categoria-eventos?post=2647"}],"curies":[{"name":"wp","href":"https:\/\/api.w.org\/{rel}","templated":true}]}}

<p>💡Participa de nuestra Charla Informativa: «Retos del Docente en el Marco Pospandemia»</p>



<p>.</p>



<p>✅Transmisión vía Zoom y Facebook Live.</p>



<p>.</p>



<p><img loading="lazy" decoding="async" height="16" width="16" alt="👉" src="https://static.xx.fbcdn.net/images/emoji.php/v9/t51/1/16/1f449.png">&nbsp;Regístrate aquí para recibir el link de la transmisión:&nbsp;<a rel="noreferrer noopener" href="https://bit.ly/3HUaNYD?fbclid=IwAR1AbwxmQ9-wwKT5erRmrQ-brst9m8IG8MLnvX5OR_v5A-vDpR1zpKZoCDA" target="_blank">https://bit.ly/3HUaNYD</a></p>



<p>.</p>



<p><img loading="lazy" decoding="async" height="16" width="16" alt="👨‍🏫" src="https://static.xx.fbcdn.net/images/emoji.php/v9/tb5/1/16/1f468_200d_1f3eb.png">Ponente:<br>Raúl Rodriguez<br>Docente de la Maestría en Docencia Universitaria<br>Fernando Díaz del Olmo<br>Coordinador académico de la Maestría en Docencia Universitaria</p>

<p>💡Participa de nuestra Charla Informativa: «Retos del Docente en el Marco Pospandemia» . ✅Transmisión vía Zoom y Facebook Live. . &nbsp;Regístrate aquí para recibir el link de la transmisión:&nbsp;https://bit.ly/3HUaNYD . Ponente:Raúl RodriguezDocente de la Maestría en Docencia UniversitariaFernando Díaz del OlmoCoordinador académico de la Maestría en Docencia Universitaria</p>
