
{"id":2666,"date":"2023-02-11T22:25:57","date_gmt":"2023-02-12T03:25:57","guid":{"rendered":"https:\/\/posgrado.uwiener.edu.pe\/actividades\/?post_type=evento&#038;p=2666"},"modified":"2023-03-24T15:02:05","modified_gmt":"2023-03-24T20:02:05","slug":"nuevas-tendencias-de-marketing-y-su-impacto-en-gestion-en-salud","status":"publish","type":"evento","link":"https:\/\/posgrado.uwiener.edu.pe\/actividades\/evento\/nuevas-tendencias-de-marketing-y-su-impacto-en-gestion-en-salud\/","title":{"rendered":"Nuevas Tendencias de Marketing y su impacto en Gesti\u00f3n en Salud"},"content":{"rendered":"\n<p>\ud83d\udca1Participa de nuestro Webinar: \u00abNuevas Tendencias de Marketing y su impacto en Gesti\u00f3n en Salud\u00bb<\/p>\n\n\n\n<p>.<\/p>\n\n\n\n<p>\u2705Transmisi\u00f3n v\u00eda Zoom y Facebook Live.<\/p>\n\n\n\n<p>.<\/p>\n\n\n\n<p>&nbsp;\ud83d\udc49Reg\u00edstrate aqu\u00ed para recibir el link de la transmisi\u00f3n:&nbsp;<a rel=\"noreferrer noopener\" href=\"https:\/\/l.facebook.com\/l.php?u=https%3A%2F%2Fbit.ly%2F3XdJqNG%3Ffbclid%3DIwAR06o9GmG301YWa06Gnq3W1yG1A1udc60_Pf7tDjDXDaQfVu6O6f60zmErQ&amp;h=AT2Zjvr34Nsu3Fu-Ga5N9_FT8aM3EEFAHPwZAPo4L90sFGOau2bhwgAKeMHXzJFFolPsTTWpD6y5uUSlqsplJRlErzUeqsMwtd13iPthfGjxLBIP1feBvzzTUktbhqUWDgGyYYKeJBlwtKLXuA&amp;__tn__=q&amp;c[0]=AT1LUOOvYUzxGYSILga6MxiIKjCS1141yGPHFSfqXER30iaxBZQFm9nC9BrEw03rNWue6i7nBYZd21ZryR5KRuarclpZZEktg0wYD1i9fktUIogyI9ZxM3P4m55EPpkVefx2SHoOEwqgJOJZBxG6Vd_UhAb1\" target=\"_blank\">https:\/\/bit.ly\/3XdJqNG<\/a><\/p>\n\n\n\n<p>.<\/p>\n\n\n\n<p>\ud83d\udc68\u200d\ud83c\udfebPonente:<br>Reynaldo Barboza<br>MBA y Licenciado en Marketing y Direcci\u00f3n de Empresas. Director de Segundas Especialidades en la Universidad Norbert<\/p>\n","protected":false},"excerpt":{"rendered":"<p>\ud83d\udca1Participa de nuestro Webinar: \u00abNuevas Tendencias de Marketing y su impacto en Gesti\u00f3n en Salud\u00bb . \u2705Transmisi\u00f3n v\u00eda Zoom y Facebook Live. . &nbsp;\ud83d\udc49Reg\u00edstrate aqu\u00ed para recibir el link de la transmisi\u00f3n:&nbsp;https:\/\/bit.ly\/3XdJqNG . \ud83d\udc68\u200d\ud83c\udfebPonente:Reynaldo BarbozaMBA y Licenciado en Marketing y Direcci\u00f3n de Empresas. Director de Segundas Especialidades en la Universidad Norbert<\/p>\n","protected":false},"featured_media":0,"parent":0,"template":"","categoria-eventos":[17,44],"class_list":["post-2666","evento","type-evento","status-publish","hentry","categoria-eventos-videoconferencias","categoria-eventos-webinar-gratuito"],"custom_fields_data":{"inline_featured_image":["0"],"hcf_post_fecha":["2023-02-23"],"hcf_post_timeI":["19:00"],"hcf_post_timeF":[""],"hcf_post_lugar":["Escuela de Posgrado Norbert Wiener - Facebook Live"],"hcf_post_ingreso":[""],"hcf_post_recomendados":[""],"hcf_post_anexos":[""],"hcf_post_email":[""],"hcf_post_url_face":["https:\/\/www.facebook.com\/events\/573059134869621"],"hcf_fecha_blog":[""],"hcf_destacado_blog":[""],"hcf_imagenes":["a:0:{}"],"hcf_thumb_500":["https:\/\/posgrado.uwiener.edu.pe\/actividades\/wp-content\/uploads\/2023\/02\/500x82-4.jpg"],"hcf_thumb_1600":["https:\/\/posgrado.uwiener.edu.pe\/actividades\/wp-content\/uploads\/2023\/02\/1920x314-4.jpg"],"hcf_destacada":["https:\/\/posgrado.uwiener.edu.pe\/actividades\/wp-content\/uploads\/2023\/02\/1200x628-4.jpg"],"_edit_lock":["1679688126:4"],"_edit_last":["4"],"rank_math_internal_links_processed":["1"]},"_links":{"self":[{"href":"https:\/\/posgrado.uwiener.edu.pe\/actividades\/wp-json\/wp\/v2\/evento\/2666"}],"collection":[{"href":"https:\/\/posgrado.uwiener.edu.pe\/actividades\/wp-json\/wp\/v2\/evento"}],"about":[{"href":"https:\/\/posgrado.uwiener.edu.pe\/actividades\/wp-json\/wp\/v2\/types\/evento"}],"wp:attachment":[{"href":"https:\/\/posgrado.uwiener.edu.pe\/actividades\/wp-json\/wp\/v2\/media?parent=2666"}],"wp:term":[{"taxonomy":"categoria-eventos","embeddable":true,"href":"https:\/\/posgrado.uwiener.edu.pe\/actividades\/wp-json\/wp\/v2\/categoria-eventos?post=2666"}],"curies":[{"name":"wp","href":"https:\/\/api.w.org\/{rel}","templated":true}]}}

Nuevas Tendencias de Marketing y su impacto en Gestión en Salud

<p>💡Participa de nuestro Webinar: «Nuevas Tendencias de Marketing y su impacto en Gestión en Salud»</p>



<p>.</p>



<p>✅Transmisión vía Zoom y Facebook Live.</p>



<p>.</p>



<p>&nbsp;👉Regístrate aquí para recibir el link de la transmisión:&nbsp;<a rel="noreferrer noopener" href="https://l.facebook.com/l.php?u=https%3A%2F%2Fbit.ly%2F3XdJqNG%3Ffbclid%3DIwAR06o9GmG301YWa06Gnq3W1yG1A1udc60_Pf7tDjDXDaQfVu6O6f60zmErQ&amp;h=AT2Zjvr34Nsu3Fu-Ga5N9_FT8aM3EEFAHPwZAPo4L90sFGOau2bhwgAKeMHXzJFFolPsTTWpD6y5uUSlqsplJRlErzUeqsMwtd13iPthfGjxLBIP1feBvzzTUktbhqUWDgGyYYKeJBlwtKLXuA&amp;__tn__=q&amp;c[0]=AT1LUOOvYUzxGYSILga6MxiIKjCS1141yGPHFSfqXER30iaxBZQFm9nC9BrEw03rNWue6i7nBYZd21ZryR5KRuarclpZZEktg0wYD1i9fktUIogyI9ZxM3P4m55EPpkVefx2SHoOEwqgJOJZBxG6Vd_UhAb1" target="_blank">https://bit.ly/3XdJqNG</a></p>



<p>.</p>



<p>👨‍🏫Ponente:<br>Reynaldo Barboza<br>MBA y Licenciado en Marketing y Dirección de Empresas. Director de Segundas Especialidades en la Universidad Norbert</p>

<p>💡Participa de nuestro Webinar: «Nuevas Tendencias de Marketing y su impacto en Gestión en Salud» . ✅Transmisión vía Zoom y Facebook Live. . &nbsp;👉Regístrate aquí para recibir el link de la transmisión:&nbsp;https://bit.ly/3XdJqNG . 👨‍🏫Ponente:Reynaldo BarbozaMBA y Licenciado en Marketing y Dirección de Empresas. Director de Segundas Especialidades en la Universidad Norbert</p>
