
{"id":2674,"date":"2023-02-11T22:44:40","date_gmt":"2023-02-12T03:44:40","guid":{"rendered":"https:\/\/posgrado.uwiener.edu.pe\/actividades\/?post_type=evento&#038;p=2674"},"modified":"2023-03-24T15:25:45","modified_gmt":"2023-03-24T20:25:45","slug":"auditoria-de-un-centro-medico-ocupacional","status":"publish","type":"evento","link":"https:\/\/posgrado.uwiener.edu.pe\/actividades\/evento\/auditoria-de-un-centro-medico-ocupacional\/","title":{"rendered":"Auditor\u00eda de un Centro M\u00e9dico Ocupacional"},"content":{"rendered":"\n<p>\ud83d\udca1Participa de nuestro Webinar: \u00abAuditor\u00eda de un Centro M\u00e9dico Ocupacional\u00bb<\/p>\n\n\n\n<p>.<\/p>\n\n\n\n<p>\u2705Transmisi\u00f3n v\u00eda Zoom y Facebook Live.<\/p>\n\n\n\n<p>.<\/p>\n\n\n\n<p>\ud83d\udc49Reg\u00edstrate aqu\u00ed para recibir el link de la transmisi\u00f3n:&nbsp;<a rel=\"noreferrer noopener\" href=\"https:\/\/bit.ly\/3HPAw3g?fbclid=IwAR3X2hlYwOL34zoUYwSBjIiNUYrMAXy-56wNIwziu-PxFNdnOzHqcT9ZfYY\" target=\"_blank\">https:\/\/bit.ly\/3HPAw3g<\/a><\/p>\n\n\n\n<p>.<\/p>\n\n\n\n<p>\ud83d\udc68\u200d\ud83c\udfebPonente:<br>Mg. Ferm\u00edn Ru\u00edz Guti\u00e9rrez<br>M\u00e9dico especialista en Medicina Ocupacional<\/p>\n","protected":false},"excerpt":{"rendered":"<p>\ud83d\udca1Participa de nuestro Webinar: \u00abAuditor\u00eda de un Centro M\u00e9dico Ocupacional\u00bb . \u2705Transmisi\u00f3n v\u00eda Zoom y Facebook Live. . \ud83d\udc49Reg\u00edstrate aqu\u00ed para recibir el link de la transmisi\u00f3n:&nbsp;https:\/\/bit.ly\/3HPAw3g . \ud83d\udc68\u200d\ud83c\udfebPonente:Mg. Ferm\u00edn Ru\u00edz Guti\u00e9rrezM\u00e9dico especialista en Medicina Ocupacional<\/p>\n","protected":false},"featured_media":0,"parent":0,"template":"","categoria-eventos":[17,44],"class_list":["post-2674","evento","type-evento","status-publish","hentry","categoria-eventos-videoconferencias","categoria-eventos-webinar-gratuito"],"custom_fields_data":{"inline_featured_image":["0"],"hcf_post_fecha":["2023-02-22"],"hcf_post_timeI":["19:00"],"hcf_post_timeF":[""],"hcf_post_lugar":["Escuela de Posgrado Norbert Wiener - Facebook Live"],"hcf_post_ingreso":[""],"hcf_post_recomendados":[""],"hcf_post_anexos":[""],"hcf_post_email":[""],"hcf_post_url_face":["https:\/\/www.facebook.com\/events\/517409113812485"],"hcf_fecha_blog":[""],"hcf_destacado_blog":[""],"hcf_imagenes":["a:0:{}"],"hcf_thumb_500":["https:\/\/posgrado.uwiener.edu.pe\/actividades\/wp-content\/uploads\/2023\/02\/500x82-4-3.jpg"],"hcf_thumb_1600":["https:\/\/posgrado.uwiener.edu.pe\/actividades\/wp-content\/uploads\/2023\/02\/1920x314-4-3.jpg"],"hcf_destacada":["https:\/\/posgrado.uwiener.edu.pe\/actividades\/wp-content\/uploads\/2023\/02\/1200x628-4-3.jpg"],"_edit_lock":["1679694804:4"],"_edit_last":["4"],"rank_math_internal_links_processed":["1"]},"_links":{"self":[{"href":"https:\/\/posgrado.uwiener.edu.pe\/actividades\/wp-json\/wp\/v2\/evento\/2674"}],"collection":[{"href":"https:\/\/posgrado.uwiener.edu.pe\/actividades\/wp-json\/wp\/v2\/evento"}],"about":[{"href":"https:\/\/posgrado.uwiener.edu.pe\/actividades\/wp-json\/wp\/v2\/types\/evento"}],"wp:attachment":[{"href":"https:\/\/posgrado.uwiener.edu.pe\/actividades\/wp-json\/wp\/v2\/media?parent=2674"}],"wp:term":[{"taxonomy":"categoria-eventos","embeddable":true,"href":"https:\/\/posgrado.uwiener.edu.pe\/actividades\/wp-json\/wp\/v2\/categoria-eventos?post=2674"}],"curies":[{"name":"wp","href":"https:\/\/api.w.org\/{rel}","templated":true}]}}

Auditoría de un Centro Médico Ocupacional

<p>💡Participa de nuestro Webinar: «Auditoría de un Centro Médico Ocupacional»</p>



<p>.</p>



<p>✅Transmisión vía Zoom y Facebook Live.</p>



<p>.</p>



<p>👉Regístrate aquí para recibir el link de la transmisión:&nbsp;<a rel="noreferrer noopener" href="https://bit.ly/3HPAw3g?fbclid=IwAR3X2hlYwOL34zoUYwSBjIiNUYrMAXy-56wNIwziu-PxFNdnOzHqcT9ZfYY" target="_blank">https://bit.ly/3HPAw3g</a></p>



<p>.</p>



<p>👨‍🏫Ponente:<br>Mg. Fermín Ruíz Gutiérrez<br>Médico especialista en Medicina Ocupacional</p>

<p>💡Participa de nuestro Webinar: «Auditoría de un Centro Médico Ocupacional» . ✅Transmisión vía Zoom y Facebook Live. . 👉Regístrate aquí para recibir el link de la transmisión:&nbsp;https://bit.ly/3HPAw3g . 👨‍🏫Ponente:Mg. Fermín Ruíz GutiérrezMédico especialista en Medicina Ocupacional</p>
