
{"id":2678,"date":"2023-02-11T22:51:00","date_gmt":"2023-02-12T03:51:00","guid":{"rendered":"https:\/\/posgrado.uwiener.edu.pe\/actividades\/?post_type=evento&#038;p=2678"},"modified":"2023-03-03T14:23:59","modified_gmt":"2023-03-03T19:23:59","slug":"consejos-geneticos-para-la-prevencion-del-cancer-y-factores-de-riesgo","status":"publish","type":"evento","link":"https:\/\/posgrado.uwiener.edu.pe\/actividades\/evento\/consejos-geneticos-para-la-prevencion-del-cancer-y-factores-de-riesgo\/","title":{"rendered":"Consejos gen\u00e9ticos para la prevenci\u00f3n del c\u00e1ncer y factores de riesgo"},"content":{"rendered":"\n<p>\ud83d\udca1Participa de nuestro Webinar Internacional \u00bb Consejos gen\u00e9ticos para la prevenci\u00f3n del c\u00e1ncer y factores de riesgo\u00bb<\/p>\n\n\n\n<p>.<\/p>\n\n\n\n<p>\u2705Transmisi\u00f3n v\u00eda Zoom y Facebook Live.<\/p>\n\n\n\n<p>.<\/p>\n\n\n\n<p>&nbsp;\ud83d\udc49Reg\u00edstrate aqu\u00ed para recibir el link de la transmisi\u00f3n:&nbsp;<a rel=\"noreferrer noopener\" href=\"https:\/\/l.facebook.com\/l.php?u=https%3A%2F%2Fbit.ly%2F3JVlwDI%3Ffbclid%3DIwAR062OYEe8z6OYOXOZ_EpXGaVbuDCOSu9ne9dwusMioIQQslkThUBYKYnH0&amp;h=AT2jSa9v4MhjomPJRHwzNyh_vTtt0JXXNwgilgWqGV0erPK75oIVEpq5Rc0vxacNqculhT6YU7eendSO6Pk8ZUE-YhQFyZiRM8T-QsXl4iLfdWu6rxDza9lC1PUJ3lyR53GkpyZQ0bGcWw_3Lw&amp;__tn__=q&amp;c[0]=AT1DhIYrJuOqUmFVGHjckd0EYWnE7FNd-ofnoKQN3cGHBY7XbvygqD2pRVn-aoTfi7_x1hExeEZxe-rSAXpEl4GMMuZ9w_udSoX0N-lTEzOvKxJ8ubm_y4JSgCt7-Hc2OA_vnDiLbGw7RuOyg2_9TAx2uOmB\" target=\"_blank\">https:\/\/bit.ly\/3JVlwDI<\/a><\/p>\n\n\n\n<p>.<\/p>\n\n\n\n<p>\ud83d\udc68\u200d\ud83c\udfebPonente:<br>Dr. Oscar Galindo V\u00e1zques (M\u00e9xico)<br>Servicio de Psicooncolog\u00eda en el Instituto Nacional de Cancerolog\u00eda INCan<br>Subdirecci\u00f3n de Medicina Interna<br>Coordinador de la Unidad de Investigaci\u00f3n y Desarrollo de la Psicooncolog\u00eda<br>Tutor en el Programa de Posgrado en Psicolog\u00eda de la Universidad Nacional Aut\u00f3noma de M\u00e9xico UNAM.<\/p>\n","protected":false},"excerpt":{"rendered":"<p>\ud83d\udca1Participa de nuestro Webinar Internacional \u00bb Consejos gen\u00e9ticos para la prevenci\u00f3n del c\u00e1ncer y factores de riesgo\u00bb . \u2705Transmisi\u00f3n v\u00eda Zoom y Facebook Live. . &nbsp;\ud83d\udc49Reg\u00edstrate aqu\u00ed para recibir el link de la transmisi\u00f3n:&nbsp;https:\/\/bit.ly\/3JVlwDI . \ud83d\udc68\u200d\ud83c\udfebPonente:Dr. Oscar Galindo V\u00e1zques (M\u00e9xico)Servicio de Psicooncolog\u00eda en el Instituto Nacional de Cancerolog\u00eda INCanSubdirecci\u00f3n de Medicina InternaCoordinador de la Unidad [&hellip;]<\/p>\n","protected":false},"featured_media":0,"parent":0,"template":"","categoria-eventos":[17,44],"class_list":["post-2678","evento","type-evento","status-publish","hentry","categoria-eventos-videoconferencias","categoria-eventos-webinar-gratuito"],"custom_fields_data":{"inline_featured_image":["0"],"hcf_post_fecha":["2023-02-20"],"hcf_post_timeI":["16:00"],"hcf_post_timeF":[""],"hcf_post_lugar":["Escuela de Posgrado Norbert Wiener - Facebook Live"],"hcf_post_ingreso":[""],"hcf_post_recomendados":[""],"hcf_post_anexos":[""],"hcf_post_email":[""],"hcf_post_url_face":["https:\/\/www.facebook.com\/events\/892108945392475"],"hcf_fecha_blog":[""],"hcf_destacado_blog":[""],"hcf_imagenes":["a:0:{}"],"hcf_thumb_500":["https:\/\/posgrado.uwiener.edu.pe\/actividades\/wp-content\/uploads\/2023\/02\/500x82-82.jpg"],"hcf_thumb_1600":["https:\/\/posgrado.uwiener.edu.pe\/actividades\/wp-content\/uploads\/2023\/02\/1920x314-81.jpg"],"hcf_destacada":["https:\/\/posgrado.uwiener.edu.pe\/actividades\/wp-content\/uploads\/2023\/02\/1200x628-85.jpg"],"_edit_lock":["1677871440:4"],"_edit_last":["4"],"rank_math_internal_links_processed":["1"]},"_links":{"self":[{"href":"https:\/\/posgrado.uwiener.edu.pe\/actividades\/wp-json\/wp\/v2\/evento\/2678"}],"collection":[{"href":"https:\/\/posgrado.uwiener.edu.pe\/actividades\/wp-json\/wp\/v2\/evento"}],"about":[{"href":"https:\/\/posgrado.uwiener.edu.pe\/actividades\/wp-json\/wp\/v2\/types\/evento"}],"wp:attachment":[{"href":"https:\/\/posgrado.uwiener.edu.pe\/actividades\/wp-json\/wp\/v2\/media?parent=2678"}],"wp:term":[{"taxonomy":"categoria-eventos","embeddable":true,"href":"https:\/\/posgrado.uwiener.edu.pe\/actividades\/wp-json\/wp\/v2\/categoria-eventos?post=2678"}],"curies":[{"name":"wp","href":"https:\/\/api.w.org\/{rel}","templated":true}]}}

Consejos genéticos para la prevención del cáncer y factores de riesgo

<p>💡Participa de nuestro Webinar Internacional » Consejos genéticos para la prevención del cáncer y factores de riesgo»</p>



<p>.</p>



<p>✅Transmisión vía Zoom y Facebook Live.</p>



<p>.</p>



<p>&nbsp;👉Regístrate aquí para recibir el link de la transmisión:&nbsp;<a rel="noreferrer noopener" href="https://l.facebook.com/l.php?u=https%3A%2F%2Fbit.ly%2F3JVlwDI%3Ffbclid%3DIwAR062OYEe8z6OYOXOZ_EpXGaVbuDCOSu9ne9dwusMioIQQslkThUBYKYnH0&amp;h=AT2jSa9v4MhjomPJRHwzNyh_vTtt0JXXNwgilgWqGV0erPK75oIVEpq5Rc0vxacNqculhT6YU7eendSO6Pk8ZUE-YhQFyZiRM8T-QsXl4iLfdWu6rxDza9lC1PUJ3lyR53GkpyZQ0bGcWw_3Lw&amp;__tn__=q&amp;c[0]=AT1DhIYrJuOqUmFVGHjckd0EYWnE7FNd-ofnoKQN3cGHBY7XbvygqD2pRVn-aoTfi7_x1hExeEZxe-rSAXpEl4GMMuZ9w_udSoX0N-lTEzOvKxJ8ubm_y4JSgCt7-Hc2OA_vnDiLbGw7RuOyg2_9TAx2uOmB" target="_blank">https://bit.ly/3JVlwDI</a></p>



<p>.</p>



<p>👨‍🏫Ponente:<br>Dr. Oscar Galindo Vázques (México)<br>Servicio de Psicooncología en el Instituto Nacional de Cancerología INCan<br>Subdirección de Medicina Interna<br>Coordinador de la Unidad de Investigación y Desarrollo de la Psicooncología<br>Tutor en el Programa de Posgrado en Psicología de la Universidad Nacional Autónoma de México UNAM.</p>

<p>💡Participa de nuestro Webinar Internacional » Consejos genéticos para la prevención del cáncer y factores de riesgo» . ✅Transmisión vía Zoom y Facebook Live. . &nbsp;👉Regístrate aquí para recibir el link de la transmisión:&nbsp;https://bit.ly/3JVlwDI . 👨‍🏫Ponente:Dr. Oscar Galindo Vázques (México)Servicio de Psicooncología en el Instituto Nacional de Cancerología INCanSubdirección de Medicina InternaCoordinador de la Unidad [&hellip;]</p>
