
{"id":2682,"date":"2023-02-11T22:57:33","date_gmt":"2023-02-12T03:57:33","guid":{"rendered":"https:\/\/posgrado.uwiener.edu.pe\/actividades\/?post_type=evento&#038;p=2682"},"modified":"2023-03-24T15:30:52","modified_gmt":"2023-03-24T20:30:52","slug":"evaluacion-educativa-a-traves-de-plataformas-tecnopedagogicas-2","status":"publish","type":"evento","link":"https:\/\/posgrado.uwiener.edu.pe\/actividades\/evento\/evaluacion-educativa-a-traves-de-plataformas-tecnopedagogicas-2\/","title":{"rendered":"Evaluaci\u00f3n educativa a trav\u00e9s de plataformas tecnopedag\u00f3gicas"},"content":{"rendered":"\n<p>\ud83d\udca1Participa de nuestro Webinar: \u00abEvaluaci\u00f3n educativa a trav\u00e9s de plataformas tecnopedag\u00f3gicas\u00bb<\/p>\n\n\n\n<p>.<\/p>\n\n\n\n<p>\u2705Transmisi\u00f3n v\u00eda Zoom y Facebook Live.<\/p>\n\n\n\n<p>.<\/p>\n\n\n\n<p>\ud83d\udc49Reg\u00edstrate aqu\u00ed para recibir el link de la transmisi\u00f3n:&nbsp;<a rel=\"noreferrer noopener\" href=\"https:\/\/bit.ly\/40frs07?fbclid=IwAR0pc2qFH6NitY0fZ5EGGAHL3NBd7lBJ2H3LkKa6dJEnqMbcuezCHEUkmvg\" target=\"_blank\">https:\/\/bit.ly\/40frs07<\/a><\/p>\n\n\n\n<p>.<\/p>\n\n\n\n<p>\ud83d\udc68\u200d\ud83c\udfebPonente:<br>Luis Alan Acu\u00f1a Gamboa(M\u00e9xico)<br>Docente investigador de la Universidad Aut\u00f3noma de Chiapas. Miembro del Sistema Nacional de Investigadores nivel I.<\/p>\n","protected":false},"excerpt":{"rendered":"<p>\ud83d\udca1Participa de nuestro Webinar: \u00abEvaluaci\u00f3n educativa a trav\u00e9s de plataformas tecnopedag\u00f3gicas\u00bb . \u2705Transmisi\u00f3n v\u00eda Zoom y Facebook Live. . \ud83d\udc49Reg\u00edstrate aqu\u00ed para recibir el link de la transmisi\u00f3n:&nbsp;https:\/\/bit.ly\/40frs07 . \ud83d\udc68\u200d\ud83c\udfebPonente:Luis Alan Acu\u00f1a Gamboa(M\u00e9xico)Docente investigador de la Universidad Aut\u00f3noma de Chiapas. Miembro del Sistema Nacional de Investigadores nivel I.<\/p>\n","protected":false},"featured_media":0,"parent":0,"template":"","categoria-eventos":[17,44],"class_list":["post-2682","evento","type-evento","status-publish","hentry","categoria-eventos-videoconferencias","categoria-eventos-webinar-gratuito"],"custom_fields_data":{"inline_featured_image":["0"],"hcf_post_fecha":["2023-03-07"],"hcf_post_timeI":["18:00"],"hcf_post_timeF":[""],"hcf_post_lugar":["Escuela de Posgrado Norbert Wiener - Facebook Live"],"hcf_post_ingreso":[""],"hcf_post_recomendados":[""],"hcf_post_anexos":[""],"hcf_post_email":[""],"hcf_post_url_face":["https:\/\/www.facebook.com\/events\/894298381718160"],"hcf_fecha_blog":[""],"hcf_destacado_blog":[""],"hcf_imagenes":["a:0:{}"],"hcf_thumb_500":["https:\/\/posgrado.uwiener.edu.pe\/actividades\/wp-content\/uploads\/2023\/02\/500x82-5.jpg"],"hcf_thumb_1600":["https:\/\/posgrado.uwiener.edu.pe\/actividades\/wp-content\/uploads\/2023\/02\/1920x314-5.jpg"],"hcf_destacada":["https:\/\/posgrado.uwiener.edu.pe\/actividades\/wp-content\/uploads\/2023\/02\/1200x628-5.jpg"],"_edit_lock":["1679694925:4"],"_edit_last":["4"],"rank_math_internal_links_processed":["1"]},"_links":{"self":[{"href":"https:\/\/posgrado.uwiener.edu.pe\/actividades\/wp-json\/wp\/v2\/evento\/2682"}],"collection":[{"href":"https:\/\/posgrado.uwiener.edu.pe\/actividades\/wp-json\/wp\/v2\/evento"}],"about":[{"href":"https:\/\/posgrado.uwiener.edu.pe\/actividades\/wp-json\/wp\/v2\/types\/evento"}],"wp:attachment":[{"href":"https:\/\/posgrado.uwiener.edu.pe\/actividades\/wp-json\/wp\/v2\/media?parent=2682"}],"wp:term":[{"taxonomy":"categoria-eventos","embeddable":true,"href":"https:\/\/posgrado.uwiener.edu.pe\/actividades\/wp-json\/wp\/v2\/categoria-eventos?post=2682"}],"curies":[{"name":"wp","href":"https:\/\/api.w.org\/{rel}","templated":true}]}}

Evaluación educativa a través de plataformas tecnopedagógicas

<p>💡Participa de nuestro Webinar: «Evaluación educativa a través de plataformas tecnopedagógicas»</p>



<p>.</p>



<p>✅Transmisión vía Zoom y Facebook Live.</p>



<p>.</p>



<p>👉Regístrate aquí para recibir el link de la transmisión:&nbsp;<a rel="noreferrer noopener" href="https://bit.ly/40frs07?fbclid=IwAR0pc2qFH6NitY0fZ5EGGAHL3NBd7lBJ2H3LkKa6dJEnqMbcuezCHEUkmvg" target="_blank">https://bit.ly/40frs07</a></p>



<p>.</p>



<p>👨‍🏫Ponente:<br>Luis Alan Acuña Gamboa(México)<br>Docente investigador de la Universidad Autónoma de Chiapas. Miembro del Sistema Nacional de Investigadores nivel I.</p>

<p>💡Participa de nuestro Webinar: «Evaluación educativa a través de plataformas tecnopedagógicas» . ✅Transmisión vía Zoom y Facebook Live. . 👉Regístrate aquí para recibir el link de la transmisión:&nbsp;https://bit.ly/40frs07 . 👨‍🏫Ponente:Luis Alan Acuña Gamboa(México)Docente investigador de la Universidad Autónoma de Chiapas. Miembro del Sistema Nacional de Investigadores nivel I.</p>
