
{"id":2686,"date":"2023-02-11T23:04:47","date_gmt":"2023-02-12T04:04:47","guid":{"rendered":"https:\/\/posgrado.uwiener.edu.pe\/actividades\/?post_type=evento&#038;p=2686"},"modified":"2023-03-24T14:07:18","modified_gmt":"2023-03-24T19:07:18","slug":"retos-y-perspectivas-de-la-psicooncologia-juntos-para-superar-al-cancer","status":"publish","type":"evento","link":"https:\/\/posgrado.uwiener.edu.pe\/actividades\/evento\/retos-y-perspectivas-de-la-psicooncologia-juntos-para-superar-al-cancer\/","title":{"rendered":"Retos y perspectivas de la Psicooncologia: Juntos para superar al c\u00e1ncer"},"content":{"rendered":"\n<p>\ud83d\udca1Participa de nuestro Webinar: \u00abRetos y perspectivas de la Psicooncologia: Juntos para superar al c\u00e1ncer\u00bb<\/p>\n\n\n\n<p>.<\/p>\n\n\n\n<p>\u2705Transmisi\u00f3n v\u00eda Zoom y Facebook Live.<\/p>\n\n\n\n<p>.<\/p>\n\n\n\n<p>\ud83d\udc49Reg\u00edstrate aqu\u00ed para recibir el link de la transmisi\u00f3n:&nbsp;<a rel=\"noreferrer noopener\" href=\"https:\/\/l.facebook.com\/l.php?u=https%3A%2F%2Fbit.ly%2F3x358JG%3Ffbclid%3DIwAR2s3ySmA2NpMAvflrmiYIMO37BVe-0-4qQGRR6umfECegaOcAt1trKVsPg&amp;h=AT2ZONIKsX2mIpMVayZJovU63z_m9-VUV9n_ybkQ_9CF1wBwCSoeJPOGxOQVx5Jum70Jx1ADaVfQJOxD6cqUF5-NB3wB2pJM3Nk49NskkSWk6I5qtKYbhOPMdxUrokI5qZrx9YyRqtKS0Dj9pw&amp;__tn__=q&amp;c[0]=AT1thIEYGeFsDwKpo_V4ZpxOQCsy0mspNfcmw4QkimS1kHn-j683r070J9H2zN78Y-cuR3sDu_VnmTOMUc2LPlQv3J-VWUy9qh1pG7gEH821WJcbnBPUGyacsL5fMuGrb2YxkVhjiarWcVByT-c3nkxW0Wix\" target=\"_blank\">https:\/\/bit.ly\/3x358JG<\/a><br><\/p>\n\n\n\n<p>.<\/p>\n\n\n\n<p>\ud83d\udc68\u200d\ud83c\udfebPonente:<br>Lic. Mar\u00eda Fernanda Monta\u00f1a (Argentina)<br>Psic\u00f3loga con formaci\u00f3n en psicooncolog\u00eda<br>Magister internacional en cuidados paliativos de la Universidad de Palmas de Gran Canaria.<\/p>\n","protected":false},"excerpt":{"rendered":"<p>\ud83d\udca1Participa de nuestro Webinar: \u00abRetos y perspectivas de la Psicooncologia: Juntos para superar al c\u00e1ncer\u00bb . \u2705Transmisi\u00f3n v\u00eda Zoom y Facebook Live. . \ud83d\udc49Reg\u00edstrate aqu\u00ed para recibir el link de la transmisi\u00f3n:&nbsp;https:\/\/bit.ly\/3x358JG . \ud83d\udc68\u200d\ud83c\udfebPonente:Lic. Mar\u00eda Fernanda Monta\u00f1a (Argentina)Psic\u00f3loga con formaci\u00f3n en psicooncolog\u00edaMagister internacional en cuidados paliativos de la Universidad de Palmas de Gran Canaria.<\/p>\n","protected":false},"featured_media":0,"parent":0,"template":"","categoria-eventos":[17,44],"class_list":["post-2686","evento","type-evento","status-publish","hentry","categoria-eventos-videoconferencias","categoria-eventos-webinar-gratuito"],"custom_fields_data":{"inline_featured_image":["0"],"hcf_post_fecha":["2023-03-08"],"hcf_post_timeI":["18:00"],"hcf_post_timeF":[""],"hcf_post_lugar":["Escuela de Posgrado Norbert Wiener - Facebook Live"],"hcf_post_ingreso":[""],"hcf_post_recomendados":[""],"hcf_post_anexos":[""],"hcf_post_email":[""],"hcf_post_url_face":["https:\/\/www.facebook.com\/events\/1234957427092017"],"hcf_fecha_blog":[""],"hcf_destacado_blog":[""],"hcf_imagenes":["a:0:{}"],"hcf_thumb_500":["https:\/\/posgrado.uwiener.edu.pe\/actividades\/wp-content\/uploads\/2023\/02\/500x82-79.jpg"],"hcf_thumb_1600":["https:\/\/posgrado.uwiener.edu.pe\/actividades\/wp-content\/uploads\/2023\/02\/1920x314-78.jpg"],"hcf_destacada":["https:\/\/posgrado.uwiener.edu.pe\/actividades\/wp-content\/uploads\/2023\/02\/1200x628-82.jpg"],"_edit_lock":["1679684838:4"],"_edit_last":["4"],"rank_math_internal_links_processed":["1"]},"_links":{"self":[{"href":"https:\/\/posgrado.uwiener.edu.pe\/actividades\/wp-json\/wp\/v2\/evento\/2686"}],"collection":[{"href":"https:\/\/posgrado.uwiener.edu.pe\/actividades\/wp-json\/wp\/v2\/evento"}],"about":[{"href":"https:\/\/posgrado.uwiener.edu.pe\/actividades\/wp-json\/wp\/v2\/types\/evento"}],"wp:attachment":[{"href":"https:\/\/posgrado.uwiener.edu.pe\/actividades\/wp-json\/wp\/v2\/media?parent=2686"}],"wp:term":[{"taxonomy":"categoria-eventos","embeddable":true,"href":"https:\/\/posgrado.uwiener.edu.pe\/actividades\/wp-json\/wp\/v2\/categoria-eventos?post=2686"}],"curies":[{"name":"wp","href":"https:\/\/api.w.org\/{rel}","templated":true}]}}

Retos y perspectivas de la Psicooncologia: Juntos para superar al cáncer

<p>💡Participa de nuestro Webinar: «Retos y perspectivas de la Psicooncologia: Juntos para superar al cáncer»</p>



<p>.</p>



<p>✅Transmisión vía Zoom y Facebook Live.</p>



<p>.</p>



<p>👉Regístrate aquí para recibir el link de la transmisión:&nbsp;<a rel="noreferrer noopener" href="https://l.facebook.com/l.php?u=https%3A%2F%2Fbit.ly%2F3x358JG%3Ffbclid%3DIwAR2s3ySmA2NpMAvflrmiYIMO37BVe-0-4qQGRR6umfECegaOcAt1trKVsPg&amp;h=AT2ZONIKsX2mIpMVayZJovU63z_m9-VUV9n_ybkQ_9CF1wBwCSoeJPOGxOQVx5Jum70Jx1ADaVfQJOxD6cqUF5-NB3wB2pJM3Nk49NskkSWk6I5qtKYbhOPMdxUrokI5qZrx9YyRqtKS0Dj9pw&amp;__tn__=q&amp;c[0]=AT1thIEYGeFsDwKpo_V4ZpxOQCsy0mspNfcmw4QkimS1kHn-j683r070J9H2zN78Y-cuR3sDu_VnmTOMUc2LPlQv3J-VWUy9qh1pG7gEH821WJcbnBPUGyacsL5fMuGrb2YxkVhjiarWcVByT-c3nkxW0Wix" target="_blank">https://bit.ly/3x358JG</a><br></p>



<p>.</p>



<p>👨‍🏫Ponente:<br>Lic. María Fernanda Montaña (Argentina)<br>Psicóloga con formación en psicooncología<br>Magister internacional en cuidados paliativos de la Universidad de Palmas de Gran Canaria.</p>

<p>💡Participa de nuestro Webinar: «Retos y perspectivas de la Psicooncologia: Juntos para superar al cáncer» . ✅Transmisión vía Zoom y Facebook Live. . 👉Regístrate aquí para recibir el link de la transmisión:&nbsp;https://bit.ly/3x358JG . 👨‍🏫Ponente:Lic. María Fernanda Montaña (Argentina)Psicóloga con formación en psicooncologíaMagister internacional en cuidados paliativos de la Universidad de Palmas de Gran Canaria.</p>
