
{"id":2694,"date":"2023-02-11T23:14:49","date_gmt":"2023-02-12T04:14:49","guid":{"rendered":"https:\/\/posgrado.uwiener.edu.pe\/actividades\/?post_type=evento&#038;p=2694"},"modified":"2023-03-03T14:08:29","modified_gmt":"2023-03-03T19:08:29","slug":"la-genetica-forense-y-la-base-de-datos-codis-en-la-resolucion-de-crimenes","status":"publish","type":"evento","link":"https:\/\/posgrado.uwiener.edu.pe\/actividades\/evento\/la-genetica-forense-y-la-base-de-datos-codis-en-la-resolucion-de-crimenes\/","title":{"rendered":"La Gen\u00e9tica Forense y la base de datos CODIS en la resoluci\u00f3n de cr\u00edmenes"},"content":{"rendered":"\n<p>\ud83d\udca1Participa de nuestra Charla Informativa: \u00abLa Gen\u00e9tica Forense y la base de datos CODIS en la resoluci\u00f3n de cr\u00edmenes\u00bb<\/p>\n\n\n\n<p>.<\/p>\n\n\n\n<p>\u2705Transmisi\u00f3n v\u00eda Zoom y Facebook Live<\/p>\n\n\n\n<p>.<\/p>\n\n\n\n<p>\ud83d\udc49Reg\u00edstrate aqu\u00ed para recibir el link de la transmisi\u00f3n:&nbsp;<a rel=\"noreferrer noopener\" href=\"https:\/\/l.facebook.com\/l.php?u=https%3A%2F%2Fbit.ly%2F3xchwqL%3Ffbclid%3DIwAR2oNISC7Xp3cCFwuwKRw7_5zUuBc5G34GZou6i8Vvv7dFM3tPAO4Erfb4g&amp;h=AT08NjTJGj_WLRgXFVgI9C-SGq0c73u_eesgEORbyzlIeZocXfaFSZ9P97RJvozFI2v0dCu5ZRi7FR-26K_XYWQEvkf_B10B0fAItMpgEj9gHPqZToUUc0OeQkzrvTc3vJbHPWO5XHzwOAtpXw&amp;__tn__=q&amp;c[0]=AT3GJs0fGMVQ3PPOVFkkrzOgDuA6moMsaPOy7bifqwE5dIGLX-uE_AFwaDNLfygsywtK80KPvij5JPd3SmW6ZUeXyHTQYydGZwd5hyM2cbmLmoKE_h1q_50F-6608vgEXFka7KfycgNGaCPmwbpEQU_qVF0Z\" target=\"_blank\">https:\/\/bit.ly\/3xchwqL<\/a><\/p>\n\n\n\n<p>.<\/p>\n\n\n\n<p>\ud83d\udc68\u200d\ud83c\udfebPonente:<br>Mg. Gustavo Lucena Kortmann<br>Bi\u00f3logo de la Universidad Federal de Rio Grande do Sul. Mag\u00edster en Gen\u00e9tica y Biolog\u00eda Molecular<br>Jefe de la Divisi\u00f3n de Gen\u00e9tica Forense del Instituto General de Pericias de Rio Grande do Sul<br>Perito Penal<\/p>\n","protected":false},"excerpt":{"rendered":"<p>\ud83d\udca1Participa de nuestra Charla Informativa: \u00abLa Gen\u00e9tica Forense y la base de datos CODIS en la resoluci\u00f3n de cr\u00edmenes\u00bb . \u2705Transmisi\u00f3n v\u00eda Zoom y Facebook Live . \ud83d\udc49Reg\u00edstrate aqu\u00ed para recibir el link de la transmisi\u00f3n:&nbsp;https:\/\/bit.ly\/3xchwqL . \ud83d\udc68\u200d\ud83c\udfebPonente:Mg. Gustavo Lucena KortmannBi\u00f3logo de la Universidad Federal de Rio Grande do Sul. Mag\u00edster en Gen\u00e9tica y Biolog\u00eda [&hellip;]<\/p>\n","protected":false},"featured_media":0,"parent":0,"template":"","categoria-eventos":[17,44],"class_list":["post-2694","evento","type-evento","status-publish","hentry","categoria-eventos-videoconferencias","categoria-eventos-webinar-gratuito"],"custom_fields_data":{"inline_featured_image":["0"],"hcf_post_fecha":["2023-03-02"],"hcf_post_timeI":["19:00"],"hcf_post_timeF":[""],"hcf_post_lugar":["Escuela de Posgrado Norbert Wiener - Facebook Live"],"hcf_post_ingreso":[""],"hcf_post_recomendados":[""],"hcf_post_anexos":[""],"hcf_post_email":[""],"hcf_post_url_face":["https:\/\/www.facebook.com\/events\/638237044971781"],"hcf_fecha_blog":[""],"hcf_destacado_blog":[""],"hcf_imagenes":["a:0:{}"],"hcf_thumb_500":["https:\/\/posgrado.uwiener.edu.pe\/actividades\/wp-content\/uploads\/2023\/02\/500x82-81.jpg"],"hcf_thumb_1600":["https:\/\/posgrado.uwiener.edu.pe\/actividades\/wp-content\/uploads\/2023\/02\/1920x314-80.jpg"],"hcf_destacada":["https:\/\/posgrado.uwiener.edu.pe\/actividades\/wp-content\/uploads\/2023\/02\/1200x628-84.jpg"],"_edit_lock":["1677870433:4"],"_edit_last":["4"],"rank_math_internal_links_processed":["1"]},"_links":{"self":[{"href":"https:\/\/posgrado.uwiener.edu.pe\/actividades\/wp-json\/wp\/v2\/evento\/2694"}],"collection":[{"href":"https:\/\/posgrado.uwiener.edu.pe\/actividades\/wp-json\/wp\/v2\/evento"}],"about":[{"href":"https:\/\/posgrado.uwiener.edu.pe\/actividades\/wp-json\/wp\/v2\/types\/evento"}],"wp:attachment":[{"href":"https:\/\/posgrado.uwiener.edu.pe\/actividades\/wp-json\/wp\/v2\/media?parent=2694"}],"wp:term":[{"taxonomy":"categoria-eventos","embeddable":true,"href":"https:\/\/posgrado.uwiener.edu.pe\/actividades\/wp-json\/wp\/v2\/categoria-eventos?post=2694"}],"curies":[{"name":"wp","href":"https:\/\/api.w.org\/{rel}","templated":true}]}}

La Genética Forense y la base de datos CODIS en la resolución de crímenes

<p>💡Participa de nuestra Charla Informativa: «La Genética Forense y la base de datos CODIS en la resolución de crímenes»</p>



<p>.</p>



<p>✅Transmisión vía Zoom y Facebook Live</p>



<p>.</p>



<p>👉Regístrate aquí para recibir el link de la transmisión:&nbsp;<a rel="noreferrer noopener" href="https://l.facebook.com/l.php?u=https%3A%2F%2Fbit.ly%2F3xchwqL%3Ffbclid%3DIwAR2oNISC7Xp3cCFwuwKRw7_5zUuBc5G34GZou6i8Vvv7dFM3tPAO4Erfb4g&amp;h=AT08NjTJGj_WLRgXFVgI9C-SGq0c73u_eesgEORbyzlIeZocXfaFSZ9P97RJvozFI2v0dCu5ZRi7FR-26K_XYWQEvkf_B10B0fAItMpgEj9gHPqZToUUc0OeQkzrvTc3vJbHPWO5XHzwOAtpXw&amp;__tn__=q&amp;c[0]=AT3GJs0fGMVQ3PPOVFkkrzOgDuA6moMsaPOy7bifqwE5dIGLX-uE_AFwaDNLfygsywtK80KPvij5JPd3SmW6ZUeXyHTQYydGZwd5hyM2cbmLmoKE_h1q_50F-6608vgEXFka7KfycgNGaCPmwbpEQU_qVF0Z" target="_blank">https://bit.ly/3xchwqL</a></p>



<p>.</p>



<p>👨‍🏫Ponente:<br>Mg. Gustavo Lucena Kortmann<br>Biólogo de la Universidad Federal de Rio Grande do Sul. Magíster en Genética y Biología Molecular<br>Jefe de la División de Genética Forense del Instituto General de Pericias de Rio Grande do Sul<br>Perito Penal</p>

<p>💡Participa de nuestra Charla Informativa: «La Genética Forense y la base de datos CODIS en la resolución de crímenes» . ✅Transmisión vía Zoom y Facebook Live . 👉Regístrate aquí para recibir el link de la transmisión:&nbsp;https://bit.ly/3xchwqL . 👨‍🏫Ponente:Mg. Gustavo Lucena KortmannBiólogo de la Universidad Federal de Rio Grande do Sul. Magíster en Genética y Biología [&hellip;]</p>
