
{"id":2711,"date":"2023-02-15T10:51:08","date_gmt":"2023-02-15T15:51:08","guid":{"rendered":"https:\/\/posgrado.uwiener.edu.pe\/actividades\/?post_type=evento&#038;p=2711"},"modified":"2023-02-15T10:51:09","modified_gmt":"2023-02-15T15:51:09","slug":"importancia-de-las-actividades-de-farmacovigilancia-y-tecnovigilancia-en-los-paises-de-la-region","status":"publish","type":"evento","link":"https:\/\/posgrado.uwiener.edu.pe\/actividades\/evento\/importancia-de-las-actividades-de-farmacovigilancia-y-tecnovigilancia-en-los-paises-de-la-region\/","title":{"rendered":"Importancia de las actividades de Farmacovigilancia y tecnovigilancia en los pa\u00edses de la regi\u00f3n"},"content":{"rendered":"\n<p>\ud83d\udca1Participa de nuestro Webinar: \u00abImportancia de las actividades de Farmacovigilancia y tecnovigilancia en los pa\u00edses de la regi\u00f3n\u00bb<\/p>\n\n\n\n<p>.<\/p>\n\n\n\n<p>\u2705Transmisi\u00f3n v\u00eda Zoom y Facebook Live.<\/p>\n\n\n\n<p>.<\/p>\n\n\n\n<p>\ud83d\udc49Reg\u00edstrate aqu\u00ed para recibir el link de la transmisi\u00f3n:\u00a0<a rel=\"noreferrer noopener\" href=\"https:\/\/l.facebook.com\/l.php?u=https%3A%2F%2Facortar.link%2F8Xo7LG%3Ffbclid%3DIwAR094hQlGXCJurDkjAbtLQMVRjvh5g4pZ0Miot9a7R25A6fh5FNSaeoQF3M&amp;h=AT0Ez7QamfIiUJkAu-OwWOIUSICT1xoOdQBY5LXVSXbOA-N8byoZS5BY4ZEDuHGPh-PMPSXRbU9MPjjXgbHABw6V0G4fYqiJ3NAR9S3uluuBOaeyDhvUmRtpEkgXO42kJeFy2SScJ5TGsttcNw&amp;__tn__=q&amp;c[0]=AT1uVN15L-Ib9yMeSiM0pslnDK1FpgElPT7WiqvnH63xM-H6X6D3IEwL19kIjCdk49JeqayeCUzc-jpe5PjirzCrmHrzvG1XxpL5c9aLeGdhkbfgp7-eVFAml6w27oFK8KBdNpdIIYjq_TWh3p1fgx5XFgE3\" target=\"_blank\">https:\/\/acortar.link\/8Xo7LG<\/a><\/p>\n\n\n\n<p>.<\/p>\n\n\n\n<p>\ud83d\udc68\u200d\ud83c\udfebPonente:<br>Mireya Salinas Caballero (docente de la UNAM)<\/p>\n","protected":false},"excerpt":{"rendered":"<p>\ud83d\udca1Participa de nuestro Webinar: \u00abImportancia de las actividades de Farmacovigilancia y tecnovigilancia en los pa\u00edses de la regi\u00f3n\u00bb . \u2705Transmisi\u00f3n v\u00eda Zoom y Facebook Live. . \ud83d\udc49Reg\u00edstrate aqu\u00ed para recibir el link de la transmisi\u00f3n:\u00a0https:\/\/acortar.link\/8Xo7LG . \ud83d\udc68\u200d\ud83c\udfebPonente:Mireya Salinas Caballero (docente de la UNAM)<\/p>\n","protected":false},"featured_media":0,"parent":0,"template":"","categoria-eventos":[17,44],"class_list":["post-2711","evento","type-evento","status-publish","hentry","categoria-eventos-videoconferencias","categoria-eventos-webinar-gratuito"],"custom_fields_data":{"inline_featured_image":["0"],"hcf_post_fecha":["2023-02-24"],"hcf_post_timeI":["19:00"],"hcf_post_timeF":[""],"hcf_post_lugar":["Escuela de Posgrado Norbert Wiener - Facebook Live"],"hcf_post_ingreso":[""],"hcf_post_recomendados":[""],"hcf_post_anexos":[""],"hcf_post_email":[""],"hcf_post_url_face":["https:\/\/www.facebook.com\/events\/740935571036724\/?acontext=event_action_history[extra_datamechanismunknownsurfaceuser_timelineextra_datamechanismleft_railsurfacebookmarkextra_datamechanismsurfacesurfacecreate_dialog]ref_notif_typenull"],"hcf_fecha_blog":[""],"hcf_destacado_blog":[""],"hcf_imagenes":["a:0:{}"],"hcf_thumb_500":["https:\/\/posgrado.uwiener.edu.pe\/actividades\/wp-content\/uploads\/2023\/02\/500x82-65.jpg"],"hcf_thumb_1600":["https:\/\/posgrado.uwiener.edu.pe\/actividades\/wp-content\/uploads\/2023\/02\/1920x314-66.jpg"],"hcf_destacada":["https:\/\/posgrado.uwiener.edu.pe\/actividades\/wp-content\/uploads\/2023\/02\/1200x628-70.jpg"],"_edit_lock":["1677187034:3"],"_edit_last":["3"],"rank_math_internal_links_processed":["1"]},"_links":{"self":[{"href":"https:\/\/posgrado.uwiener.edu.pe\/actividades\/wp-json\/wp\/v2\/evento\/2711"}],"collection":[{"href":"https:\/\/posgrado.uwiener.edu.pe\/actividades\/wp-json\/wp\/v2\/evento"}],"about":[{"href":"https:\/\/posgrado.uwiener.edu.pe\/actividades\/wp-json\/wp\/v2\/types\/evento"}],"wp:attachment":[{"href":"https:\/\/posgrado.uwiener.edu.pe\/actividades\/wp-json\/wp\/v2\/media?parent=2711"}],"wp:term":[{"taxonomy":"categoria-eventos","embeddable":true,"href":"https:\/\/posgrado.uwiener.edu.pe\/actividades\/wp-json\/wp\/v2\/categoria-eventos?post=2711"}],"curies":[{"name":"wp","href":"https:\/\/api.w.org\/{rel}","templated":true}]}}

Importancia de las actividades de Farmacovigilancia y tecnovigilancia en los países de la región

<p>💡Participa de nuestro Webinar: «Importancia de las actividades de Farmacovigilancia y tecnovigilancia en los países de la región»</p>



<p>.</p>



<p>✅Transmisión vía Zoom y Facebook Live.</p>



<p>.</p>



<p>👉Regístrate aquí para recibir el link de la transmisión: <a rel="noreferrer noopener" href="https://l.facebook.com/l.php?u=https%3A%2F%2Facortar.link%2F8Xo7LG%3Ffbclid%3DIwAR094hQlGXCJurDkjAbtLQMVRjvh5g4pZ0Miot9a7R25A6fh5FNSaeoQF3M&amp;h=AT0Ez7QamfIiUJkAu-OwWOIUSICT1xoOdQBY5LXVSXbOA-N8byoZS5BY4ZEDuHGPh-PMPSXRbU9MPjjXgbHABw6V0G4fYqiJ3NAR9S3uluuBOaeyDhvUmRtpEkgXO42kJeFy2SScJ5TGsttcNw&amp;__tn__=q&amp;c[0]=AT1uVN15L-Ib9yMeSiM0pslnDK1FpgElPT7WiqvnH63xM-H6X6D3IEwL19kIjCdk49JeqayeCUzc-jpe5PjirzCrmHrzvG1XxpL5c9aLeGdhkbfgp7-eVFAml6w27oFK8KBdNpdIIYjq_TWh3p1fgx5XFgE3" target="_blank">https://acortar.link/8Xo7LG</a></p>



<p>.</p>



<p>👨‍🏫Ponente:<br>Mireya Salinas Caballero (docente de la UNAM)</p>

<p>💡Participa de nuestro Webinar: «Importancia de las actividades de Farmacovigilancia y tecnovigilancia en los países de la región» . ✅Transmisión vía Zoom y Facebook Live. . 👉Regístrate aquí para recibir el link de la transmisión: https://acortar.link/8Xo7LG . 👨‍🏫Ponente:Mireya Salinas Caballero (docente de la UNAM)</p>
