
{"id":2715,"date":"2023-02-21T10:44:34","date_gmt":"2023-02-21T15:44:34","guid":{"rendered":"https:\/\/posgrado.uwiener.edu.pe\/actividades\/?post_type=evento&#038;p=2715"},"modified":"2023-02-23T16:19:51","modified_gmt":"2023-02-23T21:19:51","slug":"morfometria-digital-hematica-una-herramienta-util-al-apoyo-diagnostico","status":"publish","type":"evento","link":"https:\/\/posgrado.uwiener.edu.pe\/actividades\/evento\/morfometria-digital-hematica-una-herramienta-util-al-apoyo-diagnostico\/","title":{"rendered":"Morfometr\u00eda digital hem\u00e1tica una herramienta \u00fatil al apoyo diagn\u00f3stico"},"content":{"rendered":"\n<p>\ud83d\udca1Participa de nuestro Webinar \u00abMorfometr\u00eda digital hem\u00e1tica una herramienta \u00fatil al apoyo diagn\u00f3stico\u00bb<\/p>\n\n\n\n<p>.<\/p>\n\n\n\n<p>\u2705Transmisi\u00f3n v\u00eda Zoom y Facebook Live.<\/p>\n\n\n\n<p>.<\/p>\n\n\n\n<p>\ud83d\udc49Reg\u00edstrate aqu\u00ed para recibir el link de la transmisi\u00f3n:&nbsp;<a rel=\"noreferrer noopener\" href=\"https:\/\/l.facebook.com\/l.php?u=https%3A%2F%2Fbit.ly%2F3ItmrtS%3Ffbclid%3DIwAR1tTjBRtzGRGM5-JchOYuZ1kemv6lWB121RU5nzstSIqxfln0Ezbp3UqQY&amp;h=AT0B0uVpB21IHDlpwxtoW636LkophtGztyjhLIGFLHN2eZXriNKG04Vs73p7FocywqRL5ET_RA0J-w65Pi2sV8RHs5mcBZ59CTIRtFCvkFshlj5xTbU4q-fYeYY9_g06udo-fQb1IlveR3lhdg&amp;__tn__=q&amp;c[0]=AT2JPlPFZDLM9cEnH2uWyY9EEbV-1Jf2NTxQFmJY9rycBtsrbStwci_XXwAVs7YFcqpsPJOhFBUKeP4J4q5q0A5T3GLKhbjBJrqn83u572h9QOwRrm8bA1QSZncOMAUJTJymrpPlsIW4y0zhQL6prAtH7fhH\" target=\"_blank\">https:\/\/bit.ly\/3ItmrtS<\/a><\/p>\n\n\n\n<p>.<\/p>\n\n\n\n<p>\ud83d\udc68\u200d\ud83c\udfebPonente:<br>Dr.Avelino Callupe Paul<br>Docente principal de la Segunda Especialidad de Hematolog\u00eda<\/p>\n","protected":false},"excerpt":{"rendered":"<p>\ud83d\udca1Participa de nuestro Webinar \u00abMorfometr\u00eda digital hem\u00e1tica una herramienta \u00fatil al apoyo diagn\u00f3stico\u00bb . \u2705Transmisi\u00f3n v\u00eda Zoom y Facebook Live. . \ud83d\udc49Reg\u00edstrate aqu\u00ed para recibir el link de la transmisi\u00f3n:&nbsp;https:\/\/bit.ly\/3ItmrtS . \ud83d\udc68\u200d\ud83c\udfebPonente:Dr.Avelino Callupe PaulDocente principal de la Segunda Especialidad de Hematolog\u00eda<\/p>\n","protected":false},"featured_media":0,"parent":0,"template":"","categoria-eventos":[17,44],"class_list":["post-2715","evento","type-evento","status-publish","hentry","categoria-eventos-videoconferencias","categoria-eventos-webinar-gratuito"],"custom_fields_data":{"inline_featured_image":["0"],"hcf_post_fecha":[""],"hcf_post_timeI":[""],"hcf_post_timeF":[""],"hcf_post_lugar":["Escuela de Posgrado Norbert Wiener - Facebook Live"],"hcf_post_ingreso":[""],"hcf_post_recomendados":[""],"hcf_post_anexos":[""],"hcf_post_email":[""],"hcf_post_url_face":[""],"hcf_fecha_blog":[""],"hcf_destacado_blog":[""],"hcf_imagenes":["a:0:{}"],"hcf_thumb_500":["https:\/\/posgrado.uwiener.edu.pe\/actividades\/wp-content\/uploads\/2023\/02\/500x82-69.jpg"],"hcf_thumb_1600":["https:\/\/posgrado.uwiener.edu.pe\/actividades\/wp-content\/uploads\/2023\/02\/1920x314-69.jpg"],"hcf_destacada":["https:\/\/posgrado.uwiener.edu.pe\/actividades\/wp-content\/uploads\/2023\/02\/1200x628-73.jpg"],"_edit_lock":["1677193684:3"],"_edit_last":["3"],"rank_math_internal_links_processed":["1"]},"_links":{"self":[{"href":"https:\/\/posgrado.uwiener.edu.pe\/actividades\/wp-json\/wp\/v2\/evento\/2715"}],"collection":[{"href":"https:\/\/posgrado.uwiener.edu.pe\/actividades\/wp-json\/wp\/v2\/evento"}],"about":[{"href":"https:\/\/posgrado.uwiener.edu.pe\/actividades\/wp-json\/wp\/v2\/types\/evento"}],"wp:attachment":[{"href":"https:\/\/posgrado.uwiener.edu.pe\/actividades\/wp-json\/wp\/v2\/media?parent=2715"}],"wp:term":[{"taxonomy":"categoria-eventos","embeddable":true,"href":"https:\/\/posgrado.uwiener.edu.pe\/actividades\/wp-json\/wp\/v2\/categoria-eventos?post=2715"}],"curies":[{"name":"wp","href":"https:\/\/api.w.org\/{rel}","templated":true}]}}

Morfometría digital hemática una herramienta útil al apoyo diagnóstico

<p>💡Participa de nuestro Webinar «Morfometría digital hemática una herramienta útil al apoyo diagnóstico»</p>



<p>.</p>



<p>✅Transmisión vía Zoom y Facebook Live.</p>



<p>.</p>



<p>👉Regístrate aquí para recibir el link de la transmisión:&nbsp;<a rel="noreferrer noopener" href="https://l.facebook.com/l.php?u=https%3A%2F%2Fbit.ly%2F3ItmrtS%3Ffbclid%3DIwAR1tTjBRtzGRGM5-JchOYuZ1kemv6lWB121RU5nzstSIqxfln0Ezbp3UqQY&amp;h=AT0B0uVpB21IHDlpwxtoW636LkophtGztyjhLIGFLHN2eZXriNKG04Vs73p7FocywqRL5ET_RA0J-w65Pi2sV8RHs5mcBZ59CTIRtFCvkFshlj5xTbU4q-fYeYY9_g06udo-fQb1IlveR3lhdg&amp;__tn__=q&amp;c[0]=AT2JPlPFZDLM9cEnH2uWyY9EEbV-1Jf2NTxQFmJY9rycBtsrbStwci_XXwAVs7YFcqpsPJOhFBUKeP4J4q5q0A5T3GLKhbjBJrqn83u572h9QOwRrm8bA1QSZncOMAUJTJymrpPlsIW4y0zhQL6prAtH7fhH" target="_blank">https://bit.ly/3ItmrtS</a></p>



<p>.</p>



<p>👨‍🏫Ponente:<br>Dr.Avelino Callupe Paul<br>Docente principal de la Segunda Especialidad de Hematología</p>

<p>💡Participa de nuestro Webinar «Morfometría digital hemática una herramienta útil al apoyo diagnóstico» . ✅Transmisión vía Zoom y Facebook Live. . 👉Regístrate aquí para recibir el link de la transmisión:&nbsp;https://bit.ly/3ItmrtS . 👨‍🏫Ponente:Dr.Avelino Callupe PaulDocente principal de la Segunda Especialidad de Hematología</p>
