
{"id":2733,"date":"2023-02-23T16:25:43","date_gmt":"2023-02-23T21:25:43","guid":{"rendered":"https:\/\/posgrado.uwiener.edu.pe\/actividades\/?post_type=evento&#038;p=2733"},"modified":"2023-02-23T16:25:43","modified_gmt":"2023-02-23T21:25:43","slug":"demanda-de-especialistas-de-enfermeria-para-una-sociedad-saludable","status":"publish","type":"evento","link":"https:\/\/posgrado.uwiener.edu.pe\/actividades\/evento\/demanda-de-especialistas-de-enfermeria-para-una-sociedad-saludable\/","title":{"rendered":"Demanda de especialistas de enfermer\u00eda para una sociedad saludable"},"content":{"rendered":"\n<p>\ud83d\udca1Participa de nuestro Webinar: \u00abDemanda de especialistas de enfermer\u00eda para una sociedad saludable\u00bb<\/p>\n\n\n\n<p>.<\/p>\n\n\n\n<p>\u2705Transmisi\u00f3n v\u00eda Zoom y Facebook Live<\/p>\n\n\n\n<p>.<\/p>\n\n\n\n<p>\ud83d\udc49Reg\u00edstrate aqu\u00ed para recibir el link de la transmisi\u00f3n:\u00a0<a rel=\"noreferrer noopener\" href=\"https:\/\/l.facebook.com\/l.php?u=https%3A%2F%2Facortar.link%2F22spPK%3Ffbclid%3DIwAR0GIWv_JXf91yKcoumA0_tL93DW2BjfBmKveWqjdqiBET4hI4ebG4iX-Q8&amp;h=AT2JGxiolLkY20N2dsvfBLCQVim_yW2R3hqeukKr9yBhKDF3XKnmJCLE_7cQUyzZE5hjvOv44SKViSWZd4JWFQQ26fdQrEODwQde8Wi6XpL-9YrJcthWAEu9NRFp5hYaIEyExFkX64J2OUWeJw&amp;__tn__=q&amp;c[0]=AT0aoTJUDqmQoT4jAKS-TrkzadjQ41ISQVOkdUxIXyfuhUCKN6F6WLSdjoxAJKQoq8IlwPNRbLZjl8jkX0uW0VyVl33DTbxrIcpfim1-87X_3HCBEZ-PCBGl-eVFDqPLqhk9nemf4WfT_8Aon21GDiqbl6Bk\" target=\"_blank\">https:\/\/acortar.link\/22spPK<\/a><\/p>\n\n\n\n<p>.<\/p>\n\n\n\n<p>\ud83d\udc68\u200d\ud83c\udfebPonente:<br>Ana Celeste Vega Ravello<br>Egresada de la 2da especialidad de Enfermer\u00eda , Especialista de Cardiolog\u00eda y Cardiovascular\u00a0<\/p>\n","protected":false},"excerpt":{"rendered":"<p>\ud83d\udca1Participa de nuestro Webinar: \u00abDemanda de especialistas de enfermer\u00eda para una sociedad saludable\u00bb . \u2705Transmisi\u00f3n v\u00eda Zoom y Facebook Live . \ud83d\udc49Reg\u00edstrate aqu\u00ed para recibir el link de la transmisi\u00f3n:\u00a0https:\/\/acortar.link\/22spPK . \ud83d\udc68\u200d\ud83c\udfebPonente:Ana Celeste Vega RavelloEgresada de la 2da especialidad de Enfermer\u00eda , Especialista de Cardiolog\u00eda y Cardiovascular\u00a0<\/p>\n","protected":false},"featured_media":0,"parent":0,"template":"","categoria-eventos":[17,44],"class_list":["post-2733","evento","type-evento","status-publish","hentry","categoria-eventos-videoconferencias","categoria-eventos-webinar-gratuito"],"custom_fields_data":{"inline_featured_image":["0"],"hcf_post_fecha":["2023-02-24"],"hcf_post_timeI":["18:00"],"hcf_post_timeF":["19:00"],"hcf_post_lugar":["Escuela de Posgrado Norbert Wiener - Facebook Live"],"hcf_post_ingreso":[""],"hcf_post_recomendados":[""],"hcf_post_anexos":[""],"hcf_post_email":[""],"hcf_post_url_face":["https:\/\/www.facebook.com\/events\/741650683982439"],"hcf_fecha_blog":[""],"hcf_destacado_blog":[""],"hcf_imagenes":["a:0:{}"],"hcf_thumb_500":["https:\/\/posgrado.uwiener.edu.pe\/actividades\/wp-content\/uploads\/2023\/02\/500x82-70.jpg"],"hcf_thumb_1600":["https:\/\/posgrado.uwiener.edu.pe\/actividades\/wp-content\/uploads\/2023\/02\/1920x314-70.jpg"],"hcf_destacada":["https:\/\/posgrado.uwiener.edu.pe\/actividades\/wp-content\/uploads\/2023\/02\/1200x628-74.jpg"],"_edit_lock":["1677189738:3"],"_edit_last":["3"],"rank_math_internal_links_processed":["1"]},"_links":{"self":[{"href":"https:\/\/posgrado.uwiener.edu.pe\/actividades\/wp-json\/wp\/v2\/evento\/2733"}],"collection":[{"href":"https:\/\/posgrado.uwiener.edu.pe\/actividades\/wp-json\/wp\/v2\/evento"}],"about":[{"href":"https:\/\/posgrado.uwiener.edu.pe\/actividades\/wp-json\/wp\/v2\/types\/evento"}],"wp:attachment":[{"href":"https:\/\/posgrado.uwiener.edu.pe\/actividades\/wp-json\/wp\/v2\/media?parent=2733"}],"wp:term":[{"taxonomy":"categoria-eventos","embeddable":true,"href":"https:\/\/posgrado.uwiener.edu.pe\/actividades\/wp-json\/wp\/v2\/categoria-eventos?post=2733"}],"curies":[{"name":"wp","href":"https:\/\/api.w.org\/{rel}","templated":true}]}}

Demanda de especialistas de enfermería para una sociedad saludable

<p>💡Participa de nuestro Webinar: «Demanda de especialistas de enfermería para una sociedad saludable»</p>



<p>.</p>



<p>✅Transmisión vía Zoom y Facebook Live</p>



<p>.</p>



<p>👉Regístrate aquí para recibir el link de la transmisión: <a rel="noreferrer noopener" href="https://l.facebook.com/l.php?u=https%3A%2F%2Facortar.link%2F22spPK%3Ffbclid%3DIwAR0GIWv_JXf91yKcoumA0_tL93DW2BjfBmKveWqjdqiBET4hI4ebG4iX-Q8&amp;h=AT2JGxiolLkY20N2dsvfBLCQVim_yW2R3hqeukKr9yBhKDF3XKnmJCLE_7cQUyzZE5hjvOv44SKViSWZd4JWFQQ26fdQrEODwQde8Wi6XpL-9YrJcthWAEu9NRFp5hYaIEyExFkX64J2OUWeJw&amp;__tn__=q&amp;c[0]=AT0aoTJUDqmQoT4jAKS-TrkzadjQ41ISQVOkdUxIXyfuhUCKN6F6WLSdjoxAJKQoq8IlwPNRbLZjl8jkX0uW0VyVl33DTbxrIcpfim1-87X_3HCBEZ-PCBGl-eVFDqPLqhk9nemf4WfT_8Aon21GDiqbl6Bk" target="_blank">https://acortar.link/22spPK</a></p>



<p>.</p>



<p>👨‍🏫Ponente:<br>Ana Celeste Vega Ravello<br>Egresada de la 2da especialidad de Enfermería , Especialista de Cardiología y Cardiovascular </p>

<p>💡Participa de nuestro Webinar: «Demanda de especialistas de enfermería para una sociedad saludable» . ✅Transmisión vía Zoom y Facebook Live . 👉Regístrate aquí para recibir el link de la transmisión: https://acortar.link/22spPK . 👨‍🏫Ponente:Ana Celeste Vega RavelloEgresada de la 2da especialidad de Enfermería , Especialista de Cardiología y Cardiovascular </p>
