
{"id":2741,"date":"2023-02-23T18:08:22","date_gmt":"2023-02-23T23:08:22","guid":{"rendered":"https:\/\/posgrado.uwiener.edu.pe\/actividades\/?post_type=evento&#038;p=2741"},"modified":"2023-02-23T18:08:23","modified_gmt":"2023-02-23T23:08:23","slug":"nuevos-enfoques-en-el-lenguaje-enfermero-nanda-nic-noc","status":"publish","type":"evento","link":"https:\/\/posgrado.uwiener.edu.pe\/actividades\/evento\/nuevos-enfoques-en-el-lenguaje-enfermero-nanda-nic-noc\/","title":{"rendered":"Nuevos enfoques en el lenguaje Enfermero: Nanda NIC-NOC"},"content":{"rendered":"\n<p>\ud83d\udca1Participa de nuestro Webinar: \u00abNuevos enfoques en el lenguaje Enfermero: Nanda NIC-NOC\u00bb<\/p>\n\n\n\n<p>.<\/p>\n\n\n\n<p>\u2705Transmisi\u00f3n v\u00eda Zoom y Facebook Live<\/p>\n\n\n\n<p>.<\/p>\n\n\n\n<p>\ud83d\udc49Reg\u00edstrate aqu\u00ed para recibir el link de la transmisi\u00f3n:\u00a0<a rel=\"noreferrer noopener\" href=\"https:\/\/bit.ly\/3xPtp6B?fbclid=IwAR189Xp49DXyhBYlZhOAP-I56XEe5ZV4bfhDa4m4pec84NDDIH1k7pgk-PE\" target=\"_blank\">https:\/\/bit.ly\/3xPtp6B<\/a><\/p>\n\n\n\n<p>.<\/p>\n\n\n\n<p>\ud83d\udc68\u200d\ud83c\udfebPonente:<br>DR. RODOLFO AMADO AR\u00c9VALO MARCOS<br>\u2022 Doctor en Ciencias de La Salud<br>\u2022 Maestro en Salud de Investigaci\u00f3n en Docencia Universitaria<br>\u2022 Experto en \u00c1rea de Atenci\u00f3n de Proceso de Enfermer\u00eda<br>\u2022 Asesor en Publicaci\u00f3n de Casos Cl\u00ednicos<\/p>\n","protected":false},"excerpt":{"rendered":"<p>\ud83d\udca1Participa de nuestro Webinar: \u00abNuevos enfoques en el lenguaje Enfermero: Nanda NIC-NOC\u00bb . \u2705Transmisi\u00f3n v\u00eda Zoom y Facebook Live . \ud83d\udc49Reg\u00edstrate aqu\u00ed para recibir el link de la transmisi\u00f3n:\u00a0https:\/\/bit.ly\/3xPtp6B . \ud83d\udc68\u200d\ud83c\udfebPonente:DR. RODOLFO AMADO AR\u00c9VALO MARCOS\u2022 Doctor en Ciencias de La Salud\u2022 Maestro en Salud de Investigaci\u00f3n en Docencia Universitaria\u2022 Experto en \u00c1rea de Atenci\u00f3n de [&hellip;]<\/p>\n","protected":false},"featured_media":0,"parent":0,"template":"","categoria-eventos":[17,44],"class_list":["post-2741","evento","type-evento","status-publish","hentry","categoria-eventos-videoconferencias","categoria-eventos-webinar-gratuito"],"custom_fields_data":{"inline_featured_image":["0"],"hcf_post_fecha":["2023-02-28"],"hcf_post_timeI":["18:00"],"hcf_post_timeF":[""],"hcf_post_lugar":["Escuela de Posgrado Norbert Wiener - Facebook Live"],"hcf_post_ingreso":[""],"hcf_post_recomendados":[""],"hcf_post_anexos":[""],"hcf_post_email":[""],"hcf_post_url_face":["https:\/\/www.facebook.com\/events\/1330369750854127"],"hcf_fecha_blog":[""],"hcf_destacado_blog":[""],"hcf_imagenes":["a:0:{}"],"hcf_thumb_500":["https:\/\/posgrado.uwiener.edu.pe\/actividades\/wp-content\/uploads\/2023\/02\/500x82-73.jpg"],"hcf_thumb_1600":["https:\/\/posgrado.uwiener.edu.pe\/actividades\/wp-content\/uploads\/2023\/02\/1920x314-72.jpg"],"hcf_destacada":["https:\/\/posgrado.uwiener.edu.pe\/actividades\/wp-content\/uploads\/2023\/02\/1200x628-76.jpg"],"_edit_lock":["1677688533:3"],"_edit_last":["3"],"rank_math_internal_links_processed":["1"]},"_links":{"self":[{"href":"https:\/\/posgrado.uwiener.edu.pe\/actividades\/wp-json\/wp\/v2\/evento\/2741"}],"collection":[{"href":"https:\/\/posgrado.uwiener.edu.pe\/actividades\/wp-json\/wp\/v2\/evento"}],"about":[{"href":"https:\/\/posgrado.uwiener.edu.pe\/actividades\/wp-json\/wp\/v2\/types\/evento"}],"wp:attachment":[{"href":"https:\/\/posgrado.uwiener.edu.pe\/actividades\/wp-json\/wp\/v2\/media?parent=2741"}],"wp:term":[{"taxonomy":"categoria-eventos","embeddable":true,"href":"https:\/\/posgrado.uwiener.edu.pe\/actividades\/wp-json\/wp\/v2\/categoria-eventos?post=2741"}],"curies":[{"name":"wp","href":"https:\/\/api.w.org\/{rel}","templated":true}]}}

<p>💡Participa de nuestro Webinar: «Nuevos enfoques en el lenguaje Enfermero: Nanda NIC-NOC»</p>



<p>.</p>



<p>✅Transmisión vía Zoom y Facebook Live</p>



<p>.</p>



<p>👉Regístrate aquí para recibir el link de la transmisión: <a rel="noreferrer noopener" href="https://bit.ly/3xPtp6B?fbclid=IwAR189Xp49DXyhBYlZhOAP-I56XEe5ZV4bfhDa4m4pec84NDDIH1k7pgk-PE" target="_blank">https://bit.ly/3xPtp6B</a></p>



<p>.</p>



<p>👨‍🏫Ponente:<br>DR. RODOLFO AMADO ARÉVALO MARCOS<br>• Doctor en Ciencias de La Salud<br>• Maestro en Salud de Investigación en Docencia Universitaria<br>• Experto en Área de Atención de Proceso de Enfermería<br>• Asesor en Publicación de Casos Clínicos</p>

<p>💡Participa de nuestro Webinar: «Nuevos enfoques en el lenguaje Enfermero: Nanda NIC-NOC» . ✅Transmisión vía Zoom y Facebook Live . 👉Regístrate aquí para recibir el link de la transmisión: https://bit.ly/3xPtp6B . 👨‍🏫Ponente:DR. RODOLFO AMADO ARÉVALO MARCOS• Doctor en Ciencias de La Salud• Maestro en Salud de Investigación en Docencia Universitaria• Experto en Área de Atención de [&hellip;]</p>
