
{"id":2799,"date":"2023-03-03T14:55:31","date_gmt":"2023-03-03T19:55:31","guid":{"rendered":"https:\/\/posgrado.uwiener.edu.pe\/actividades\/?post_type=evento&#038;p=2799"},"modified":"2023-03-24T14:08:14","modified_gmt":"2023-03-24T19:08:14","slug":"charla-informativa-que-desafios-les-espera-a-los-profesionales-de-la-salud-publica","status":"publish","type":"evento","link":"https:\/\/posgrado.uwiener.edu.pe\/actividades\/evento\/charla-informativa-que-desafios-les-espera-a-los-profesionales-de-la-salud-publica\/","title":{"rendered":"Charla Informativa: \u00bfQu\u00e9 desaf\u00edos les espera a los profesionales de la Salud P\u00fablica?"},"content":{"rendered":"\n<p><img loading=\"lazy\" decoding=\"async\" height=\"16\" width=\"16\" alt=\"\ud83d\udca1\" src=\"https:\/\/static.xx.fbcdn.net\/images\/emoji.php\/v9\/t3c\/1\/16\/1f4a1.png\">Participa de nuestra Charla Informativa: \u00ab\u00bfQu\u00e9 desaf\u00edos les espera a los profesionales de la Salud P\u00fablica?\u00bb<\/p>\n\n\n\n<p>.<\/p>\n\n\n\n<p><img loading=\"lazy\" decoding=\"async\" height=\"16\" width=\"16\" alt=\"\u2705\" src=\"https:\/\/static.xx.fbcdn.net\/images\/emoji.php\/v9\/t33\/1\/16\/2705.png\">Transmisi\u00f3n v\u00eda Zoom y Facebook Live<\/p>\n\n\n\n<p>.<\/p>\n\n\n\n<p><img loading=\"lazy\" decoding=\"async\" height=\"16\" width=\"16\" alt=\"\ud83d\udc49\" src=\"https:\/\/static.xx.fbcdn.net\/images\/emoji.php\/v9\/t51\/1\/16\/1f449.png\">&nbsp;Reg\u00edstrate aqu\u00ed para recibir el link de la transmisi\u00f3n:&nbsp;<a rel=\"noreferrer noopener\" href=\"https:\/\/l.facebook.com\/l.php?u=https%3A%2F%2Fbit.ly%2F3ZsXhBf%3Ffbclid%3DIwAR1HIOrnLE-NUebifdXAuwhBW5vfMYtIhk-ysYKi_oegVanz10Jp7cK0ylk&amp;h=AT0CrBOzLxyOopUtFr6pW90RUmGsN9PpsyE8bE02X7dmZqGANPXgz3sT6BLaNCKbLlXZSribBY4yfbtJWxG-opXN1wz-zDuSqt70M9C0YYADZKLIdHr7flCYzQedUCgRYyEbr2rbgio70rd_fg&amp;__tn__=q&amp;c[0]=AT3BEVRk7z_rnWCYHxqt_EhEI-f1kqlYURggPMBoXGLfqFMeoa64m1GKU8QGfOLG0-cWCnTZIDWtubpYBtp2lu2M64LGT4t2SdJoZ0oxbPZUPcGrD21q21sLU6eo-cYxm__KkgyCZinux7i2flYK-7FBpfxX\" target=\"_blank\">https:\/\/bit.ly\/3ZsXhBf<\/a><\/p>\n\n\n\n<p><img loading=\"lazy\" decoding=\"async\" height=\"16\" width=\"16\" alt=\"\ud83d\udc68\u200d\ud83c\udfeb\" src=\"https:\/\/static.xx.fbcdn.net\/images\/emoji.php\/v9\/tb5\/1\/16\/1f468_200d_1f3eb.png\">Ponente:<br>Mg. Rosa Mezarina Garc\u00eda<br>Coordinadora Acad\u00e9mica de la Maestr\u00eda en Salud P\u00fablica<\/p>\n","protected":false},"excerpt":{"rendered":"<p>Participa de nuestra Charla Informativa: \u00ab\u00bfQu\u00e9 desaf\u00edos les espera a los profesionales de la Salud P\u00fablica?\u00bb . Transmisi\u00f3n v\u00eda Zoom y Facebook Live . &nbsp;Reg\u00edstrate aqu\u00ed para recibir el link de la transmisi\u00f3n:&nbsp;https:\/\/bit.ly\/3ZsXhBf Ponente:Mg. Rosa Mezarina Garc\u00edaCoordinadora Acad\u00e9mica de la Maestr\u00eda en Salud P\u00fablica<\/p>\n","protected":false},"featured_media":0,"parent":0,"template":"","categoria-eventos":[17,44],"class_list":["post-2799","evento","type-evento","status-publish","hentry","categoria-eventos-videoconferencias","categoria-eventos-webinar-gratuito"],"custom_fields_data":{"inline_featured_image":["0"],"hcf_post_fecha":["2023-03-13"],"hcf_post_timeI":["19:00"],"hcf_post_timeF":[""],"hcf_post_lugar":["Escuela de Posgrado Norbert Wiener - Facebook Live"],"hcf_post_ingreso":[""],"hcf_post_recomendados":[""],"hcf_post_anexos":[""],"hcf_post_email":[""],"hcf_post_url_face":["https:\/\/www.facebook.com\/events\/221213477147397"],"hcf_fecha_blog":[""],"hcf_destacado_blog":[""],"hcf_imagenes":["a:0:{}"],"hcf_thumb_500":["https:\/\/posgrado.uwiener.edu.pe\/actividades\/wp-content\/uploads\/2023\/03\/500x82-85.jpg"],"hcf_thumb_1600":["https:\/\/posgrado.uwiener.edu.pe\/actividades\/wp-content\/uploads\/2023\/03\/1920x314-84-1.jpg"],"hcf_destacada":["https:\/\/posgrado.uwiener.edu.pe\/actividades\/wp-content\/uploads\/2023\/03\/1200x628-88.jpg"],"_edit_lock":["1679684795:4"],"_edit_last":["4"],"rank_math_og_content_image":["a:2:{s:5:\"check\";s:32:\"5e5da3d2be9adbf9bc8f6ef2f3d40765\";s:6:\"images\";a:0:{}}"],"rank_math_internal_links_processed":["1"]},"_links":{"self":[{"href":"https:\/\/posgrado.uwiener.edu.pe\/actividades\/wp-json\/wp\/v2\/evento\/2799"}],"collection":[{"href":"https:\/\/posgrado.uwiener.edu.pe\/actividades\/wp-json\/wp\/v2\/evento"}],"about":[{"href":"https:\/\/posgrado.uwiener.edu.pe\/actividades\/wp-json\/wp\/v2\/types\/evento"}],"wp:attachment":[{"href":"https:\/\/posgrado.uwiener.edu.pe\/actividades\/wp-json\/wp\/v2\/media?parent=2799"}],"wp:term":[{"taxonomy":"categoria-eventos","embeddable":true,"href":"https:\/\/posgrado.uwiener.edu.pe\/actividades\/wp-json\/wp\/v2\/categoria-eventos?post=2799"}],"curies":[{"name":"wp","href":"https:\/\/api.w.org\/{rel}","templated":true}]}}

Charla Informativa: ¿Qué desafíos les espera a los profesionales de la Salud Pública?

<p><img loading="lazy" decoding="async" height="16" width="16" alt="💡" src="https://static.xx.fbcdn.net/images/emoji.php/v9/t3c/1/16/1f4a1.png">Participa de nuestra Charla Informativa: «¿Qué desafíos les espera a los profesionales de la Salud Pública?»</p>



<p>.</p>



<p><img loading="lazy" decoding="async" height="16" width="16" alt="✅" src="https://static.xx.fbcdn.net/images/emoji.php/v9/t33/1/16/2705.png">Transmisión vía Zoom y Facebook Live</p>



<p>.</p>



<p><img loading="lazy" decoding="async" height="16" width="16" alt="👉" src="https://static.xx.fbcdn.net/images/emoji.php/v9/t51/1/16/1f449.png">&nbsp;Regístrate aquí para recibir el link de la transmisión:&nbsp;<a rel="noreferrer noopener" href="https://l.facebook.com/l.php?u=https%3A%2F%2Fbit.ly%2F3ZsXhBf%3Ffbclid%3DIwAR1HIOrnLE-NUebifdXAuwhBW5vfMYtIhk-ysYKi_oegVanz10Jp7cK0ylk&amp;h=AT0CrBOzLxyOopUtFr6pW90RUmGsN9PpsyE8bE02X7dmZqGANPXgz3sT6BLaNCKbLlXZSribBY4yfbtJWxG-opXN1wz-zDuSqt70M9C0YYADZKLIdHr7flCYzQedUCgRYyEbr2rbgio70rd_fg&amp;__tn__=q&amp;c[0]=AT3BEVRk7z_rnWCYHxqt_EhEI-f1kqlYURggPMBoXGLfqFMeoa64m1GKU8QGfOLG0-cWCnTZIDWtubpYBtp2lu2M64LGT4t2SdJoZ0oxbPZUPcGrD21q21sLU6eo-cYxm__KkgyCZinux7i2flYK-7FBpfxX" target="_blank">https://bit.ly/3ZsXhBf</a></p>



<p><img loading="lazy" decoding="async" height="16" width="16" alt="👨‍🏫" src="https://static.xx.fbcdn.net/images/emoji.php/v9/tb5/1/16/1f468_200d_1f3eb.png">Ponente:<br>Mg. Rosa Mezarina García<br>Coordinadora Académica de la Maestría en Salud Pública</p>

<p>Participa de nuestra Charla Informativa: «¿Qué desafíos les espera a los profesionales de la Salud Pública?» . Transmisión vía Zoom y Facebook Live . &nbsp;Regístrate aquí para recibir el link de la transmisión:&nbsp;https://bit.ly/3ZsXhBf Ponente:Mg. Rosa Mezarina GarcíaCoordinadora Académica de la Maestría en Salud Pública</p>
