
{"id":2812,"date":"2023-03-03T15:42:18","date_gmt":"2023-03-03T20:42:18","guid":{"rendered":"https:\/\/posgrado.uwiener.edu.pe\/actividades\/?post_type=evento&#038;p=2812"},"modified":"2023-03-03T15:42:19","modified_gmt":"2023-03-03T20:42:19","slug":"rol-del-consejero-en-lactancia-materna","status":"publish","type":"evento","link":"https:\/\/posgrado.uwiener.edu.pe\/actividades\/evento\/rol-del-consejero-en-lactancia-materna\/","title":{"rendered":"Rol del consejero en lactancia materna"},"content":{"rendered":"\n<p><img loading=\"lazy\" decoding=\"async\" height=\"16\" width=\"16\" alt=\"\ud83d\udca1\" src=\"https:\/\/static.xx.fbcdn.net\/images\/emoji.php\/v9\/t3c\/1\/16\/1f4a1.png\">Participa de nuestro Webinar: \u00abRol del consejero en lactancia materna\u00bb<\/p>\n\n\n\n<p>.<\/p>\n\n\n\n<p><img loading=\"lazy\" decoding=\"async\" height=\"16\" width=\"16\" alt=\"\u2705\" src=\"https:\/\/static.xx.fbcdn.net\/images\/emoji.php\/v9\/t33\/1\/16\/2705.png\">Transmisi\u00f3n v\u00eda Zoom y Facebook Live<\/p>\n\n\n\n<p>.<\/p>\n\n\n\n<p><img loading=\"lazy\" decoding=\"async\" height=\"16\" width=\"16\" alt=\"\ud83d\udc49\" src=\"https:\/\/static.xx.fbcdn.net\/images\/emoji.php\/v9\/t51\/1\/16\/1f449.png\">\u00a0Reg\u00edstrate aqu\u00ed para recibir el link de la transmisi\u00f3n:\u00a0<a rel=\"noreferrer noopener\" href=\"https:\/\/bit.ly\/3kIpghA?fbclid=IwAR1-6wCF6_WtV614MHEazvkdOPqwH2VNc9zVff-jpcW2U4MfS-YFxpXbAxg\" target=\"_blank\">https:\/\/bit.ly\/3kIpghA<\/a><\/p>\n\n\n\n<p>.<\/p>\n\n\n\n<p><img loading=\"lazy\" decoding=\"async\" height=\"16\" width=\"16\" alt=\"\ud83d\udc68\u200d\ud83c\udfeb\" src=\"https:\/\/static.xx.fbcdn.net\/images\/emoji.php\/v9\/tb5\/1\/16\/1f468_200d_1f3eb.png\">Ponente:<br>Dra. Adriana Guill\u00e9n Ch\u00e1vez (M\u00e9xico)<br>M\u00e9dico General y Pediatr\u00eda M\u00e9dica<br>Consultora Certificada en Lactancia Materna, certificada por el International Board of Lactation Consultant Examiners (IBCLC).<br>Coordinadora Regional del Diplomado en Consejer\u00eda de Lactancia Materna de ACCLAM-COA.Bi\u00f3l. Claudia Judith Sierra Morales<br>Bi\u00f3loga y Consultora Certificada de Lactancia-IBCLC<br>Consultora Certificada de Lactancia Materna<br>Presidenta, fundadora y anterior secretaria de la Asociaci\u00f3n de Consultores Certificados en Lactancia Materna de M\u00e9xico A.C.<\/p>\n","protected":false},"excerpt":{"rendered":"<p>Participa de nuestro Webinar: \u00abRol del consejero en lactancia materna\u00bb . Transmisi\u00f3n v\u00eda Zoom y Facebook Live . \u00a0Reg\u00edstrate aqu\u00ed para recibir el link de la transmisi\u00f3n:\u00a0https:\/\/bit.ly\/3kIpghA . Ponente:Dra. Adriana Guill\u00e9n Ch\u00e1vez (M\u00e9xico)M\u00e9dico General y Pediatr\u00eda M\u00e9dicaConsultora Certificada en Lactancia Materna, certificada por el International Board of Lactation Consultant Examiners (IBCLC).Coordinadora Regional del Diplomado en [&hellip;]<\/p>\n","protected":false},"featured_media":0,"parent":0,"template":"","categoria-eventos":[17,44],"class_list":["post-2812","evento","type-evento","status-publish","hentry","categoria-eventos-videoconferencias","categoria-eventos-webinar-gratuito"],"custom_fields_data":{"inline_featured_image":["0"],"hcf_post_fecha":["2023-03-15"],"hcf_post_timeI":["18:00"],"hcf_post_timeF":[""],"hcf_post_lugar":["Escuela de Posgrado Norbert Wiener - Facebook Live"],"hcf_post_ingreso":[""],"hcf_post_recomendados":[""],"hcf_post_anexos":[""],"hcf_post_email":[""],"hcf_post_url_face":["https:\/\/www.facebook.com\/events\/151113901128169"],"hcf_fecha_blog":[""],"hcf_destacado_blog":[""],"hcf_imagenes":["a:0:{}"],"hcf_thumb_500":["https:\/\/posgrado.uwiener.edu.pe\/actividades\/wp-content\/uploads\/2023\/03\/500x82-89.jpg"],"hcf_thumb_1600":["https:\/\/posgrado.uwiener.edu.pe\/actividades\/wp-content\/uploads\/2023\/03\/1920x314-88.jpg"],"hcf_destacada":["https:\/\/posgrado.uwiener.edu.pe\/actividades\/wp-content\/uploads\/2023\/03\/1200x628-92.jpg"],"_edit_lock":["1677876296:4"],"_edit_last":["4"],"rank_math_og_content_image":["a:2:{s:5:\"check\";s:32:\"b9340c87bd2edc9f2f6aa1c5dac79bd7\";s:6:\"images\";a:0:{}}"],"rank_math_internal_links_processed":["1"]},"_links":{"self":[{"href":"https:\/\/posgrado.uwiener.edu.pe\/actividades\/wp-json\/wp\/v2\/evento\/2812"}],"collection":[{"href":"https:\/\/posgrado.uwiener.edu.pe\/actividades\/wp-json\/wp\/v2\/evento"}],"about":[{"href":"https:\/\/posgrado.uwiener.edu.pe\/actividades\/wp-json\/wp\/v2\/types\/evento"}],"wp:attachment":[{"href":"https:\/\/posgrado.uwiener.edu.pe\/actividades\/wp-json\/wp\/v2\/media?parent=2812"}],"wp:term":[{"taxonomy":"categoria-eventos","embeddable":true,"href":"https:\/\/posgrado.uwiener.edu.pe\/actividades\/wp-json\/wp\/v2\/categoria-eventos?post=2812"}],"curies":[{"name":"wp","href":"https:\/\/api.w.org\/{rel}","templated":true}]}}

<p><img loading="lazy" decoding="async" height="16" width="16" alt="💡" src="https://static.xx.fbcdn.net/images/emoji.php/v9/t3c/1/16/1f4a1.png">Participa de nuestro Webinar: «Rol del consejero en lactancia materna»</p>



<p>.</p>



<p><img loading="lazy" decoding="async" height="16" width="16" alt="✅" src="https://static.xx.fbcdn.net/images/emoji.php/v9/t33/1/16/2705.png">Transmisión vía Zoom y Facebook Live</p>



<p>.</p>



<p><img loading="lazy" decoding="async" height="16" width="16" alt="👉" src="https://static.xx.fbcdn.net/images/emoji.php/v9/t51/1/16/1f449.png"> Regístrate aquí para recibir el link de la transmisión: <a rel="noreferrer noopener" href="https://bit.ly/3kIpghA?fbclid=IwAR1-6wCF6_WtV614MHEazvkdOPqwH2VNc9zVff-jpcW2U4MfS-YFxpXbAxg" target="_blank">https://bit.ly/3kIpghA</a></p>



<p>.</p>



<p><img loading="lazy" decoding="async" height="16" width="16" alt="👨‍🏫" src="https://static.xx.fbcdn.net/images/emoji.php/v9/tb5/1/16/1f468_200d_1f3eb.png">Ponente:<br>Dra. Adriana Guillén Chávez (México)<br>Médico General y Pediatría Médica<br>Consultora Certificada en Lactancia Materna, certificada por el International Board of Lactation Consultant Examiners (IBCLC).<br>Coordinadora Regional del Diplomado en Consejería de Lactancia Materna de ACCLAM-COA.Biól. Claudia Judith Sierra Morales<br>Bióloga y Consultora Certificada de Lactancia-IBCLC<br>Consultora Certificada de Lactancia Materna<br>Presidenta, fundadora y anterior secretaria de la Asociación de Consultores Certificados en Lactancia Materna de México A.C.</p>

<p>Participa de nuestro Webinar: «Rol del consejero en lactancia materna» . Transmisión vía Zoom y Facebook Live .  Regístrate aquí para recibir el link de la transmisión: https://bit.ly/3kIpghA . Ponente:Dra. Adriana Guillén Chávez (México)Médico General y Pediatría MédicaConsultora Certificada en Lactancia Materna, certificada por el International Board of Lactation Consultant Examiners (IBCLC).Coordinadora Regional del Diplomado en [&hellip;]</p>
