
{"id":2829,"date":"2023-03-03T16:29:58","date_gmt":"2023-03-03T21:29:58","guid":{"rendered":"https:\/\/posgrado.uwiener.edu.pe\/actividades\/?post_type=evento&#038;p=2829"},"modified":"2023-03-23T09:28:47","modified_gmt":"2023-03-23T14:28:47","slug":"la-salud-mental-y-el-cancer","status":"publish","type":"evento","link":"https:\/\/posgrado.uwiener.edu.pe\/actividades\/evento\/la-salud-mental-y-el-cancer\/","title":{"rendered":"La salud mental y el c\u00e1ncer"},"content":{"rendered":"\n<p><img loading=\"lazy\" decoding=\"async\" height=\"16\" width=\"16\" alt=\"\ud83d\udca1\" src=\"https:\/\/static.xx.fbcdn.net\/images\/emoji.php\/v9\/t3c\/1\/16\/1f4a1.png\">Participa de nuestro Webinar: \u00abLa salud mental y el c\u00e1ncer\u00bb<\/p>\n\n\n\n<p>.<\/p>\n\n\n\n<p><img loading=\"lazy\" decoding=\"async\" height=\"16\" width=\"16\" alt=\"\u2705\" src=\"https:\/\/static.xx.fbcdn.net\/images\/emoji.php\/v9\/t33\/1\/16\/2705.png\">Transmisi\u00f3n v\u00eda Zoom y Facebook Live<\/p>\n\n\n\n<p>.<\/p>\n\n\n\n<p><img loading=\"lazy\" decoding=\"async\" height=\"16\" width=\"16\" alt=\"\ud83d\udc49\" src=\"https:\/\/static.xx.fbcdn.net\/images\/emoji.php\/v9\/t51\/1\/16\/1f449.png\">&nbsp;Reg\u00edstrate aqu\u00ed para recibir el link de la transmisi\u00f3n:&nbsp;<a rel=\"noreferrer noopener\" href=\"https:\/\/l.facebook.com\/l.php?u=https%3A%2F%2Fbit.ly%2F3Y4mAst%3Ffbclid%3DIwAR37rPsydEXjsxCRQX9Gsh18qT3yZJZRtyBHZ78r4N7VtJjHscAN7SUvlDY&amp;h=AT3oEJwE-YBO5f2-gzCrUIDG05-l06NKOwYbZq8bL0TK49-bMY4S2m2E1PQrkgPojM_H6ICT7XEwToPeLYDBtjUqgCDtfI6KSab1hT7DfeeA3Lb9D-Hdwn-JRBjX3A4ryMB60a9w3LZnUTt0jQ&amp;__tn__=q&amp;c[0]=AT0-1D6j_Q0xN4qLs0Ko2Dua-mdcZRmUJjrXEabuWFcwu9b_haxHfcq0SIS4D0GB6paK-DUz2pQAwL_-9_43XIJaHmbos1Moh3ClV01srXVGeJbq3nyla1sadjEh5e9EZqcLRjLSS8xe3pnPAVjHoX6j7N4B\" target=\"_blank\">https:\/\/bit.ly\/3Y4mAst<\/a><\/p>\n\n\n\n<p>.<\/p>\n\n\n\n<p><img loading=\"lazy\" decoding=\"async\" height=\"16\" width=\"16\" alt=\"\ud83d\udc68\u200d\ud83c\udfeb\" src=\"https:\/\/static.xx.fbcdn.net\/images\/emoji.php\/v9\/tb5\/1\/16\/1f468_200d_1f3eb.png\">Ponente:<br>Tania Estap\u00e9 (bandera Espa\u00f1a)<br>Directora de Psicooncolog\u00eda de la Fundaci\u00f3n FEFOC en Barcelona<br>Docente de las Universidades Abierta de Catalunya y Central de Catalunya<br>Presidenta de la Sociedad Espa\u00f1ola de Psico-Oncolog\u00eda<\/p>\n","protected":false},"excerpt":{"rendered":"<p>Participa de nuestro Webinar: \u00abLa salud mental y el c\u00e1ncer\u00bb . Transmisi\u00f3n v\u00eda Zoom y Facebook Live . &nbsp;Reg\u00edstrate aqu\u00ed para recibir el link de la transmisi\u00f3n:&nbsp;https:\/\/bit.ly\/3Y4mAst . Ponente:Tania Estap\u00e9 (bandera Espa\u00f1a)Directora de Psicooncolog\u00eda de la Fundaci\u00f3n FEFOC en BarcelonaDocente de las Universidades Abierta de Catalunya y Central de CatalunyaPresidenta de la Sociedad Espa\u00f1ola de [&hellip;]<\/p>\n","protected":false},"featured_media":0,"parent":0,"template":"","categoria-eventos":[17,44],"class_list":["post-2829","evento","type-evento","status-publish","hentry","categoria-eventos-videoconferencias","categoria-eventos-webinar-gratuito"],"custom_fields_data":{"inline_featured_image":["0"],"hcf_post_fecha":["2023-03-27"],"hcf_post_timeI":["16:00"],"hcf_post_timeF":[""],"hcf_post_lugar":["Escuela de Posgrado Norbert Wiener - Facebook Live"],"hcf_post_ingreso":[""],"hcf_post_recomendados":[""],"hcf_post_anexos":[""],"hcf_post_email":[""],"hcf_post_url_face":["https:\/\/www.facebook.com\/events\/743345703932275"],"hcf_fecha_blog":[""],"hcf_destacado_blog":[""],"hcf_imagenes":["a:0:{}"],"hcf_thumb_500":["https:\/\/posgrado.uwiener.edu.pe\/actividades\/wp-content\/uploads\/2023\/03\/500x82-94.jpg"],"hcf_thumb_1600":["https:\/\/posgrado.uwiener.edu.pe\/actividades\/wp-content\/uploads\/2023\/03\/1920x314-93.jpg"],"hcf_destacada":["https:\/\/posgrado.uwiener.edu.pe\/actividades\/wp-content\/uploads\/2023\/03\/1200x628-97.jpg"],"_edit_lock":["1680193230:4"],"_edit_last":["4"],"rank_math_og_content_image":["a:2:{s:5:\"check\";s:32:\"2ab2e1ebb305639ce7350eb013975a6c\";s:6:\"images\";a:0:{}}"],"rank_math_internal_links_processed":["1"]},"_links":{"self":[{"href":"https:\/\/posgrado.uwiener.edu.pe\/actividades\/wp-json\/wp\/v2\/evento\/2829"}],"collection":[{"href":"https:\/\/posgrado.uwiener.edu.pe\/actividades\/wp-json\/wp\/v2\/evento"}],"about":[{"href":"https:\/\/posgrado.uwiener.edu.pe\/actividades\/wp-json\/wp\/v2\/types\/evento"}],"wp:attachment":[{"href":"https:\/\/posgrado.uwiener.edu.pe\/actividades\/wp-json\/wp\/v2\/media?parent=2829"}],"wp:term":[{"taxonomy":"categoria-eventos","embeddable":true,"href":"https:\/\/posgrado.uwiener.edu.pe\/actividades\/wp-json\/wp\/v2\/categoria-eventos?post=2829"}],"curies":[{"name":"wp","href":"https:\/\/api.w.org\/{rel}","templated":true}]}}

La salud mental y el cáncer

<p><img loading="lazy" decoding="async" height="16" width="16" alt="💡" src="https://static.xx.fbcdn.net/images/emoji.php/v9/t3c/1/16/1f4a1.png">Participa de nuestro Webinar: «La salud mental y el cáncer»</p>



<p>.</p>



<p><img loading="lazy" decoding="async" height="16" width="16" alt="✅" src="https://static.xx.fbcdn.net/images/emoji.php/v9/t33/1/16/2705.png">Transmisión vía Zoom y Facebook Live</p>



<p>.</p>



<p><img loading="lazy" decoding="async" height="16" width="16" alt="👉" src="https://static.xx.fbcdn.net/images/emoji.php/v9/t51/1/16/1f449.png">&nbsp;Regístrate aquí para recibir el link de la transmisión:&nbsp;<a rel="noreferrer noopener" href="https://l.facebook.com/l.php?u=https%3A%2F%2Fbit.ly%2F3Y4mAst%3Ffbclid%3DIwAR37rPsydEXjsxCRQX9Gsh18qT3yZJZRtyBHZ78r4N7VtJjHscAN7SUvlDY&amp;h=AT3oEJwE-YBO5f2-gzCrUIDG05-l06NKOwYbZq8bL0TK49-bMY4S2m2E1PQrkgPojM_H6ICT7XEwToPeLYDBtjUqgCDtfI6KSab1hT7DfeeA3Lb9D-Hdwn-JRBjX3A4ryMB60a9w3LZnUTt0jQ&amp;__tn__=q&amp;c[0]=AT0-1D6j_Q0xN4qLs0Ko2Dua-mdcZRmUJjrXEabuWFcwu9b_haxHfcq0SIS4D0GB6paK-DUz2pQAwL_-9_43XIJaHmbos1Moh3ClV01srXVGeJbq3nyla1sadjEh5e9EZqcLRjLSS8xe3pnPAVjHoX6j7N4B" target="_blank">https://bit.ly/3Y4mAst</a></p>



<p>.</p>



<p><img loading="lazy" decoding="async" height="16" width="16" alt="👨‍🏫" src="https://static.xx.fbcdn.net/images/emoji.php/v9/tb5/1/16/1f468_200d_1f3eb.png">Ponente:<br>Tania Estapé (bandera España)<br>Directora de Psicooncología de la Fundación FEFOC en Barcelona<br>Docente de las Universidades Abierta de Catalunya y Central de Catalunya<br>Presidenta de la Sociedad Española de Psico-Oncología</p>

<p>Participa de nuestro Webinar: «La salud mental y el cáncer» . Transmisión vía Zoom y Facebook Live . &nbsp;Regístrate aquí para recibir el link de la transmisión:&nbsp;https://bit.ly/3Y4mAst . Ponente:Tania Estapé (bandera España)Directora de Psicooncología de la Fundación FEFOC en BarcelonaDocente de las Universidades Abierta de Catalunya y Central de CatalunyaPresidenta de la Sociedad Española de [&hellip;]</p>
