
{"id":2848,"date":"2023-03-14T19:24:44","date_gmt":"2023-03-15T00:24:44","guid":{"rendered":"https:\/\/posgrado.uwiener.edu.pe\/actividades\/?post_type=evento&#038;p=2848"},"modified":"2023-03-24T14:08:27","modified_gmt":"2023-03-24T19:08:27","slug":"retos-y-desafios-de-la-auditoria-en-ciberseguridad","status":"publish","type":"evento","link":"https:\/\/posgrado.uwiener.edu.pe\/actividades\/evento\/retos-y-desafios-de-la-auditoria-en-ciberseguridad\/","title":{"rendered":"Retos y Desaf\u00edos de la Auditor\u00eda en Ciberseguridad"},"content":{"rendered":"\n<p><img loading=\"lazy\" decoding=\"async\" height=\"16\" width=\"16\" alt=\"\ud83d\udca1\" src=\"https:\/\/static.xx.fbcdn.net\/images\/emoji.php\/v9\/t3c\/1\/16\/1f4a1.png\">Participa de nuestro foro: \u00abRetos y desaf\u00edos de la Auditor\u00eda en Ciberseguridad\u00bb<\/p>\n\n\n\n<p>.<\/p>\n\n\n\n<p><img loading=\"lazy\" decoding=\"async\" height=\"16\" width=\"16\" alt=\"\u2705\" src=\"https:\/\/static.xx.fbcdn.net\/images\/emoji.php\/v9\/t33\/1\/16\/2705.png\">Transmisi\u00f3n v\u00eda Zoom y Facebook Live.<\/p>\n\n\n\n<p>.<\/p>\n\n\n\n<p><img loading=\"lazy\" decoding=\"async\" height=\"16\" width=\"16\" alt=\"\ud83d\udc49\" src=\"https:\/\/static.xx.fbcdn.net\/images\/emoji.php\/v9\/t51\/1\/16\/1f449.png\">&nbsp;Reg\u00edstrate aqu\u00ed para recibir el link de la transmisi\u00f3n:&nbsp;<a rel=\"noreferrer noopener\" href=\"https:\/\/bit.ly\/41xKM9q?fbclid=IwAR32MZyfio7d9-Jv964-SXrgiLRDBWpM6xHRbagIrG1L7bjkxZJ2aqQQxtE\" target=\"_blank\">https:\/\/bit.ly\/3mH7fkA<\/a><\/p>\n\n\n\n<p>.<\/p>\n\n\n\n<p><img loading=\"lazy\" decoding=\"async\" height=\"16\" width=\"16\" alt=\"\ud83d\udc68\u200d\ud83c\udfeb\" src=\"https:\/\/static.xx.fbcdn.net\/images\/emoji.php\/v9\/tb5\/1\/16\/1f468_200d_1f3eb.png\">Ponente:<br><strong>Moderador<\/strong>: <strong>Eddie Cueva Huanuco<\/strong><br>MBA. Funcionario en la Direcci\u00f3n de Gesti\u00f3n de Proyectos de la Contralor\u00eda General de la Rep\u00fablica.<br><\/p>\n\n\n\n<p><strong>Tema: Informes de Auditoria de Ciberseguridad<\/strong><br><strong>Ing. V\u00edctor Hugo La Rosa Torres &nbsp;<\/strong><br>Magister en Administraci\u00f3n Estrat\u00e9gica de Empresas, acreditado con siete certificaciones internacionales en el campo de la seguridad, auditor\u00eda y tecnolog\u00eda de la informaci\u00f3n. Principal Manager of Security Operations del Banco BBVA Per\u00fa.<\/p>\n\n\n\n<p>.<\/p>\n\n\n\n<p><strong>Tema: Auditor\u00eda Interna en Ciberseguridad<\/strong><br><strong>Ing. Julio Soto Saititupac<\/strong><br>Magister en Gesti\u00f3n de Tecnolog\u00eda de Informaci\u00f3n, consultor independiente en Ciberseguridad, con experiencia como perito en An\u00e1lisis Digital&nbsp;Forense.<br><\/p>\n\n\n\n<p>.<\/p>\n\n\n\n<p><strong>Tema: Los informes de Auditor\u00eda en Ciberseguridad y la Labor Pericia<\/strong>l<br><strong>Ing. Lizbardo Orellano Benancio<\/strong><br>Magister en Ciencia Criminal\u00edstica, perito en an\u00e1lisis digital forense de la Unidad de Ciberdelincuencia del Ministerio P\u00fablico.<\/p>\n\n\n\n<p>.<\/p>\n\n\n\n<p><strong>Tema: Auditor\u00eda Externa en Vulnerabilidades<\/strong><br><strong>Ing. Guido Rosales Uriona<\/strong><br>Master en Ciencia y Direcci\u00f3n Estrat\u00e9gica TI, consultor BID, USAID, con amplia experiencia en Ciberseguridad<\/p>\n","protected":false},"excerpt":{"rendered":"<p>Participa de nuestro foro: \u00abRetos y desaf\u00edos de la Auditor\u00eda en Ciberseguridad\u00bb . Transmisi\u00f3n v\u00eda Zoom y Facebook Live. . &nbsp;Reg\u00edstrate aqu\u00ed para recibir el link de la transmisi\u00f3n:&nbsp;https:\/\/bit.ly\/3mH7fkA . Ponente:Moderador: Eddie Cueva HuanucoMBA. Funcionario en la Direcci\u00f3n de Gesti\u00f3n de Proyectos de la Contralor\u00eda General de la Rep\u00fablica. Tema: Informes de Auditoria de CiberseguridadIng. [&hellip;]<\/p>\n","protected":false},"featured_media":0,"parent":0,"template":"","categoria-eventos":[],"class_list":["post-2848","evento","type-evento","status-publish","hentry"],"custom_fields_data":{"inline_featured_image":["0"],"hcf_post_fecha":["2023-03-22"],"hcf_post_timeI":["07:00"],"hcf_post_timeF":[""],"hcf_post_lugar":["Escuela de Posgrado Norbert Wiener - Facebook Live"],"hcf_post_ingreso":[""],"hcf_post_recomendados":[""],"hcf_post_anexos":[""],"hcf_post_email":[""],"hcf_post_url_face":["https:\/\/www.facebook.com\/events\/1304875353442185"],"hcf_fecha_blog":[""],"hcf_destacado_blog":[""],"hcf_imagenes":["a:0:{}"],"hcf_thumb_500":["https:\/\/posgrado.uwiener.edu.pe\/actividades\/wp-content\/uploads\/2023\/03\/500x82-1.jpg"],"hcf_thumb_1600":["https:\/\/posgrado.uwiener.edu.pe\/actividades\/wp-content\/uploads\/2023\/03\/1920x314-1.jpg"],"hcf_destacada":["https:\/\/posgrado.uwiener.edu.pe\/actividades\/wp-content\/uploads\/2023\/03\/1200x628-1.jpg"],"_edit_lock":["1679684908:4"],"_edit_last":["4"],"rank_math_og_content_image":["a:2:{s:5:\"check\";s:32:\"a542c0c2f9a5807e180940cef0fbf39a\";s:6:\"images\";a:0:{}}"],"rank_math_internal_links_processed":["1"]},"_links":{"self":[{"href":"https:\/\/posgrado.uwiener.edu.pe\/actividades\/wp-json\/wp\/v2\/evento\/2848"}],"collection":[{"href":"https:\/\/posgrado.uwiener.edu.pe\/actividades\/wp-json\/wp\/v2\/evento"}],"about":[{"href":"https:\/\/posgrado.uwiener.edu.pe\/actividades\/wp-json\/wp\/v2\/types\/evento"}],"wp:attachment":[{"href":"https:\/\/posgrado.uwiener.edu.pe\/actividades\/wp-json\/wp\/v2\/media?parent=2848"}],"wp:term":[{"taxonomy":"categoria-eventos","embeddable":true,"href":"https:\/\/posgrado.uwiener.edu.pe\/actividades\/wp-json\/wp\/v2\/categoria-eventos?post=2848"}],"curies":[{"name":"wp","href":"https:\/\/api.w.org\/{rel}","templated":true}]}}

Retos y Desafíos de la Auditoría en Ciberseguridad

<p><img loading="lazy" decoding="async" height="16" width="16" alt="💡" src="https://static.xx.fbcdn.net/images/emoji.php/v9/t3c/1/16/1f4a1.png">Participa de nuestro foro: «Retos y desafíos de la Auditoría en Ciberseguridad»</p>



<p>.</p>



<p><img loading="lazy" decoding="async" height="16" width="16" alt="✅" src="https://static.xx.fbcdn.net/images/emoji.php/v9/t33/1/16/2705.png">Transmisión vía Zoom y Facebook Live.</p>



<p>.</p>



<p><img loading="lazy" decoding="async" height="16" width="16" alt="👉" src="https://static.xx.fbcdn.net/images/emoji.php/v9/t51/1/16/1f449.png">&nbsp;Regístrate aquí para recibir el link de la transmisión:&nbsp;<a rel="noreferrer noopener" href="https://bit.ly/41xKM9q?fbclid=IwAR32MZyfio7d9-Jv964-SXrgiLRDBWpM6xHRbagIrG1L7bjkxZJ2aqQQxtE" target="_blank">https://bit.ly/3mH7fkA</a></p>



<p>.</p>



<p><img loading="lazy" decoding="async" height="16" width="16" alt="👨‍🏫" src="https://static.xx.fbcdn.net/images/emoji.php/v9/tb5/1/16/1f468_200d_1f3eb.png">Ponente:<br><strong>Moderador</strong>: <strong>Eddie Cueva Huanuco</strong><br>MBA. Funcionario en la Dirección de Gestión de Proyectos de la Contraloría General de la República.<br></p>



<p><strong>Tema: Informes de Auditoria de Ciberseguridad</strong><br><strong>Ing. Víctor Hugo La Rosa Torres &nbsp;</strong><br>Magister en Administración Estratégica de Empresas, acreditado con siete certificaciones internacionales en el campo de la seguridad, auditoría y tecnología de la información. Principal Manager of Security Operations del Banco BBVA Perú.</p>



<p>.</p>



<p><strong>Tema: Auditoría Interna en Ciberseguridad</strong><br><strong>Ing. Julio Soto Saititupac</strong><br>Magister en Gestión de Tecnología de Información, consultor independiente en Ciberseguridad, con experiencia como perito en Análisis Digital&nbsp;Forense.<br></p>



<p>.</p>



<p><strong>Tema: Los informes de Auditoría en Ciberseguridad y la Labor Pericia</strong>l<br><strong>Ing. Lizbardo Orellano Benancio</strong><br>Magister en Ciencia Criminalística, perito en análisis digital forense de la Unidad de Ciberdelincuencia del Ministerio Público.</p>



<p>.</p>



<p><strong>Tema: Auditoría Externa en Vulnerabilidades</strong><br><strong>Ing. Guido Rosales Uriona</strong><br>Master en Ciencia y Dirección Estratégica TI, consultor BID, USAID, con amplia experiencia en Ciberseguridad</p>

<p>Participa de nuestro foro: «Retos y desafíos de la Auditoría en Ciberseguridad» . Transmisión vía Zoom y Facebook Live. . &nbsp;Regístrate aquí para recibir el link de la transmisión:&nbsp;https://bit.ly/3mH7fkA . Ponente:Moderador: Eddie Cueva HuanucoMBA. Funcionario en la Dirección de Gestión de Proyectos de la Contraloría General de la República. Tema: Informes de Auditoria de CiberseguridadIng. [&hellip;]</p>
