
{"id":3016,"date":"2023-03-30T11:21:45","date_gmt":"2023-03-30T16:21:45","guid":{"rendered":"https:\/\/posgrado.uwiener.edu.pe\/actividades\/?post_type=evento&#038;p=3016"},"modified":"2023-03-31T11:35:09","modified_gmt":"2023-03-31T16:35:09","slug":"politica-de-inclusion-social-para-el-adulto-mayor","status":"publish","type":"evento","link":"https:\/\/posgrado.uwiener.edu.pe\/actividades\/evento\/politica-de-inclusion-social-para-el-adulto-mayor\/","title":{"rendered":"Pol\u00edtica de inclusi\u00f3n social para el adulto mayor"},"content":{"rendered":"\n<p><img loading=\"lazy\" decoding=\"async\" height=\"16\" width=\"16\" alt=\"\ud83d\udca1\" src=\"https:\/\/static.xx.fbcdn.net\/images\/emoji.php\/v9\/t3c\/1\/16\/1f4a1.png\">Participa de nuestro Webinar: \u00abPol\u00edtica de inclusi\u00f3n social para el adulto mayor\u00bb<\/p>\n\n\n\n<p>.<\/p>\n\n\n\n<p><img loading=\"lazy\" decoding=\"async\" height=\"16\" width=\"16\" alt=\"\u2705\" src=\"https:\/\/static.xx.fbcdn.net\/images\/emoji.php\/v9\/t33\/1\/16\/2705.png\">Transmisi\u00f3n v\u00eda Zoom y Facebook Live.<\/p>\n\n\n\n<p>.<\/p>\n\n\n\n<p><img loading=\"lazy\" decoding=\"async\" height=\"16\" width=\"16\" alt=\"\ud83d\udc49\" src=\"https:\/\/static.xx.fbcdn.net\/images\/emoji.php\/v9\/t51\/1\/16\/1f449.png\">&nbsp;Reg\u00edstrate aqu\u00ed para recibir el link de la transmisi\u00f3n:&nbsp;<a rel=\"noreferrer noopener\" href=\"https:\/\/bit.ly\/3lMKJqq?fbclid=IwAR3Ne-iEqTwd9vFwWaYYJ0-c4K8HG5BUrm_2y6RXrOQ26HkWSXnw6cXXbS8\" target=\"_blank\">https:\/\/bit.ly\/3lMKJqq<\/a><\/p>\n\n\n\n<p>.<\/p>\n\n\n\n<p><img loading=\"lazy\" decoding=\"async\" height=\"16\" width=\"16\" alt=\"\ud83d\udc68\u200d\ud83c\udfeb\" src=\"https:\/\/static.xx.fbcdn.net\/images\/emoji.php\/v9\/tb5\/1\/16\/1f468_200d_1f3eb.png\">Ponentes:<br><\/p>\n\n\n\n<p>Mg. Rosa Pretell Aguilar<br>Jefa de la unidad de proyectos y dise\u00f1o de intervenciones del Programa Pensi\u00f3n 65 _ MIDIS<br><\/p>\n\n\n\n<p>Mg. Ahmed Ag\u00fcero Collins<br>Coordinador de Gesti\u00f3n de la Evidencia y el Conocimiento en la Direcci\u00f3n General de Seguimiento y Evaluaci\u00f3n del MIDIS<\/p>\n","protected":false},"excerpt":{"rendered":"<p>Participa de nuestro Webinar: \u00abPol\u00edtica de inclusi\u00f3n social para el adulto mayor\u00bb . Transmisi\u00f3n v\u00eda Zoom y Facebook Live. . &nbsp;Reg\u00edstrate aqu\u00ed para recibir el link de la transmisi\u00f3n:&nbsp;https:\/\/bit.ly\/3lMKJqq . Ponentes: Mg. Rosa Pretell AguilarJefa de la unidad de proyectos y dise\u00f1o de intervenciones del Programa Pensi\u00f3n 65 _ MIDIS Mg. Ahmed Ag\u00fcero CollinsCoordinador de [&hellip;]<\/p>\n","protected":false},"featured_media":0,"parent":0,"template":"","categoria-eventos":[17,44],"class_list":["post-3016","evento","type-evento","status-publish","hentry","categoria-eventos-videoconferencias","categoria-eventos-webinar-gratuito"],"custom_fields_data":{"inline_featured_image":["0"],"hcf_post_fecha":["2023-04-04"],"hcf_post_timeI":["18:00"],"hcf_post_timeF":[""],"hcf_post_lugar":["Escuela de Posgrado Norbert Wiener - Facebook Live"],"hcf_post_ingreso":[""],"hcf_post_recomendados":[""],"hcf_post_anexos":[""],"hcf_post_email":[""],"hcf_post_url_face":["https:\/\/www.facebook.com\/events\/900104401050369\/?ref=newsfeed"],"hcf_fecha_blog":[""],"hcf_destacado_blog":[""],"hcf_imagenes":["a:0:{}"],"hcf_thumb_500":["https:\/\/posgrado.uwiener.edu.pe\/actividades\/wp-content\/uploads\/2023\/03\/500x82-99.jpg"],"hcf_thumb_1600":["https:\/\/posgrado.uwiener.edu.pe\/actividades\/wp-content\/uploads\/2023\/03\/1920x314-96-1.jpg"],"hcf_destacada":["https:\/\/posgrado.uwiener.edu.pe\/actividades\/wp-content\/uploads\/2023\/03\/1200x628-100.jpg"],"_edit_lock":["1680282835:4"],"_edit_last":["4"],"rank_math_og_content_image":["a:2:{s:5:\"check\";s:32:\"8a922ac0bc5152e42be968d54277cda8\";s:6:\"images\";a:0:{}}"],"rank_math_internal_links_processed":["1"]},"_links":{"self":[{"href":"https:\/\/posgrado.uwiener.edu.pe\/actividades\/wp-json\/wp\/v2\/evento\/3016"}],"collection":[{"href":"https:\/\/posgrado.uwiener.edu.pe\/actividades\/wp-json\/wp\/v2\/evento"}],"about":[{"href":"https:\/\/posgrado.uwiener.edu.pe\/actividades\/wp-json\/wp\/v2\/types\/evento"}],"wp:attachment":[{"href":"https:\/\/posgrado.uwiener.edu.pe\/actividades\/wp-json\/wp\/v2\/media?parent=3016"}],"wp:term":[{"taxonomy":"categoria-eventos","embeddable":true,"href":"https:\/\/posgrado.uwiener.edu.pe\/actividades\/wp-json\/wp\/v2\/categoria-eventos?post=3016"}],"curies":[{"name":"wp","href":"https:\/\/api.w.org\/{rel}","templated":true}]}}

Política de inclusión social para el adulto mayor

<p><img loading="lazy" decoding="async" height="16" width="16" alt="💡" src="https://static.xx.fbcdn.net/images/emoji.php/v9/t3c/1/16/1f4a1.png">Participa de nuestro Webinar: «Política de inclusión social para el adulto mayor»</p>



<p>.</p>



<p><img loading="lazy" decoding="async" height="16" width="16" alt="✅" src="https://static.xx.fbcdn.net/images/emoji.php/v9/t33/1/16/2705.png">Transmisión vía Zoom y Facebook Live.</p>



<p>.</p>



<p><img loading="lazy" decoding="async" height="16" width="16" alt="👉" src="https://static.xx.fbcdn.net/images/emoji.php/v9/t51/1/16/1f449.png">&nbsp;Regístrate aquí para recibir el link de la transmisión:&nbsp;<a rel="noreferrer noopener" href="https://bit.ly/3lMKJqq?fbclid=IwAR3Ne-iEqTwd9vFwWaYYJ0-c4K8HG5BUrm_2y6RXrOQ26HkWSXnw6cXXbS8" target="_blank">https://bit.ly/3lMKJqq</a></p>



<p>.</p>



<p><img loading="lazy" decoding="async" height="16" width="16" alt="👨‍🏫" src="https://static.xx.fbcdn.net/images/emoji.php/v9/tb5/1/16/1f468_200d_1f3eb.png">Ponentes:<br></p>



<p>Mg. Rosa Pretell Aguilar<br>Jefa de la unidad de proyectos y diseño de intervenciones del Programa Pensión 65 _ MIDIS<br></p>



<p>Mg. Ahmed Agüero Collins<br>Coordinador de Gestión de la Evidencia y el Conocimiento en la Dirección General de Seguimiento y Evaluación del MIDIS</p>

<p>Participa de nuestro Webinar: «Política de inclusión social para el adulto mayor» . Transmisión vía Zoom y Facebook Live. . &nbsp;Regístrate aquí para recibir el link de la transmisión:&nbsp;https://bit.ly/3lMKJqq . Ponentes: Mg. Rosa Pretell AguilarJefa de la unidad de proyectos y diseño de intervenciones del Programa Pensión 65 _ MIDIS Mg. Ahmed Agüero CollinsCoordinador de [&hellip;]</p>
