
{"id":3042,"date":"2023-04-12T15:08:04","date_gmt":"2023-04-12T20:08:04","guid":{"rendered":"https:\/\/posgrado.uwiener.edu.pe\/actividades\/?post_type=evento&#038;p=3042"},"modified":"2023-04-12T15:08:05","modified_gmt":"2023-04-12T20:08:05","slug":"quieres-ser-especialista-en-fisioterapia-cardiorrespiratoria","status":"publish","type":"evento","link":"https:\/\/posgrado.uwiener.edu.pe\/actividades\/evento\/quieres-ser-especialista-en-fisioterapia-cardiorrespiratoria\/","title":{"rendered":"\u00bfQuieres ser especialista en Fisioterapia Cardiorrespiratoria?"},"content":{"rendered":"\n<p><img loading=\"lazy\" decoding=\"async\" height=\"16\" width=\"16\" alt=\"\ud83d\udca1\" src=\"https:\/\/static.xx.fbcdn.net\/images\/emoji.php\/v9\/t3c\/1\/16\/1f4a1.png\">Participa de nuestro Webinar: \u00ab\u00bfQuieres ser especialista en Fisioterapia Cardiorrespiratoria?\u00bb<\/p>\n\n\n\n<p>.<\/p>\n\n\n\n<p><img loading=\"lazy\" decoding=\"async\" height=\"16\" width=\"16\" alt=\"\u2705\" src=\"https:\/\/static.xx.fbcdn.net\/images\/emoji.php\/v9\/t33\/1\/16\/2705.png\">Transmisi\u00f3n v\u00eda Zoom y Facebook Live.<\/p>\n\n\n\n<p>.<\/p>\n\n\n\n<p><img loading=\"lazy\" decoding=\"async\" height=\"16\" width=\"16\" alt=\"\ud83d\udc49\" src=\"https:\/\/static.xx.fbcdn.net\/images\/emoji.php\/v9\/t51\/1\/16\/1f449.png\">\u00a0Reg\u00edstrate aqu\u00ed para recibir el link de la transmisi\u00f3n:\u00a0<a rel=\"noreferrer noopener\" href=\"https:\/\/l.facebook.com\/l.php?u=https%3A%2F%2Fbit.ly%2F3TqA6WG%3Ffbclid%3DIwAR3SkyG1U8u4O3xwbe3sY4kphlNGGjCTGYk0dxEL4TF9i9Q8yl5cfriCTOg&amp;h=AT3uiybCrjN_e6AzUexb5zc_NmmeiZPUDU6b0oteDnVCBSPAcs4vugljwzIj_Grcx-zE_KBvmbnTChBcx-91edH1fZLBmIElGIDO81idLM9IS24Wd6D4rT01Us6kHnOuFyfL2QzRyP_oNNhDfA&amp;__tn__=q&amp;c[0]=AT0aOBuyh96Q48E3EJqWLUpWvpJqiBKBoUvy2D7HXZLIKkiOpQ_hw81kkzKKuYWHfxh_eFnxuj2D91sq9AO5t8ah92mO7Fzc5EOQlYOSecbue2WhlWuVU3EPc4p4O8M-4nQHRnboRPDnYro2MIWBtAU-shjZ\" target=\"_blank\">https:\/\/bit.ly\/3TqA6WG<\/a><\/p>\n\n\n\n<p>.<\/p>\n\n\n\n<p><img loading=\"lazy\" decoding=\"async\" height=\"16\" width=\"16\" alt=\"\ud83d\udc68\u200d\ud83c\udfeb\" src=\"https:\/\/static.xx.fbcdn.net\/images\/emoji.php\/v9\/tb5\/1\/16\/1f468_200d_1f3eb.png\">Ponentes:<br>MG. SANTOS CHERO PISFIL<br>Tecn\u00f3logo M\u00e9dico con segunda especialidad en Fisioterapia Cardiorrespiratoria. Labora en hospital Central Fuerza A\u00e9rea del Per\u00fa. Director del Centro Especializado RESPIRAND02.TEMA: RECUPERANDO LAS SECUELAS EN LOS PACIENTES CR\u00d3NICOS<br>LIC. MILTON SANTILL\u00c1N ZUTA<br>Tecn\u00f3logo M\u00e9dico con Segunda Especialidad en Fisioterapia Cardiorrespiratoria. Labora en el Hospital Almenara Irigoyen, Unidad de Cuidados Intensivos, Trasplante de \u00d3rganos.TEMA: INTERVENCI\u00d3N DEL FISIOTERAPEUTA CARDIORRESPIRATORIA EN LA UCI<\/p>\n\n\n\n<p>MG. CESAR FARJE NAPAN<br>Tecn\u00f3logo M\u00e9dico con segunda especialidad en Fisioterapia Cardiorrespiratoria. Labora en el Hospital Edgardo Rebagliati. Secretario Cient\u00edfico de la Asociaci\u00f3n de Fisioterapia Cardiorrespiratoria del Per\u00fa \u2013 AFICARE PER\u00daTEMA: \u00a1VIVE LA EXPERIENCIA DE UN FISIOTERAPEUTA CARDIORRESPIRATORIO EN ACCI\u00d3N!<\/p>\n","protected":false},"excerpt":{"rendered":"<p>Participa de nuestro Webinar: \u00ab\u00bfQuieres ser especialista en Fisioterapia Cardiorrespiratoria?\u00bb . Transmisi\u00f3n v\u00eda Zoom y Facebook Live. . \u00a0Reg\u00edstrate aqu\u00ed para recibir el link de la transmisi\u00f3n:\u00a0https:\/\/bit.ly\/3TqA6WG . Ponentes:MG. SANTOS CHERO PISFILTecn\u00f3logo M\u00e9dico con segunda especialidad en Fisioterapia Cardiorrespiratoria. Labora en hospital Central Fuerza A\u00e9rea del Per\u00fa. Director del Centro Especializado RESPIRAND02.TEMA: RECUPERANDO LAS SECUELAS [&hellip;]<\/p>\n","protected":false},"featured_media":0,"parent":0,"template":"","categoria-eventos":[17,44],"class_list":["post-3042","evento","type-evento","status-publish","hentry","categoria-eventos-videoconferencias","categoria-eventos-webinar-gratuito"],"custom_fields_data":{"inline_featured_image":["0"],"hcf_post_fecha":["2023-04-14"],"hcf_post_timeI":["19:00"],"hcf_post_timeF":[""],"hcf_post_lugar":["Escuela de Posgrado Norbert Wiener - Facebook Live"],"hcf_post_ingreso":[""],"hcf_post_recomendados":[""],"hcf_post_anexos":[""],"hcf_post_email":[""],"hcf_post_url_face":["https:\/\/www.facebook.com\/events\/232375049449993"],"hcf_fecha_blog":[""],"hcf_destacado_blog":[""],"hcf_imagenes":["a:0:{}"],"hcf_thumb_500":["https:\/\/posgrado.uwiener.edu.pe\/actividades\/wp-content\/uploads\/2023\/04\/500x82-2023-04-12T151012.708.jpg"],"hcf_thumb_1600":["https:\/\/posgrado.uwiener.edu.pe\/actividades\/wp-content\/uploads\/2023\/04\/1920x314-98.jpg"],"hcf_destacada":["https:\/\/posgrado.uwiener.edu.pe\/actividades\/wp-content\/uploads\/2023\/04\/1200x628-2023-04-12T151009.443.jpg"],"_edit_lock":["1682539695:4"],"_edit_last":["4"],"rank_math_og_content_image":["a:2:{s:5:\"check\";s:32:\"fb5e9ca64d66a1d06ce7156f0c1ab167\";s:6:\"images\";a:0:{}}"],"rank_math_internal_links_processed":["1"]},"_links":{"self":[{"href":"https:\/\/posgrado.uwiener.edu.pe\/actividades\/wp-json\/wp\/v2\/evento\/3042"}],"collection":[{"href":"https:\/\/posgrado.uwiener.edu.pe\/actividades\/wp-json\/wp\/v2\/evento"}],"about":[{"href":"https:\/\/posgrado.uwiener.edu.pe\/actividades\/wp-json\/wp\/v2\/types\/evento"}],"wp:attachment":[{"href":"https:\/\/posgrado.uwiener.edu.pe\/actividades\/wp-json\/wp\/v2\/media?parent=3042"}],"wp:term":[{"taxonomy":"categoria-eventos","embeddable":true,"href":"https:\/\/posgrado.uwiener.edu.pe\/actividades\/wp-json\/wp\/v2\/categoria-eventos?post=3042"}],"curies":[{"name":"wp","href":"https:\/\/api.w.org\/{rel}","templated":true}]}}

<p><img loading="lazy" decoding="async" height="16" width="16" alt="💡" src="https://static.xx.fbcdn.net/images/emoji.php/v9/t3c/1/16/1f4a1.png">Participa de nuestro Webinar: «¿Quieres ser especialista en Fisioterapia Cardiorrespiratoria?»</p>



<p>.</p>



<p><img loading="lazy" decoding="async" height="16" width="16" alt="✅" src="https://static.xx.fbcdn.net/images/emoji.php/v9/t33/1/16/2705.png">Transmisión vía Zoom y Facebook Live.</p>



<p>.</p>



<p><img loading="lazy" decoding="async" height="16" width="16" alt="👉" src="https://static.xx.fbcdn.net/images/emoji.php/v9/t51/1/16/1f449.png"> Regístrate aquí para recibir el link de la transmisión: <a rel="noreferrer noopener" href="https://l.facebook.com/l.php?u=https%3A%2F%2Fbit.ly%2F3TqA6WG%3Ffbclid%3DIwAR3SkyG1U8u4O3xwbe3sY4kphlNGGjCTGYk0dxEL4TF9i9Q8yl5cfriCTOg&amp;h=AT3uiybCrjN_e6AzUexb5zc_NmmeiZPUDU6b0oteDnVCBSPAcs4vugljwzIj_Grcx-zE_KBvmbnTChBcx-91edH1fZLBmIElGIDO81idLM9IS24Wd6D4rT01Us6kHnOuFyfL2QzRyP_oNNhDfA&amp;__tn__=q&amp;c[0]=AT0aOBuyh96Q48E3EJqWLUpWvpJqiBKBoUvy2D7HXZLIKkiOpQ_hw81kkzKKuYWHfxh_eFnxuj2D91sq9AO5t8ah92mO7Fzc5EOQlYOSecbue2WhlWuVU3EPc4p4O8M-4nQHRnboRPDnYro2MIWBtAU-shjZ" target="_blank">https://bit.ly/3TqA6WG</a></p>



<p>.</p>



<p><img loading="lazy" decoding="async" height="16" width="16" alt="👨‍🏫" src="https://static.xx.fbcdn.net/images/emoji.php/v9/tb5/1/16/1f468_200d_1f3eb.png">Ponentes:<br>MG. SANTOS CHERO PISFIL<br>Tecnólogo Médico con segunda especialidad en Fisioterapia Cardiorrespiratoria. Labora en hospital Central Fuerza Aérea del Perú. Director del Centro Especializado RESPIRAND02.TEMA: RECUPERANDO LAS SECUELAS EN LOS PACIENTES CRÓNICOS<br>LIC. MILTON SANTILLÁN ZUTA<br>Tecnólogo Médico con Segunda Especialidad en Fisioterapia Cardiorrespiratoria. Labora en el Hospital Almenara Irigoyen, Unidad de Cuidados Intensivos, Trasplante de Órganos.TEMA: INTERVENCIÓN DEL FISIOTERAPEUTA CARDIORRESPIRATORIA EN LA UCI</p>



<p>MG. CESAR FARJE NAPAN<br>Tecnólogo Médico con segunda especialidad en Fisioterapia Cardiorrespiratoria. Labora en el Hospital Edgardo Rebagliati. Secretario Científico de la Asociación de Fisioterapia Cardiorrespiratoria del Perú – AFICARE PERÚTEMA: ¡VIVE LA EXPERIENCIA DE UN FISIOTERAPEUTA CARDIORRESPIRATORIO EN ACCIÓN!</p>

<p>Participa de nuestro Webinar: «¿Quieres ser especialista en Fisioterapia Cardiorrespiratoria?» . Transmisión vía Zoom y Facebook Live. .  Regístrate aquí para recibir el link de la transmisión: https://bit.ly/3TqA6WG . Ponentes:MG. SANTOS CHERO PISFILTecnólogo Médico con segunda especialidad en Fisioterapia Cardiorrespiratoria. Labora en hospital Central Fuerza Aérea del Perú. Director del Centro Especializado RESPIRAND02.TEMA: RECUPERANDO LAS SECUELAS [&hellip;]</p>
