
{"id":3047,"date":"2023-04-18T18:08:15","date_gmt":"2023-04-18T23:08:15","guid":{"rendered":"https:\/\/posgrado.uwiener.edu.pe\/actividades\/?post_type=evento&#038;p=3047"},"modified":"2023-04-21T13:44:39","modified_gmt":"2023-04-21T18:44:39","slug":"teletrabajo","status":"publish","type":"evento","link":"https:\/\/posgrado.uwiener.edu.pe\/actividades\/evento\/teletrabajo\/","title":{"rendered":"Teletrabajo seguro y saludable"},"content":{"rendered":"\n<p><img loading=\"lazy\" decoding=\"async\" height=\"16\" width=\"16\" alt=\"\ud83d\udca1\" src=\"https:\/\/static.xx.fbcdn.net\/images\/emoji.php\/v9\/t3c\/1\/16\/1f4a1.png\">Participa de nuestro Webinar: \u00abTeletrabajo seguro y saludable\u00bb<\/p>\n\n\n\n<p>.<\/p>\n\n\n\n<p><img loading=\"lazy\" decoding=\"async\" height=\"16\" width=\"16\" alt=\"\u2705\" src=\"https:\/\/static.xx.fbcdn.net\/images\/emoji.php\/v9\/t33\/1\/16\/2705.png\">Transmisi\u00f3n v\u00eda Zoom y Facebook Live<\/p>\n\n\n\n<p>.<\/p>\n\n\n\n<p><img loading=\"lazy\" decoding=\"async\" height=\"16\" width=\"16\" alt=\"\ud83d\udc49\" src=\"https:\/\/static.xx.fbcdn.net\/images\/emoji.php\/v9\/t51\/1\/16\/1f449.png\">&nbsp;Reg\u00edstrate aqu\u00ed para recibir el link de la transmisi\u00f3n:&nbsp;<a rel=\"noreferrer noopener\" href=\"https:\/\/l.facebook.com\/l.php?u=https%3A%2F%2Fbit.ly%2F43GCv4a%3Ffbclid%3DIwAR3NgMRT-I7H9XAUQ2XPfaFrKOANzi0df-ptacXd484mSKv3jZjfKalj5nA&amp;h=AT3CBsH7ePg4icvV2YmXKg_UsQYaetKd-wCovWBnMuh9J2eetoAGPqjyKrPYkFXdHua6Dgi9BtLzSvYQzxWnF9ZZEI7l4FA0kA9b0olm1Zo5p11t36QyRFugBNWB-2gOy_OWPNXpt429pRROUQ&amp;__tn__=q&amp;c[0]=AT33v4_qTIBsEW7-2TvsgwGvOtDESivyvA0iHXrvPa1nXvEIj2L_AB_4naH5maLBd-nWXPIOzQCjZF2IMLOAc_KETqG1ReLi-aFeOoxiQ5dgQdA3HMt8E809pIIR9okGaV876CRqslGZPeaJb6AxveVK6W6P\" target=\"_blank\">https:\/\/bit.ly\/43GCv4a<\/a><\/p>\n\n\n\n<p>.<\/p>\n\n\n\n<p><img loading=\"lazy\" decoding=\"async\" height=\"16\" width=\"16\" alt=\"\ud83d\udc68\u200d\ud83c\udfeb\" src=\"https:\/\/static.xx.fbcdn.net\/images\/emoji.php\/v9\/tb5\/1\/16\/1f468_200d_1f3eb.png\">Ponente:<br>Mg. Sylvana Efigenia Velazco C\u00e9spedes<br>Master en Prevenci\u00f3n de Riesgos Laborales, Calidad y Medio Ambiente por la Universidad de Valladolid \u2013 Espa\u00f1a. MBA &#8211; ESAN.Consultora Internacional de seguridad de procesos y seguridad ocupacional en Colombia, Guatemala y Per\u00fa, para el sector hidrocarburos y minero<\/p>\n\n\n\n<p><br><\/p>\n\n\n\n<p>Mg. Juan Carlos Palomino Balde\u00f3n<br>M\u00e9dico con segunda especialidad en Medicina Ocupacional y Medio Ambiente.<br>M\u00e9dico especialista en Cl\u00ednica del Trabajador<br>Expresidente del Consejo Directivo de la Sociedad de Medicina Ocupacional y Medio Ambiente (SOMOMA)<\/p>\n","protected":false},"excerpt":{"rendered":"<p>Participa de nuestro Webinar: \u00abTeletrabajo seguro y saludable\u00bb . Transmisi\u00f3n v\u00eda Zoom y Facebook Live . &nbsp;Reg\u00edstrate aqu\u00ed para recibir el link de la transmisi\u00f3n:&nbsp;https:\/\/bit.ly\/43GCv4a . Ponente:Mg. Sylvana Efigenia Velazco C\u00e9spedesMaster en Prevenci\u00f3n de Riesgos Laborales, Calidad y Medio Ambiente por la Universidad de Valladolid \u2013 Espa\u00f1a. MBA &#8211; ESAN.Consultora Internacional de seguridad de procesos [&hellip;]<\/p>\n","protected":false},"featured_media":0,"parent":0,"template":"","categoria-eventos":[17,44],"class_list":["post-3047","evento","type-evento","status-publish","hentry","categoria-eventos-videoconferencias","categoria-eventos-webinar-gratuito"],"custom_fields_data":{"inline_featured_image":["0"],"hcf_post_fecha":["2023-05-04"],"hcf_post_timeI":["19:00"],"hcf_post_timeF":[""],"hcf_post_lugar":["Escuela de Posgrado Norbert Wiener - Facebook Live"],"hcf_post_ingreso":[""],"hcf_post_recomendados":[""],"hcf_post_anexos":[""],"hcf_post_email":[""],"hcf_post_url_face":["https:\/\/www.facebook.com\/events\/1168383087098866"],"hcf_fecha_blog":[""],"hcf_destacado_blog":[""],"hcf_imagenes":["a:0:{}"],"hcf_thumb_500":["https:\/\/posgrado.uwiener.edu.pe\/actividades\/wp-content\/uploads\/2023\/04\/500x82-2023-04-18T181030.662.jpg"],"hcf_thumb_1600":["https:\/\/posgrado.uwiener.edu.pe\/actividades\/wp-content\/uploads\/2023\/04\/1920x314-99.jpg"],"hcf_destacada":["https:\/\/posgrado.uwiener.edu.pe\/actividades\/wp-content\/uploads\/2023\/04\/1200x628-2023-04-18T181027.165.jpg"],"_edit_lock":["1683148535:4"],"_edit_last":["4"],"rank_math_og_content_image":["a:2:{s:5:\"check\";s:32:\"1b8a1bbf18fc405df3dbd535b33ceec2\";s:6:\"images\";a:0:{}}"],"rank_math_internal_links_processed":["1"]},"_links":{"self":[{"href":"https:\/\/posgrado.uwiener.edu.pe\/actividades\/wp-json\/wp\/v2\/evento\/3047"}],"collection":[{"href":"https:\/\/posgrado.uwiener.edu.pe\/actividades\/wp-json\/wp\/v2\/evento"}],"about":[{"href":"https:\/\/posgrado.uwiener.edu.pe\/actividades\/wp-json\/wp\/v2\/types\/evento"}],"wp:attachment":[{"href":"https:\/\/posgrado.uwiener.edu.pe\/actividades\/wp-json\/wp\/v2\/media?parent=3047"}],"wp:term":[{"taxonomy":"categoria-eventos","embeddable":true,"href":"https:\/\/posgrado.uwiener.edu.pe\/actividades\/wp-json\/wp\/v2\/categoria-eventos?post=3047"}],"curies":[{"name":"wp","href":"https:\/\/api.w.org\/{rel}","templated":true}]}}

<p><img loading="lazy" decoding="async" height="16" width="16" alt="💡" src="https://static.xx.fbcdn.net/images/emoji.php/v9/t3c/1/16/1f4a1.png">Participa de nuestro Webinar: «Teletrabajo seguro y saludable»</p>



<p>.</p>



<p><img loading="lazy" decoding="async" height="16" width="16" alt="✅" src="https://static.xx.fbcdn.net/images/emoji.php/v9/t33/1/16/2705.png">Transmisión vía Zoom y Facebook Live</p>



<p>.</p>



<p><img loading="lazy" decoding="async" height="16" width="16" alt="👉" src="https://static.xx.fbcdn.net/images/emoji.php/v9/t51/1/16/1f449.png">&nbsp;Regístrate aquí para recibir el link de la transmisión:&nbsp;<a rel="noreferrer noopener" href="https://l.facebook.com/l.php?u=https%3A%2F%2Fbit.ly%2F43GCv4a%3Ffbclid%3DIwAR3NgMRT-I7H9XAUQ2XPfaFrKOANzi0df-ptacXd484mSKv3jZjfKalj5nA&amp;h=AT3CBsH7ePg4icvV2YmXKg_UsQYaetKd-wCovWBnMuh9J2eetoAGPqjyKrPYkFXdHua6Dgi9BtLzSvYQzxWnF9ZZEI7l4FA0kA9b0olm1Zo5p11t36QyRFugBNWB-2gOy_OWPNXpt429pRROUQ&amp;__tn__=q&amp;c[0]=AT33v4_qTIBsEW7-2TvsgwGvOtDESivyvA0iHXrvPa1nXvEIj2L_AB_4naH5maLBd-nWXPIOzQCjZF2IMLOAc_KETqG1ReLi-aFeOoxiQ5dgQdA3HMt8E809pIIR9okGaV876CRqslGZPeaJb6AxveVK6W6P" target="_blank">https://bit.ly/43GCv4a</a></p>



<p>.</p>



<p><img loading="lazy" decoding="async" height="16" width="16" alt="👨‍🏫" src="https://static.xx.fbcdn.net/images/emoji.php/v9/tb5/1/16/1f468_200d_1f3eb.png">Ponente:<br>Mg. Sylvana Efigenia Velazco Céspedes<br>Master en Prevención de Riesgos Laborales, Calidad y Medio Ambiente por la Universidad de Valladolid – España. MBA &#8211; ESAN.Consultora Internacional de seguridad de procesos y seguridad ocupacional en Colombia, Guatemala y Perú, para el sector hidrocarburos y minero</p>



<p><br></p>



<p>Mg. Juan Carlos Palomino Baldeón<br>Médico con segunda especialidad en Medicina Ocupacional y Medio Ambiente.<br>Médico especialista en Clínica del Trabajador<br>Expresidente del Consejo Directivo de la Sociedad de Medicina Ocupacional y Medio Ambiente (SOMOMA)</p>

<p>Participa de nuestro Webinar: «Teletrabajo seguro y saludable» . Transmisión vía Zoom y Facebook Live . &nbsp;Regístrate aquí para recibir el link de la transmisión:&nbsp;https://bit.ly/43GCv4a . Ponente:Mg. Sylvana Efigenia Velazco CéspedesMaster en Prevención de Riesgos Laborales, Calidad y Medio Ambiente por la Universidad de Valladolid – España. MBA &#8211; ESAN.Consultora Internacional de seguridad de procesos [&hellip;]</p>
