
{"id":3083,"date":"2023-05-04T16:41:09","date_gmt":"2023-05-04T21:41:09","guid":{"rendered":"https:\/\/posgrado.uwiener.edu.pe\/actividades\/?post_type=evento&#038;p=3083"},"modified":"2023-05-06T10:55:54","modified_gmt":"2023-05-06T15:55:54","slug":"foro-internacional-retos-del-profesional-de-enfermeria-en-la-era-digital","status":"publish","type":"evento","link":"https:\/\/posgrado.uwiener.edu.pe\/actividades\/evento\/foro-internacional-retos-del-profesional-de-enfermeria-en-la-era-digital\/","title":{"rendered":"Foro Internacional: Retos del profesional de enfermer\u00eda en la era digital"},"content":{"rendered":"\n<p><img loading=\"lazy\" decoding=\"async\" height=\"16\" width=\"16\" alt=\"\ud83d\udca1\" src=\"https:\/\/static.xx.fbcdn.net\/images\/emoji.php\/v9\/t3c\/1\/16\/1f4a1.png\">Participa de nuestro Foro Internacional: \u00abRetos del profesional de enfermer\u00eda en la era digital\u00bb<\/p>\n\n\n\n<p>.<\/p>\n\n\n\n<p><img loading=\"lazy\" decoding=\"async\" height=\"16\" width=\"16\" alt=\"\u2705\" src=\"https:\/\/static.xx.fbcdn.net\/images\/emoji.php\/v9\/t33\/1\/16\/2705.png\">Transmisi\u00f3n v\u00eda Zoom y Facebook Live.<\/p>\n\n\n\n<p>.<\/p>\n\n\n\n<p><img loading=\"lazy\" decoding=\"async\" height=\"16\" width=\"16\" alt=\"\ud83d\udc49\" src=\"https:\/\/static.xx.fbcdn.net\/images\/emoji.php\/v9\/t51\/1\/16\/1f449.png\">&nbsp;Reg\u00edstrate aqu\u00ed para recibir el link de la transmisi\u00f3n:&nbsp;<a rel=\"noreferrer noopener\" href=\"https:\/\/bit.ly\/3NT1pbt?fbclid=IwAR1e0O13mJKTGwo9HsND3HBSEVGrwjib1xUBWAz1kvgy-knBPemAvchJse4\" target=\"_blank\">https:\/\/bit.ly\/3NT1pbt<\/a><\/p>\n\n\n\n<p>.<\/p>\n\n\n\n<p><img loading=\"lazy\" decoding=\"async\" height=\"16\" width=\"16\" alt=\"\ud83d\udc68\u200d\ud83c\udfeb\" src=\"https:\/\/static.xx.fbcdn.net\/images\/emoji.php\/v9\/tb5\/1\/16\/1f468_200d_1f3eb.png\">Ponentes:<br>Dr. Rodolfo Ar\u00e9valo<br>Tema: Importancia del registro enfermero inform\u00e1tico<\/p>\n\n\n\n<p>Mg. Santiago Ortu\u00f1o P\u00e9rez<br>Tema: Enfermer\u00eda pericial y proceso<\/p>\n\n\n\n<p>Dra. Ana Lilia Fletes Rayas<br>Tema: Retos en la investigaci\u00f3n<\/p>\n","protected":false},"excerpt":{"rendered":"<p>Participa de nuestro Foro Internacional: \u00abRetos del profesional de enfermer\u00eda en la era digital\u00bb . Transmisi\u00f3n v\u00eda Zoom y Facebook Live. . &nbsp;Reg\u00edstrate aqu\u00ed para recibir el link de la transmisi\u00f3n:&nbsp;https:\/\/bit.ly\/3NT1pbt . Ponentes:Dr. Rodolfo Ar\u00e9valoTema: Importancia del registro enfermero inform\u00e1tico Mg. Santiago Ortu\u00f1o P\u00e9rezTema: Enfermer\u00eda pericial y proceso Dra. Ana Lilia Fletes RayasTema: Retos en [&hellip;]<\/p>\n","protected":false},"featured_media":0,"parent":0,"template":"","categoria-eventos":[17,44],"class_list":["post-3083","evento","type-evento","status-publish","hentry","categoria-eventos-videoconferencias","categoria-eventos-webinar-gratuito"],"custom_fields_data":{"inline_featured_image":["0"],"hcf_post_fecha":["2023-05-12"],"hcf_post_timeI":["18:00"],"hcf_post_timeF":[""],"hcf_post_lugar":["Escuela de Posgrado Norbert Wiener - Facebook Live"],"hcf_post_ingreso":[""],"hcf_post_recomendados":[""],"hcf_post_anexos":[""],"hcf_post_email":[""],"hcf_post_url_face":["https:\/\/www.facebook.com\/events\/938158104271181"],"hcf_fecha_blog":[""],"hcf_destacado_blog":[""],"hcf_imagenes":["a:0:{}"],"hcf_thumb_500":["https:\/\/posgrado.uwiener.edu.pe\/actividades\/wp-content\/uploads\/2023\/05\/500x82-6.jpg"],"hcf_thumb_1600":["https:\/\/posgrado.uwiener.edu.pe\/actividades\/wp-content\/uploads\/2023\/05\/1920x314-6.jpg"],"hcf_destacada":["https:\/\/posgrado.uwiener.edu.pe\/actividades\/wp-content\/uploads\/2023\/05\/1200x628-6.jpg"],"_edit_lock":["1683388556:4"],"_edit_last":["4"],"rank_math_og_content_image":["a:2:{s:5:\"check\";s:32:\"b856fc25797181a8f77691be5c2ce74a\";s:6:\"images\";a:0:{}}"],"rank_math_internal_links_processed":["1"]},"_links":{"self":[{"href":"https:\/\/posgrado.uwiener.edu.pe\/actividades\/wp-json\/wp\/v2\/evento\/3083"}],"collection":[{"href":"https:\/\/posgrado.uwiener.edu.pe\/actividades\/wp-json\/wp\/v2\/evento"}],"about":[{"href":"https:\/\/posgrado.uwiener.edu.pe\/actividades\/wp-json\/wp\/v2\/types\/evento"}],"wp:attachment":[{"href":"https:\/\/posgrado.uwiener.edu.pe\/actividades\/wp-json\/wp\/v2\/media?parent=3083"}],"wp:term":[{"taxonomy":"categoria-eventos","embeddable":true,"href":"https:\/\/posgrado.uwiener.edu.pe\/actividades\/wp-json\/wp\/v2\/categoria-eventos?post=3083"}],"curies":[{"name":"wp","href":"https:\/\/api.w.org\/{rel}","templated":true}]}}

Foro Internacional: Retos del profesional de enfermería en la era digital

<p><img loading="lazy" decoding="async" height="16" width="16" alt="💡" src="https://static.xx.fbcdn.net/images/emoji.php/v9/t3c/1/16/1f4a1.png">Participa de nuestro Foro Internacional: «Retos del profesional de enfermería en la era digital»</p>



<p>.</p>



<p><img loading="lazy" decoding="async" height="16" width="16" alt="✅" src="https://static.xx.fbcdn.net/images/emoji.php/v9/t33/1/16/2705.png">Transmisión vía Zoom y Facebook Live.</p>



<p>.</p>



<p><img loading="lazy" decoding="async" height="16" width="16" alt="👉" src="https://static.xx.fbcdn.net/images/emoji.php/v9/t51/1/16/1f449.png">&nbsp;Regístrate aquí para recibir el link de la transmisión:&nbsp;<a rel="noreferrer noopener" href="https://bit.ly/3NT1pbt?fbclid=IwAR1e0O13mJKTGwo9HsND3HBSEVGrwjib1xUBWAz1kvgy-knBPemAvchJse4" target="_blank">https://bit.ly/3NT1pbt</a></p>



<p>.</p>



<p><img loading="lazy" decoding="async" height="16" width="16" alt="👨‍🏫" src="https://static.xx.fbcdn.net/images/emoji.php/v9/tb5/1/16/1f468_200d_1f3eb.png">Ponentes:<br>Dr. Rodolfo Arévalo<br>Tema: Importancia del registro enfermero informático</p>



<p>Mg. Santiago Ortuño Pérez<br>Tema: Enfermería pericial y proceso</p>



<p>Dra. Ana Lilia Fletes Rayas<br>Tema: Retos en la investigación</p>

<p>Participa de nuestro Foro Internacional: «Retos del profesional de enfermería en la era digital» . Transmisión vía Zoom y Facebook Live. . &nbsp;Regístrate aquí para recibir el link de la transmisión:&nbsp;https://bit.ly/3NT1pbt . Ponentes:Dr. Rodolfo ArévaloTema: Importancia del registro enfermero informático Mg. Santiago Ortuño PérezTema: Enfermería pericial y proceso Dra. Ana Lilia Fletes RayasTema: Retos en [&hellip;]</p>
