
{"id":3113,"date":"2023-05-08T15:49:24","date_gmt":"2023-05-08T20:49:24","guid":{"rendered":"https:\/\/posgrado.uwiener.edu.pe\/actividades\/?post_type=evento&#038;p=3113"},"modified":"2023-05-08T15:49:24","modified_gmt":"2023-05-08T20:49:24","slug":"nuevos-estandares-de-atencion-en-nutricion-clinica","status":"publish","type":"evento","link":"https:\/\/posgrado.uwiener.edu.pe\/actividades\/evento\/nuevos-estandares-de-atencion-en-nutricion-clinica\/","title":{"rendered":"Nuevos est\u00e1ndares de atenci\u00f3n en Nutrici\u00f3n Cl\u00ednica"},"content":{"rendered":"\n<p><img loading=\"lazy\" decoding=\"async\" height=\"16\" width=\"16\" alt=\"\ud83d\udca1\" src=\"https:\/\/static.xx.fbcdn.net\/images\/emoji.php\/v9\/t3c\/1\/16\/1f4a1.png\">Participa de nuestro Webinar: \u00abNuevos est\u00e1ndares de atenci\u00f3n en Nutrici\u00f3n Cl\u00ednica\u00bb<\/p>\n\n\n\n<p>.<\/p>\n\n\n\n<p><img loading=\"lazy\" decoding=\"async\" height=\"16\" width=\"16\" alt=\"\u2705\" src=\"https:\/\/static.xx.fbcdn.net\/images\/emoji.php\/v9\/t33\/1\/16\/2705.png\">Transmisi\u00f3n v\u00eda Zoom y Facebook Live.<\/p>\n\n\n\n<p>.<\/p>\n\n\n\n<p><img loading=\"lazy\" decoding=\"async\" height=\"16\" width=\"16\" alt=\"\ud83d\udc49\" src=\"https:\/\/static.xx.fbcdn.net\/images\/emoji.php\/v9\/t51\/1\/16\/1f449.png\">\u00a0Reg\u00edstrate aqu\u00ed para recibir el link de la transmisi\u00f3n:\u00a0<a rel=\"noreferrer noopener\" href=\"https:\/\/bit.ly\/3NPfKFt?fbclid=IwAR0bJJ3xbmSCuF8c7t9KWOcJW98Jf0Zi6qg1ZTFENOiEETOTClFj-bcNulM\" target=\"_blank\">https:\/\/bit.ly\/3NPfKFt<\/a><\/p>\n\n\n\n<p>.<\/p>\n\n\n\n<p><\/p>\n\n\n\n<p><img loading=\"lazy\" decoding=\"async\" height=\"16\" width=\"16\" alt=\"\ud83d\udc68\u200d\ud83c\udfeb\" src=\"https:\/\/static.xx.fbcdn.net\/images\/emoji.php\/v9\/tb5\/1\/16\/1f468_200d_1f3eb.png\">Ponente:<br>Patricia Helena Flores Molano<br>Nutricionista Dietista Universidad Nacional de Colombia<br>Especialista en Promoci\u00f3n en Salud Universidad Nacional de Colombia<br>Especialista en Nutrici\u00f3n Cl\u00ednica con menci\u00f3n en Nutrici\u00f3n oncol\u00f3gica Universidad Norbert Wiener Per\u00fa<\/p>\n","protected":false},"excerpt":{"rendered":"<p>Participa de nuestro Webinar: \u00abNuevos est\u00e1ndares de atenci\u00f3n en Nutrici\u00f3n Cl\u00ednica\u00bb . Transmisi\u00f3n v\u00eda Zoom y Facebook Live. . \u00a0Reg\u00edstrate aqu\u00ed para recibir el link de la transmisi\u00f3n:\u00a0https:\/\/bit.ly\/3NPfKFt . Ponente:Patricia Helena Flores MolanoNutricionista Dietista Universidad Nacional de ColombiaEspecialista en Promoci\u00f3n en Salud Universidad Nacional de ColombiaEspecialista en Nutrici\u00f3n Cl\u00ednica con menci\u00f3n en Nutrici\u00f3n oncol\u00f3gica Universidad [&hellip;]<\/p>\n","protected":false},"featured_media":0,"parent":0,"template":"","categoria-eventos":[17,44],"class_list":["post-3113","evento","type-evento","status-publish","hentry","categoria-eventos-videoconferencias","categoria-eventos-webinar-gratuito"],"custom_fields_data":{"inline_featured_image":["0"],"hcf_post_fecha":["2023-05-16"],"hcf_post_timeI":["20:00"],"hcf_post_timeF":[""],"hcf_post_lugar":["Escuela de Posgrado Norbert Wiener - Facebook Live"],"hcf_post_ingreso":[""],"hcf_post_recomendados":[""],"hcf_post_anexos":[""],"hcf_post_email":[""],"hcf_post_url_face":["https:\/\/www.facebook.com\/events\/1369349826973251"],"hcf_fecha_blog":[""],"hcf_destacado_blog":[""],"hcf_imagenes":["a:0:{}"],"hcf_thumb_500":["https:\/\/posgrado.uwiener.edu.pe\/actividades\/wp-content\/uploads\/2023\/05\/500x82-9.jpg"],"hcf_thumb_1600":["https:\/\/posgrado.uwiener.edu.pe\/actividades\/wp-content\/uploads\/2023\/05\/1920x314-9.jpg"],"hcf_destacada":["https:\/\/posgrado.uwiener.edu.pe\/actividades\/wp-content\/uploads\/2023\/05\/1200x628-9.jpg"],"_edit_lock":["1683578965:4"],"_edit_last":["4"],"rank_math_og_content_image":["a:2:{s:5:\"check\";s:32:\"2aae4bfcae6f7a6610b7524c2a11d3fb\";s:6:\"images\";a:0:{}}"],"rank_math_internal_links_processed":["1"]},"_links":{"self":[{"href":"https:\/\/posgrado.uwiener.edu.pe\/actividades\/wp-json\/wp\/v2\/evento\/3113"}],"collection":[{"href":"https:\/\/posgrado.uwiener.edu.pe\/actividades\/wp-json\/wp\/v2\/evento"}],"about":[{"href":"https:\/\/posgrado.uwiener.edu.pe\/actividades\/wp-json\/wp\/v2\/types\/evento"}],"wp:attachment":[{"href":"https:\/\/posgrado.uwiener.edu.pe\/actividades\/wp-json\/wp\/v2\/media?parent=3113"}],"wp:term":[{"taxonomy":"categoria-eventos","embeddable":true,"href":"https:\/\/posgrado.uwiener.edu.pe\/actividades\/wp-json\/wp\/v2\/categoria-eventos?post=3113"}],"curies":[{"name":"wp","href":"https:\/\/api.w.org\/{rel}","templated":true}]}}

Nuevos estándares de atención en Nutrición Clínica

<p><img loading="lazy" decoding="async" height="16" width="16" alt="💡" src="https://static.xx.fbcdn.net/images/emoji.php/v9/t3c/1/16/1f4a1.png">Participa de nuestro Webinar: «Nuevos estándares de atención en Nutrición Clínica»</p>



<p>.</p>



<p><img loading="lazy" decoding="async" height="16" width="16" alt="✅" src="https://static.xx.fbcdn.net/images/emoji.php/v9/t33/1/16/2705.png">Transmisión vía Zoom y Facebook Live.</p>



<p>.</p>



<p><img loading="lazy" decoding="async" height="16" width="16" alt="👉" src="https://static.xx.fbcdn.net/images/emoji.php/v9/t51/1/16/1f449.png"> Regístrate aquí para recibir el link de la transmisión: <a rel="noreferrer noopener" href="https://bit.ly/3NPfKFt?fbclid=IwAR0bJJ3xbmSCuF8c7t9KWOcJW98Jf0Zi6qg1ZTFENOiEETOTClFj-bcNulM" target="_blank">https://bit.ly/3NPfKFt</a></p>



<p>.</p>



<p></p>



<p><img loading="lazy" decoding="async" height="16" width="16" alt="👨‍🏫" src="https://static.xx.fbcdn.net/images/emoji.php/v9/tb5/1/16/1f468_200d_1f3eb.png">Ponente:<br>Patricia Helena Flores Molano<br>Nutricionista Dietista Universidad Nacional de Colombia<br>Especialista en Promoción en Salud Universidad Nacional de Colombia<br>Especialista en Nutrición Clínica con mención en Nutrición oncológica Universidad Norbert Wiener Perú</p>

<p>Participa de nuestro Webinar: «Nuevos estándares de atención en Nutrición Clínica» . Transmisión vía Zoom y Facebook Live. .  Regístrate aquí para recibir el link de la transmisión: https://bit.ly/3NPfKFt . Ponente:Patricia Helena Flores MolanoNutricionista Dietista Universidad Nacional de ColombiaEspecialista en Promoción en Salud Universidad Nacional de ColombiaEspecialista en Nutrición Clínica con mención en Nutrición oncológica Universidad [&hellip;]</p>
