
{"id":3140,"date":"2023-05-12T14:54:11","date_gmt":"2023-05-12T19:54:11","guid":{"rendered":"https:\/\/posgrado.uwiener.edu.pe\/actividades\/?post_type=evento&#038;p=3140"},"modified":"2023-05-12T14:54:12","modified_gmt":"2023-05-12T19:54:12","slug":"compliance-la-cultura-de-cumplimiento-y-el-enfoque-de-riesgos","status":"publish","type":"evento","link":"https:\/\/posgrado.uwiener.edu.pe\/actividades\/evento\/compliance-la-cultura-de-cumplimiento-y-el-enfoque-de-riesgos\/","title":{"rendered":"Compliance: La cultura de cumplimiento y el enfoque de riesgos"},"content":{"rendered":"\n<p><img loading=\"lazy\" decoding=\"async\" height=\"16\" width=\"16\" alt=\"\ud83d\udca1\" src=\"https:\/\/static.xx.fbcdn.net\/images\/emoji.php\/v9\/t3c\/1\/16\/1f4a1.png\">Participa de nuestro Webinar: \u00abCompliance: La cultura de cumplimiento y el enfoque de riesgos\u00bb<\/p>\n\n\n\n<p>.<\/p>\n\n\n\n<p><img loading=\"lazy\" decoding=\"async\" height=\"16\" width=\"16\" alt=\"\u2705\" src=\"https:\/\/static.xx.fbcdn.net\/images\/emoji.php\/v9\/t33\/1\/16\/2705.png\">Transmisi\u00f3n v\u00eda Zoom y Facebook Live.<\/p>\n\n\n\n<p>.<\/p>\n\n\n\n<p><img loading=\"lazy\" decoding=\"async\" height=\"16\" width=\"16\" alt=\"\ud83d\udc49\" src=\"https:\/\/static.xx.fbcdn.net\/images\/emoji.php\/v9\/t51\/1\/16\/1f449.png\">\u00a0Reg\u00edstrate aqu\u00ed para recibir el link de la transmisi\u00f3n:\u00a0<a rel=\"noreferrer noopener\" href=\"https:\/\/bit.ly\/44VAvWb?fbclid=IwAR0XgN1KNlRlFse1PjSKFJkRmGGesfjSNF1hxhFrjvsNnMXsv0OBZz-bXJo\" target=\"_blank\">https:\/\/bit.ly\/44VAvWb<\/a><\/p>\n\n\n\n<p>.<\/p>\n\n\n\n<p><img loading=\"lazy\" decoding=\"async\" height=\"16\" width=\"16\" alt=\"\ud83d\udc68\u200d\ud83c\udfeb\" src=\"https:\/\/static.xx.fbcdn.net\/images\/emoji.php\/v9\/tb5\/1\/16\/1f468_200d_1f3eb.png\">Ponente:<br>Liliana Calder\u00f3n<br>Abogada. Consultora del estudio Benites, Vargas y Ugaz Abogados<\/p>\n","protected":false},"excerpt":{"rendered":"<p>Participa de nuestro Webinar: \u00abCompliance: La cultura de cumplimiento y el enfoque de riesgos\u00bb . Transmisi\u00f3n v\u00eda Zoom y Facebook Live. . \u00a0Reg\u00edstrate aqu\u00ed para recibir el link de la transmisi\u00f3n:\u00a0https:\/\/bit.ly\/44VAvWb . Ponente:Liliana Calder\u00f3nAbogada. Consultora del estudio Benites, Vargas y Ugaz Abogados<\/p>\n","protected":false},"featured_media":0,"parent":0,"template":"","categoria-eventos":[17,44],"class_list":["post-3140","evento","type-evento","status-publish","hentry","categoria-eventos-videoconferencias","categoria-eventos-webinar-gratuito"],"custom_fields_data":{"inline_featured_image":["0"],"hcf_post_fecha":["2023-05-31"],"hcf_post_timeI":["19:00"],"hcf_post_timeF":[""],"hcf_post_lugar":["Escuela de Posgrado Norbert Wiener - Facebook Live"],"hcf_post_ingreso":[""],"hcf_post_recomendados":[""],"hcf_post_anexos":[""],"hcf_post_email":[""],"hcf_post_url_face":["https:\/\/www.facebook.com\/events\/787173743045422"],"hcf_fecha_blog":[""],"hcf_destacado_blog":[""],"hcf_imagenes":["a:0:{}"],"hcf_thumb_500":["https:\/\/posgrado.uwiener.edu.pe\/actividades\/wp-content\/uploads\/2023\/05\/500x82-13.jpg"],"hcf_thumb_1600":["https:\/\/posgrado.uwiener.edu.pe\/actividades\/wp-content\/uploads\/2023\/05\/1920x314-13.jpg"],"hcf_destacada":["https:\/\/posgrado.uwiener.edu.pe\/actividades\/wp-content\/uploads\/2023\/05\/1200x628-13.jpg"],"_edit_lock":["1684340205:4"],"_edit_last":["4"],"rank_math_og_content_image":["a:2:{s:5:\"check\";s:32:\"4a3786ad2514c178ec5a3d518a342edc\";s:6:\"images\";a:0:{}}"],"rank_math_internal_links_processed":["1"]},"_links":{"self":[{"href":"https:\/\/posgrado.uwiener.edu.pe\/actividades\/wp-json\/wp\/v2\/evento\/3140"}],"collection":[{"href":"https:\/\/posgrado.uwiener.edu.pe\/actividades\/wp-json\/wp\/v2\/evento"}],"about":[{"href":"https:\/\/posgrado.uwiener.edu.pe\/actividades\/wp-json\/wp\/v2\/types\/evento"}],"wp:attachment":[{"href":"https:\/\/posgrado.uwiener.edu.pe\/actividades\/wp-json\/wp\/v2\/media?parent=3140"}],"wp:term":[{"taxonomy":"categoria-eventos","embeddable":true,"href":"https:\/\/posgrado.uwiener.edu.pe\/actividades\/wp-json\/wp\/v2\/categoria-eventos?post=3140"}],"curies":[{"name":"wp","href":"https:\/\/api.w.org\/{rel}","templated":true}]}}

<p><img loading="lazy" decoding="async" height="16" width="16" alt="💡" src="https://static.xx.fbcdn.net/images/emoji.php/v9/t3c/1/16/1f4a1.png">Participa de nuestro Webinar: «Compliance: La cultura de cumplimiento y el enfoque de riesgos»</p>



<p>.</p>



<p><img loading="lazy" decoding="async" height="16" width="16" alt="✅" src="https://static.xx.fbcdn.net/images/emoji.php/v9/t33/1/16/2705.png">Transmisión vía Zoom y Facebook Live.</p>



<p>.</p>



<p><img loading="lazy" decoding="async" height="16" width="16" alt="👉" src="https://static.xx.fbcdn.net/images/emoji.php/v9/t51/1/16/1f449.png"> Regístrate aquí para recibir el link de la transmisión: <a rel="noreferrer noopener" href="https://bit.ly/44VAvWb?fbclid=IwAR0XgN1KNlRlFse1PjSKFJkRmGGesfjSNF1hxhFrjvsNnMXsv0OBZz-bXJo" target="_blank">https://bit.ly/44VAvWb</a></p>



<p>.</p>



<p><img loading="lazy" decoding="async" height="16" width="16" alt="👨‍🏫" src="https://static.xx.fbcdn.net/images/emoji.php/v9/tb5/1/16/1f468_200d_1f3eb.png">Ponente:<br>Liliana Calderón<br>Abogada. Consultora del estudio Benites, Vargas y Ugaz Abogados</p>

<p>Participa de nuestro Webinar: «Compliance: La cultura de cumplimiento y el enfoque de riesgos» . Transmisión vía Zoom y Facebook Live. .  Regístrate aquí para recibir el link de la transmisión: https://bit.ly/44VAvWb . Ponente:Liliana CalderónAbogada. Consultora del estudio Benites, Vargas y Ugaz Abogados</p>
