
{"id":3151,"date":"2023-05-17T16:01:54","date_gmt":"2023-05-17T21:01:54","guid":{"rendered":"https:\/\/posgrado.uwiener.edu.pe\/actividades\/?post_type=evento&#038;p=3151"},"modified":"2023-05-17T16:02:08","modified_gmt":"2023-05-17T21:02:08","slug":"transformacion-digital-e-innovacion-en-el-sector-publico","status":"publish","type":"evento","link":"https:\/\/posgrado.uwiener.edu.pe\/actividades\/evento\/transformacion-digital-e-innovacion-en-el-sector-publico\/","title":{"rendered":"Transformaci\u00f3n Digital e Innovaci\u00f3n en el Sector P\u00fablico"},"content":{"rendered":"\n<p><img loading=\"lazy\" decoding=\"async\" height=\"16\" width=\"16\" alt=\"\ud83d\udca1\" src=\"https:\/\/static.xx.fbcdn.net\/images\/emoji.php\/v9\/t3c\/1\/16\/1f4a1.png\">Participa de nuestro Webinar: \u00abTransformaci\u00f3n Digital e Innovaci\u00f3n en el Sector P\u00fablico\u00bb<\/p>\n\n\n\n<p>.<\/p>\n\n\n\n<p><img loading=\"lazy\" decoding=\"async\" height=\"16\" width=\"16\" alt=\"\u2705\" src=\"https:\/\/static.xx.fbcdn.net\/images\/emoji.php\/v9\/t33\/1\/16\/2705.png\">Transmisi\u00f3n v\u00eda Zoom y Facebook Live.<\/p>\n\n\n\n<p>.<\/p>\n\n\n\n<p><img loading=\"lazy\" decoding=\"async\" height=\"16\" width=\"16\" alt=\"\ud83d\udc49\" src=\"https:\/\/static.xx.fbcdn.net\/images\/emoji.php\/v9\/t51\/1\/16\/1f449.png\">\u00a0Reg\u00edstrate aqu\u00ed para recibir el link de la transmisi\u00f3n:\u00a0<a rel=\"noreferrer noopener\" href=\"https:\/\/bit.ly\/3of68cL?fbclid=IwAR2CamEoMx4yvjsYk3m5qvihdLQtgG8yDUpdEs6w671Pa1EwXZhC3nFn4TY\" target=\"_blank\">https:\/\/bit.ly\/3of68cL<\/a><\/p>\n\n\n\n<p>.<\/p>\n\n\n\n<p><img loading=\"lazy\" decoding=\"async\" height=\"16\" width=\"16\" alt=\"\ud83d\udc68\u200d\ud83c\udfeb\" src=\"https:\/\/static.xx.fbcdn.net\/images\/emoji.php\/v9\/tb5\/1\/16\/1f468_200d_1f3eb.png\">Ponente:<br>Carlos Espinoza Alegr\u00eda<br>Director General de Tecnolog\u00edas de la Informaci\u00f3n en el Ministerio de la Producci\u00f3n del Per\u00fa. Consultor y Especialista en Gobierno Digital y Gesti\u00f3n P\u00fablica. Estudios de Cibern\u00e9tica Econ\u00f3mica.<br>Doctorado en Ingenier\u00eda de Sistemas. MBA en ESAN.<\/p>\n","protected":false},"excerpt":{"rendered":"<p>Participa de nuestro Webinar: \u00abTransformaci\u00f3n Digital e Innovaci\u00f3n en el Sector P\u00fablico\u00bb . Transmisi\u00f3n v\u00eda Zoom y Facebook Live. . \u00a0Reg\u00edstrate aqu\u00ed para recibir el link de la transmisi\u00f3n:\u00a0https:\/\/bit.ly\/3of68cL . Ponente:Carlos Espinoza Alegr\u00edaDirector General de Tecnolog\u00edas de la Informaci\u00f3n en el Ministerio de la Producci\u00f3n del Per\u00fa. Consultor y Especialista en Gobierno Digital y Gesti\u00f3n [&hellip;]<\/p>\n","protected":false},"featured_media":0,"parent":0,"template":"","categoria-eventos":[17,44],"class_list":["post-3151","evento","type-evento","status-publish","hentry","categoria-eventos-videoconferencias","categoria-eventos-webinar-gratuito"],"custom_fields_data":{"inline_featured_image":["0"],"hcf_post_fecha":["2023-05-29"],"hcf_post_timeI":["19:00"],"hcf_post_timeF":[""],"hcf_post_lugar":["Escuela de Posgrado Norbert Wiener - Facebook Live"],"hcf_post_ingreso":[""],"hcf_post_recomendados":[""],"hcf_post_anexos":[""],"hcf_post_email":[""],"hcf_post_url_face":["https:\/\/www.facebook.com\/events\/777570863821414"],"hcf_fecha_blog":[""],"hcf_destacado_blog":[""],"hcf_imagenes":["a:0:{}"],"hcf_thumb_500":["https:\/\/posgrado.uwiener.edu.pe\/actividades\/wp-content\/uploads\/2023\/05\/500x82-15.jpg"],"hcf_thumb_1600":["https:\/\/posgrado.uwiener.edu.pe\/actividades\/wp-content\/uploads\/2023\/05\/1920x314-15.jpg"],"hcf_destacada":["https:\/\/posgrado.uwiener.edu.pe\/actividades\/wp-content\/uploads\/2023\/05\/1200x628-15.jpg"],"_edit_lock":["1684357329:4"],"_edit_last":["4"],"rank_math_og_content_image":["a:2:{s:5:\"check\";s:32:\"0a23a07bc54777f37c6240d32c3d6537\";s:6:\"images\";a:0:{}}"],"rank_math_internal_links_processed":["1"]},"_links":{"self":[{"href":"https:\/\/posgrado.uwiener.edu.pe\/actividades\/wp-json\/wp\/v2\/evento\/3151"}],"collection":[{"href":"https:\/\/posgrado.uwiener.edu.pe\/actividades\/wp-json\/wp\/v2\/evento"}],"about":[{"href":"https:\/\/posgrado.uwiener.edu.pe\/actividades\/wp-json\/wp\/v2\/types\/evento"}],"wp:attachment":[{"href":"https:\/\/posgrado.uwiener.edu.pe\/actividades\/wp-json\/wp\/v2\/media?parent=3151"}],"wp:term":[{"taxonomy":"categoria-eventos","embeddable":true,"href":"https:\/\/posgrado.uwiener.edu.pe\/actividades\/wp-json\/wp\/v2\/categoria-eventos?post=3151"}],"curies":[{"name":"wp","href":"https:\/\/api.w.org\/{rel}","templated":true}]}}

Transformación Digital e Innovación en el Sector Público

<p><img loading="lazy" decoding="async" height="16" width="16" alt="💡" src="https://static.xx.fbcdn.net/images/emoji.php/v9/t3c/1/16/1f4a1.png">Participa de nuestro Webinar: «Transformación Digital e Innovación en el Sector Público»</p>



<p>.</p>



<p><img loading="lazy" decoding="async" height="16" width="16" alt="✅" src="https://static.xx.fbcdn.net/images/emoji.php/v9/t33/1/16/2705.png">Transmisión vía Zoom y Facebook Live.</p>



<p>.</p>



<p><img loading="lazy" decoding="async" height="16" width="16" alt="👉" src="https://static.xx.fbcdn.net/images/emoji.php/v9/t51/1/16/1f449.png"> Regístrate aquí para recibir el link de la transmisión: <a rel="noreferrer noopener" href="https://bit.ly/3of68cL?fbclid=IwAR2CamEoMx4yvjsYk3m5qvihdLQtgG8yDUpdEs6w671Pa1EwXZhC3nFn4TY" target="_blank">https://bit.ly/3of68cL</a></p>



<p>.</p>



<p><img loading="lazy" decoding="async" height="16" width="16" alt="👨‍🏫" src="https://static.xx.fbcdn.net/images/emoji.php/v9/tb5/1/16/1f468_200d_1f3eb.png">Ponente:<br>Carlos Espinoza Alegría<br>Director General de Tecnologías de la Información en el Ministerio de la Producción del Perú. Consultor y Especialista en Gobierno Digital y Gestión Pública. Estudios de Cibernética Económica.<br>Doctorado en Ingeniería de Sistemas. MBA en ESAN.</p>

<p>Participa de nuestro Webinar: «Transformación Digital e Innovación en el Sector Público» . Transmisión vía Zoom y Facebook Live. .  Regístrate aquí para recibir el link de la transmisión: https://bit.ly/3of68cL . Ponente:Carlos Espinoza AlegríaDirector General de Tecnologías de la Información en el Ministerio de la Producción del Perú. Consultor y Especialista en Gobierno Digital y Gestión [&hellip;]</p>
