
{"id":3191,"date":"2023-06-01T17:44:55","date_gmt":"2023-06-01T22:44:55","guid":{"rendered":"https:\/\/posgrado.uwiener.edu.pe\/actividades\/?post_type=evento&#038;p=3191"},"modified":"2023-06-01T17:44:56","modified_gmt":"2023-06-01T22:44:56","slug":"conoce-mas-sobre-la-maestria-en-salud-publica","status":"publish","type":"evento","link":"https:\/\/posgrado.uwiener.edu.pe\/actividades\/evento\/conoce-mas-sobre-la-maestria-en-salud-publica\/","title":{"rendered":"Conoce m\u00e1s sobre la Maestr\u00eda en Salud P\u00fablica"},"content":{"rendered":"\n<p><img loading=\"lazy\" decoding=\"async\" height=\"16\" width=\"16\" alt=\"\ud83d\udca1\" src=\"https:\/\/static.xx.fbcdn.net\/images\/emoji.php\/v9\/t3c\/1\/16\/1f4a1.png\">Participa de nuestra Charla Informativa: \u00abConoce m\u00e1s sobre la Maestr\u00eda en Salud P\u00fablica\u00bb<\/p>\n\n\n\n<p>.<\/p>\n\n\n\n<p><img loading=\"lazy\" decoding=\"async\" height=\"16\" width=\"16\" alt=\"\u2705\" src=\"https:\/\/static.xx.fbcdn.net\/images\/emoji.php\/v9\/t33\/1\/16\/2705.png\">Transmisi\u00f3n v\u00eda Zoom y Facebook Live.<\/p>\n\n\n\n<p>.<\/p>\n\n\n\n<p><img loading=\"lazy\" decoding=\"async\" height=\"16\" width=\"16\" alt=\"\ud83d\udc49\" src=\"https:\/\/static.xx.fbcdn.net\/images\/emoji.php\/v9\/t51\/1\/16\/1f449.png\">\u00a0Reg\u00edstrate aqu\u00ed para recibir el link de la transmisi\u00f3n:\u00a0<a rel=\"noreferrer noopener\" href=\"https:\/\/acortar.link\/CuaiKH?fbclid=IwAR2bg7fM6-0ySboa3J2NaZL2U9TecaBza-iUae7v0RdXg1dz6nL3P1651lw\" target=\"_blank\">https:\/\/acortar.link\/CuaiKH<\/a><\/p>\n\n\n\n<p>.<\/p>\n\n\n\n<p><img loading=\"lazy\" decoding=\"async\" height=\"16\" width=\"16\" alt=\"\ud83d\udc68\u200d\ud83c\udfeb\" src=\"https:\/\/static.xx.fbcdn.net\/images\/emoji.php\/v9\/tb5\/1\/16\/1f468_200d_1f3eb.png\">Ponente:<br>Rosa Mezarina Garc\u00eda<br>Coordinadora Acad\u00e9mica de la Maestr\u00eda en Salud P\u00fablicaMg Beatriz Quispe<br>Magister en gerencia social con menci\u00f3n en evaluaci\u00f3n de programas y procesos de desarrollo social. Especialista en nutrici\u00f3n p\u00fablica<\/p>\n","protected":false},"excerpt":{"rendered":"<p>Participa de nuestra Charla Informativa: \u00abConoce m\u00e1s sobre la Maestr\u00eda en Salud P\u00fablica\u00bb . Transmisi\u00f3n v\u00eda Zoom y Facebook Live. . \u00a0Reg\u00edstrate aqu\u00ed para recibir el link de la transmisi\u00f3n:\u00a0https:\/\/acortar.link\/CuaiKH . Ponente:Rosa Mezarina Garc\u00edaCoordinadora Acad\u00e9mica de la Maestr\u00eda en Salud P\u00fablicaMg Beatriz QuispeMagister en gerencia social con menci\u00f3n en evaluaci\u00f3n de programas y procesos de [&hellip;]<\/p>\n","protected":false},"featured_media":0,"parent":0,"template":"","categoria-eventos":[17,44],"class_list":["post-3191","evento","type-evento","status-publish","hentry","categoria-eventos-videoconferencias","categoria-eventos-webinar-gratuito"],"custom_fields_data":{"inline_featured_image":["0"],"hcf_post_fecha":["2023-06-02"],"hcf_post_timeI":["19:00"],"hcf_post_timeF":[""],"hcf_post_lugar":["Escuela de Posgrado Norbert Wiener - Facebook Live"],"hcf_post_ingreso":[""],"hcf_post_recomendados":[""],"hcf_post_anexos":[""],"hcf_post_email":[""],"hcf_post_url_face":["https:\/\/www.facebook.com\/events\/938971227218773"],"hcf_fecha_blog":[""],"hcf_destacado_blog":[""],"hcf_imagenes":["a:0:{}"],"hcf_thumb_500":["https:\/\/posgrado.uwiener.edu.pe\/actividades\/wp-content\/uploads\/2023\/05\/500x82-8-1.jpg"],"hcf_thumb_1600":["https:\/\/posgrado.uwiener.edu.pe\/actividades\/wp-content\/uploads\/2023\/05\/1920x314-8.jpg"],"hcf_destacada":["https:\/\/posgrado.uwiener.edu.pe\/actividades\/wp-content\/uploads\/2023\/05\/1200x628-8.jpg"],"_edit_lock":["1685659516:4"],"_edit_last":["4"],"rank_math_og_content_image":["a:2:{s:5:\"check\";s:32:\"aa7e3feb3971da262b7f5560446f96ad\";s:6:\"images\";a:0:{}}"],"rank_math_internal_links_processed":["1"]},"_links":{"self":[{"href":"https:\/\/posgrado.uwiener.edu.pe\/actividades\/wp-json\/wp\/v2\/evento\/3191"}],"collection":[{"href":"https:\/\/posgrado.uwiener.edu.pe\/actividades\/wp-json\/wp\/v2\/evento"}],"about":[{"href":"https:\/\/posgrado.uwiener.edu.pe\/actividades\/wp-json\/wp\/v2\/types\/evento"}],"wp:attachment":[{"href":"https:\/\/posgrado.uwiener.edu.pe\/actividades\/wp-json\/wp\/v2\/media?parent=3191"}],"wp:term":[{"taxonomy":"categoria-eventos","embeddable":true,"href":"https:\/\/posgrado.uwiener.edu.pe\/actividades\/wp-json\/wp\/v2\/categoria-eventos?post=3191"}],"curies":[{"name":"wp","href":"https:\/\/api.w.org\/{rel}","templated":true}]}}

Conoce más sobre la Maestría en Salud Pública

<p><img loading="lazy" decoding="async" height="16" width="16" alt="💡" src="https://static.xx.fbcdn.net/images/emoji.php/v9/t3c/1/16/1f4a1.png">Participa de nuestra Charla Informativa: «Conoce más sobre la Maestría en Salud Pública»</p>



<p>.</p>



<p><img loading="lazy" decoding="async" height="16" width="16" alt="✅" src="https://static.xx.fbcdn.net/images/emoji.php/v9/t33/1/16/2705.png">Transmisión vía Zoom y Facebook Live.</p>



<p>.</p>



<p><img loading="lazy" decoding="async" height="16" width="16" alt="👉" src="https://static.xx.fbcdn.net/images/emoji.php/v9/t51/1/16/1f449.png"> Regístrate aquí para recibir el link de la transmisión: <a rel="noreferrer noopener" href="https://acortar.link/CuaiKH?fbclid=IwAR2bg7fM6-0ySboa3J2NaZL2U9TecaBza-iUae7v0RdXg1dz6nL3P1651lw" target="_blank">https://acortar.link/CuaiKH</a></p>



<p>.</p>



<p><img loading="lazy" decoding="async" height="16" width="16" alt="👨‍🏫" src="https://static.xx.fbcdn.net/images/emoji.php/v9/tb5/1/16/1f468_200d_1f3eb.png">Ponente:<br>Rosa Mezarina García<br>Coordinadora Académica de la Maestría en Salud PúblicaMg Beatriz Quispe<br>Magister en gerencia social con mención en evaluación de programas y procesos de desarrollo social. Especialista en nutrición pública</p>

<p>Participa de nuestra Charla Informativa: «Conoce más sobre la Maestría en Salud Pública» . Transmisión vía Zoom y Facebook Live. .  Regístrate aquí para recibir el link de la transmisión: https://acortar.link/CuaiKH . Ponente:Rosa Mezarina GarcíaCoordinadora Académica de la Maestría en Salud PúblicaMg Beatriz QuispeMagister en gerencia social con mención en evaluación de programas y procesos de [&hellip;]</p>
