
{"id":3201,"date":"2023-06-08T16:15:18","date_gmt":"2023-06-08T21:15:18","guid":{"rendered":"https:\/\/posgrado.uwiener.edu.pe\/actividades\/?post_type=evento&#038;p=3201"},"modified":"2023-06-08T16:15:19","modified_gmt":"2023-06-08T21:15:19","slug":"como-aperturar-los-consultorios-en-enfermeria","status":"publish","type":"evento","link":"https:\/\/posgrado.uwiener.edu.pe\/actividades\/evento\/como-aperturar-los-consultorios-en-enfermeria\/","title":{"rendered":"\u00bfC\u00f3mo aperturar los consultorios en Enfermer\u00eda?"},"content":{"rendered":"\n<p><img loading=\"lazy\" decoding=\"async\" height=\"16\" width=\"16\" alt=\"\ud83d\udca1\" src=\"https:\/\/static.xx.fbcdn.net\/images\/emoji.php\/v9\/t3c\/1\/16\/1f4a1.png\">Participa de nuestro Webinar: \u00ab\u00bfC\u00f3mo aperturar los consultorios en Enfermer\u00eda?\u00bb<\/p>\n\n\n\n<p>.<\/p>\n\n\n\n<p><img loading=\"lazy\" decoding=\"async\" height=\"16\" width=\"16\" alt=\"\u2705\" src=\"https:\/\/static.xx.fbcdn.net\/images\/emoji.php\/v9\/t33\/1\/16\/2705.png\">Transmisi\u00f3n v\u00eda Zoom y Facebook Live.<\/p>\n\n\n\n<p>.<\/p>\n\n\n\n<p><img loading=\"lazy\" decoding=\"async\" height=\"16\" width=\"16\" alt=\"\ud83d\udc49\" src=\"https:\/\/static.xx.fbcdn.net\/images\/emoji.php\/v9\/t51\/1\/16\/1f449.png\">\u00a0Reg\u00edstrate aqu\u00ed para recibir el link de la transmisi\u00f3n:\u00a0<a rel=\"noreferrer noopener\" href=\"https:\/\/acortar.link\/GSGACD?fbclid=IwAR17DKbTVPLxHvKIGVoDuqn6ClPP7Hzg-l_xSgQzKv0tEO1dtz4cZyp7GQk\" target=\"_blank\">https:\/\/acortar.link\/GSGACD<\/a><\/p>\n\n\n\n<p>.<\/p>\n\n\n\n<p><img loading=\"lazy\" decoding=\"async\" height=\"16\" width=\"16\" alt=\"\ud83d\udc68\u200d\ud83c\udfeb\" src=\"https:\/\/static.xx.fbcdn.net\/images\/emoji.php\/v9\/tb5\/1\/16\/1f468_200d_1f3eb.png\">Ponente:<br>Mg. Santiago Ortu\u00f1o P\u00e9rez<br>-Presidente de la Red Mexicana de Enfermer\u00eda Pericial y Procesos<br>-Director y fundador del Instituto Mexicano de Certificaci\u00f3n de Competencias en Enfermer\u00eda<br>-Docente Universitario por FES Zaragoza UNAM<\/p>\n","protected":false},"excerpt":{"rendered":"<p>Participa de nuestro Webinar: \u00ab\u00bfC\u00f3mo aperturar los consultorios en Enfermer\u00eda?\u00bb . Transmisi\u00f3n v\u00eda Zoom y Facebook Live. . \u00a0Reg\u00edstrate aqu\u00ed para recibir el link de la transmisi\u00f3n:\u00a0https:\/\/acortar.link\/GSGACD . Ponente:Mg. Santiago Ortu\u00f1o P\u00e9rez-Presidente de la Red Mexicana de Enfermer\u00eda Pericial y Procesos-Director y fundador del Instituto Mexicano de Certificaci\u00f3n de Competencias en Enfermer\u00eda-Docente Universitario por FES [&hellip;]<\/p>\n","protected":false},"featured_media":0,"parent":0,"template":"","categoria-eventos":[17,44],"class_list":["post-3201","evento","type-evento","status-publish","hentry","categoria-eventos-videoconferencias","categoria-eventos-webinar-gratuito"],"custom_fields_data":{"inline_featured_image":["0"],"hcf_post_fecha":["2023-06-12"],"hcf_post_timeI":["18:00"],"hcf_post_timeF":[""],"hcf_post_lugar":["Escuela de Posgrado Norbert Wiener - Facebook Live"],"hcf_post_ingreso":[""],"hcf_post_recomendados":[""],"hcf_post_anexos":[""],"hcf_post_email":[""],"hcf_post_url_face":["https:\/\/www.facebook.com\/events\/915208556218255"],"hcf_fecha_blog":[""],"hcf_destacado_blog":[""],"hcf_imagenes":["a:0:{}"],"hcf_thumb_500":["https:\/\/posgrado.uwiener.edu.pe\/actividades\/wp-content\/uploads\/2023\/06\/500x82-19.jpg"],"hcf_thumb_1600":["https:\/\/posgrado.uwiener.edu.pe\/actividades\/wp-content\/uploads\/2023\/06\/1920x314-18.jpg"],"hcf_destacada":["https:\/\/posgrado.uwiener.edu.pe\/actividades\/wp-content\/uploads\/2023\/06\/1200x628-18.jpg"],"_edit_lock":["1686258919:4"],"_edit_last":["4"],"rank_math_og_content_image":["a:2:{s:5:\"check\";s:32:\"ae55a498421883276aead605b3806cf4\";s:6:\"images\";a:0:{}}"],"rank_math_internal_links_processed":["1"]},"_links":{"self":[{"href":"https:\/\/posgrado.uwiener.edu.pe\/actividades\/wp-json\/wp\/v2\/evento\/3201"}],"collection":[{"href":"https:\/\/posgrado.uwiener.edu.pe\/actividades\/wp-json\/wp\/v2\/evento"}],"about":[{"href":"https:\/\/posgrado.uwiener.edu.pe\/actividades\/wp-json\/wp\/v2\/types\/evento"}],"wp:attachment":[{"href":"https:\/\/posgrado.uwiener.edu.pe\/actividades\/wp-json\/wp\/v2\/media?parent=3201"}],"wp:term":[{"taxonomy":"categoria-eventos","embeddable":true,"href":"https:\/\/posgrado.uwiener.edu.pe\/actividades\/wp-json\/wp\/v2\/categoria-eventos?post=3201"}],"curies":[{"name":"wp","href":"https:\/\/api.w.org\/{rel}","templated":true}]}}

¿Cómo aperturar los consultorios en Enfermería?

<p><img loading="lazy" decoding="async" height="16" width="16" alt="💡" src="https://static.xx.fbcdn.net/images/emoji.php/v9/t3c/1/16/1f4a1.png">Participa de nuestro Webinar: «¿Cómo aperturar los consultorios en Enfermería?»</p>



<p>.</p>



<p><img loading="lazy" decoding="async" height="16" width="16" alt="✅" src="https://static.xx.fbcdn.net/images/emoji.php/v9/t33/1/16/2705.png">Transmisión vía Zoom y Facebook Live.</p>



<p>.</p>



<p><img loading="lazy" decoding="async" height="16" width="16" alt="👉" src="https://static.xx.fbcdn.net/images/emoji.php/v9/t51/1/16/1f449.png"> Regístrate aquí para recibir el link de la transmisión: <a rel="noreferrer noopener" href="https://acortar.link/GSGACD?fbclid=IwAR17DKbTVPLxHvKIGVoDuqn6ClPP7Hzg-l_xSgQzKv0tEO1dtz4cZyp7GQk" target="_blank">https://acortar.link/GSGACD</a></p>



<p>.</p>



<p><img loading="lazy" decoding="async" height="16" width="16" alt="👨‍🏫" src="https://static.xx.fbcdn.net/images/emoji.php/v9/tb5/1/16/1f468_200d_1f3eb.png">Ponente:<br>Mg. Santiago Ortuño Pérez<br>-Presidente de la Red Mexicana de Enfermería Pericial y Procesos<br>-Director y fundador del Instituto Mexicano de Certificación de Competencias en Enfermería<br>-Docente Universitario por FES Zaragoza UNAM</p>

<p>Participa de nuestro Webinar: «¿Cómo aperturar los consultorios en Enfermería?» . Transmisión vía Zoom y Facebook Live. .  Regístrate aquí para recibir el link de la transmisión: https://acortar.link/GSGACD . Ponente:Mg. Santiago Ortuño Pérez-Presidente de la Red Mexicana de Enfermería Pericial y Procesos-Director y fundador del Instituto Mexicano de Certificación de Competencias en Enfermería-Docente Universitario por FES [&hellip;]</p>
