
{"id":3207,"date":"2023-06-08T16:25:09","date_gmt":"2023-06-08T21:25:09","guid":{"rendered":"https:\/\/posgrado.uwiener.edu.pe\/actividades\/?post_type=evento&#038;p=3207"},"modified":"2023-06-08T16:25:10","modified_gmt":"2023-06-08T21:25:10","slug":"valoracion-economica-de-danos-ambientales-metodos-basados-en-informacion-de-mercado","status":"publish","type":"evento","link":"https:\/\/posgrado.uwiener.edu.pe\/actividades\/evento\/valoracion-economica-de-danos-ambientales-metodos-basados-en-informacion-de-mercado\/","title":{"rendered":"Valoraci\u00f3n econ\u00f3mica de da\u00f1os ambientales: M\u00e9todos basados en informaci\u00f3n de mercado"},"content":{"rendered":"\n<p><img loading=\"lazy\" decoding=\"async\" height=\"16\" width=\"16\" alt=\"\ud83d\udca1\" src=\"https:\/\/static.xx.fbcdn.net\/images\/emoji.php\/v9\/t3c\/1\/16\/1f4a1.png\">Participa de nuestro Webinar: \u00abValoraci\u00f3n econ\u00f3mica de da\u00f1os ambientales: M\u00e9todos basados en informaci\u00f3n de mercado\u00bb<\/p>\n\n\n\n<p>.<\/p>\n\n\n\n<p><img loading=\"lazy\" decoding=\"async\" height=\"16\" width=\"16\" alt=\"\u2705\" src=\"https:\/\/static.xx.fbcdn.net\/images\/emoji.php\/v9\/t33\/1\/16\/2705.png\">Transmisi\u00f3n v\u00eda Zoom y Facebook Live.<\/p>\n\n\n\n<p>.<\/p>\n\n\n\n<p><img loading=\"lazy\" decoding=\"async\" height=\"16\" width=\"16\" alt=\"\ud83d\udc49\" src=\"https:\/\/static.xx.fbcdn.net\/images\/emoji.php\/v9\/t51\/1\/16\/1f449.png\">\u00a0Reg\u00edstrate aqu\u00ed para recibir el link de la transmisi\u00f3n:\u00a0<a rel=\"noreferrer noopener\" href=\"https:\/\/acortar.link\/TlU4bC?fbclid=IwAR3GRAtZwFtGXJiyOuJR8xYffcOrhBX-sFy9AAKgQRvW50fSq5Wjml1PExQ\" target=\"_blank\">https:\/\/acortar.link\/TlU4bC<\/a><\/p>\n\n\n\n<p>.<\/p>\n\n\n\n<p><img loading=\"lazy\" decoding=\"async\" height=\"16\" width=\"16\" alt=\"\ud83d\udc68\u200d\ud83c\udfeb\" src=\"https:\/\/static.xx.fbcdn.net\/images\/emoji.php\/v9\/tb5\/1\/16\/1f468_200d_1f3eb.png\">Ponente:<br>Mg. Carlos Alberto Minaya Guti\u00e9rrez<br>Economista por la Universidad Nacional Agraria La Molina (Per\u00fa), Mestre em Econom\u00eda, con menci\u00f3n en Desenvolvimiento Econ\u00f3mico Regional por la Universidad Federal do Par\u00e1 (Brasil); y actual Doctorando en Econom\u00eda de los Recursos Naturales y el Desarrollo Sustentable (UNALM \u2013 Per\u00fa). Experiencia laboral en diversos campos: Consultor\u00edas en valoraci\u00f3n econ\u00f3mica ambiental, estudios de mercado, econom\u00eda ambiental y agr\u00edcola; proyectos de inversi\u00f3n p\u00fablica y privada, elaboraci\u00f3n y evaluaci\u00f3n de instrumentos de gesti\u00f3n ambiental, proyectos de investigaci\u00f3n y en la docencia universitaria.<\/p>\n\n\n\n<p><br><\/p>\n","protected":false},"excerpt":{"rendered":"<p>Participa de nuestro Webinar: \u00abValoraci\u00f3n econ\u00f3mica de da\u00f1os ambientales: M\u00e9todos basados en informaci\u00f3n de mercado\u00bb . Transmisi\u00f3n v\u00eda Zoom y Facebook Live. . \u00a0Reg\u00edstrate aqu\u00ed para recibir el link de la transmisi\u00f3n:\u00a0https:\/\/acortar.link\/TlU4bC . Ponente:Mg. Carlos Alberto Minaya Guti\u00e9rrezEconomista por la Universidad Nacional Agraria La Molina (Per\u00fa), Mestre em Econom\u00eda, con menci\u00f3n en Desenvolvimiento Econ\u00f3mico Regional [&hellip;]<\/p>\n","protected":false},"featured_media":0,"parent":0,"template":"","categoria-eventos":[17,44],"class_list":["post-3207","evento","type-evento","status-publish","hentry","categoria-eventos-videoconferencias","categoria-eventos-webinar-gratuito"],"custom_fields_data":{"inline_featured_image":["0"],"hcf_post_fecha":["2023-06-13"],"hcf_post_timeI":["19:00"],"hcf_post_timeF":[""],"hcf_post_lugar":["Escuela de Posgrado Norbert Wiener - Facebook Live"],"hcf_post_ingreso":[""],"hcf_post_recomendados":[""],"hcf_post_anexos":[""],"hcf_post_email":[""],"hcf_post_url_face":["https:\/\/www.facebook.com\/events\/3170572689902072"],"hcf_fecha_blog":[""],"hcf_destacado_blog":[""],"hcf_imagenes":["a:0:{}"],"hcf_thumb_500":["https:\/\/posgrado.uwiener.edu.pe\/actividades\/wp-content\/uploads\/2023\/06\/500x82-20.jpg"],"hcf_thumb_1600":["https:\/\/posgrado.uwiener.edu.pe\/actividades\/wp-content\/uploads\/2023\/06\/1920x314-19.jpg"],"hcf_destacada":["https:\/\/posgrado.uwiener.edu.pe\/actividades\/wp-content\/uploads\/2023\/06\/1200x628-19.jpg"],"_edit_lock":["1686259511:4"],"_edit_last":["4"],"rank_math_og_content_image":["a:2:{s:5:\"check\";s:32:\"d4a3411ab965b32e29109bc2a0068fbc\";s:6:\"images\";a:0:{}}"],"rank_math_internal_links_processed":["1"]},"_links":{"self":[{"href":"https:\/\/posgrado.uwiener.edu.pe\/actividades\/wp-json\/wp\/v2\/evento\/3207"}],"collection":[{"href":"https:\/\/posgrado.uwiener.edu.pe\/actividades\/wp-json\/wp\/v2\/evento"}],"about":[{"href":"https:\/\/posgrado.uwiener.edu.pe\/actividades\/wp-json\/wp\/v2\/types\/evento"}],"wp:attachment":[{"href":"https:\/\/posgrado.uwiener.edu.pe\/actividades\/wp-json\/wp\/v2\/media?parent=3207"}],"wp:term":[{"taxonomy":"categoria-eventos","embeddable":true,"href":"https:\/\/posgrado.uwiener.edu.pe\/actividades\/wp-json\/wp\/v2\/categoria-eventos?post=3207"}],"curies":[{"name":"wp","href":"https:\/\/api.w.org\/{rel}","templated":true}]}}

Valoración económica de daños ambientales: Métodos basados en información de mercado

<p><img loading="lazy" decoding="async" height="16" width="16" alt="💡" src="https://static.xx.fbcdn.net/images/emoji.php/v9/t3c/1/16/1f4a1.png">Participa de nuestro Webinar: «Valoración económica de daños ambientales: Métodos basados en información de mercado»</p>



<p>.</p>



<p><img loading="lazy" decoding="async" height="16" width="16" alt="✅" src="https://static.xx.fbcdn.net/images/emoji.php/v9/t33/1/16/2705.png">Transmisión vía Zoom y Facebook Live.</p>



<p>.</p>



<p><img loading="lazy" decoding="async" height="16" width="16" alt="👉" src="https://static.xx.fbcdn.net/images/emoji.php/v9/t51/1/16/1f449.png"> Regístrate aquí para recibir el link de la transmisión: <a rel="noreferrer noopener" href="https://acortar.link/TlU4bC?fbclid=IwAR3GRAtZwFtGXJiyOuJR8xYffcOrhBX-sFy9AAKgQRvW50fSq5Wjml1PExQ" target="_blank">https://acortar.link/TlU4bC</a></p>



<p>.</p>



<p><img loading="lazy" decoding="async" height="16" width="16" alt="👨‍🏫" src="https://static.xx.fbcdn.net/images/emoji.php/v9/tb5/1/16/1f468_200d_1f3eb.png">Ponente:<br>Mg. Carlos Alberto Minaya Gutiérrez<br>Economista por la Universidad Nacional Agraria La Molina (Perú), Mestre em Economía, con mención en Desenvolvimiento Económico Regional por la Universidad Federal do Pará (Brasil); y actual Doctorando en Economía de los Recursos Naturales y el Desarrollo Sustentable (UNALM – Perú). Experiencia laboral en diversos campos: Consultorías en valoración económica ambiental, estudios de mercado, economía ambiental y agrícola; proyectos de inversión pública y privada, elaboración y evaluación de instrumentos de gestión ambiental, proyectos de investigación y en la docencia universitaria.</p>



<p><br></p>

<p>Participa de nuestro Webinar: «Valoración económica de daños ambientales: Métodos basados en información de mercado» . Transmisión vía Zoom y Facebook Live. .  Regístrate aquí para recibir el link de la transmisión: https://acortar.link/TlU4bC . Ponente:Mg. Carlos Alberto Minaya GutiérrezEconomista por la Universidad Nacional Agraria La Molina (Perú), Mestre em Economía, con mención en Desenvolvimiento Económico Regional [&hellip;]</p>
