
{"id":3216,"date":"2023-06-09T14:27:49","date_gmt":"2023-06-09T19:27:49","guid":{"rendered":"https:\/\/posgrado.uwiener.edu.pe\/actividades\/?post_type=evento&#038;p=3216"},"modified":"2023-06-09T14:27:49","modified_gmt":"2023-06-09T19:27:49","slug":"conoce-mas-sobre-la-maestria-en-docencia-universitaria-2","status":"publish","type":"evento","link":"https:\/\/posgrado.uwiener.edu.pe\/actividades\/evento\/conoce-mas-sobre-la-maestria-en-docencia-universitaria-2\/","title":{"rendered":"Conoce m\u00e1s sobre la Maestr\u00eda en Docencia Universitaria"},"content":{"rendered":"\n<p><img loading=\"lazy\" decoding=\"async\" height=\"16\" width=\"16\" alt=\"\ud83d\udca1\" src=\"https:\/\/static.xx.fbcdn.net\/images\/emoji.php\/v9\/t3c\/1\/16\/1f4a1.png\">Participa de nuestra Charla Informativa: \u00abConoce m\u00e1s sobre la Maestr\u00eda en Docencia Universitaria\u00bb<\/p>\n\n\n\n<p>.<\/p>\n\n\n\n<p><img loading=\"lazy\" decoding=\"async\" height=\"16\" width=\"16\" alt=\"\u2705\" src=\"https:\/\/static.xx.fbcdn.net\/images\/emoji.php\/v9\/t33\/1\/16\/2705.png\">Transmisi\u00f3n v\u00eda Zoom y Facebook Live.<\/p>\n\n\n\n<p>.<\/p>\n\n\n\n<p><img loading=\"lazy\" decoding=\"async\" height=\"16\" width=\"16\" alt=\"\ud83d\udc49\" src=\"https:\/\/static.xx.fbcdn.net\/images\/emoji.php\/v9\/t51\/1\/16\/1f449.png\">\u00a0Reg\u00edstrate aqu\u00ed para recibir el link de la transmisi\u00f3n:\u00a0<a rel=\"noreferrer noopener\" href=\"https:\/\/acortar.link\/4kjoyj?fbclid=IwAR18jpL-BqvoyDMT0wvTAajwhp2k_U8HJnicGWLD97qZOiW1351N_bDNgiM\" target=\"_blank\">https:\/\/acortar.link\/4kjoyj<\/a><\/p>\n\n\n\n<p>.<\/p>\n\n\n\n<p><img loading=\"lazy\" decoding=\"async\" height=\"16\" width=\"16\" alt=\"\ud83d\udc68\u200d\ud83c\udfeb\" src=\"https:\/\/static.xx.fbcdn.net\/images\/emoji.php\/v9\/tb5\/1\/16\/1f468_200d_1f3eb.png\">Ponente:<br>Jessica Marquez Vargas<br>Coordinadora Acad\u00e9mica de la Maestr\u00eda en Docencia Universitaria<\/p>\n","protected":false},"excerpt":{"rendered":"<p>Participa de nuestra Charla Informativa: \u00abConoce m\u00e1s sobre la Maestr\u00eda en Docencia Universitaria\u00bb . Transmisi\u00f3n v\u00eda Zoom y Facebook Live. . \u00a0Reg\u00edstrate aqu\u00ed para recibir el link de la transmisi\u00f3n:\u00a0https:\/\/acortar.link\/4kjoyj . Ponente:Jessica Marquez VargasCoordinadora Acad\u00e9mica de la Maestr\u00eda en Docencia Universitaria<\/p>\n","protected":false},"featured_media":0,"parent":0,"template":"","categoria-eventos":[17,44],"class_list":["post-3216","evento","type-evento","status-publish","hentry","categoria-eventos-videoconferencias","categoria-eventos-webinar-gratuito"],"custom_fields_data":{"inline_featured_image":["0"],"hcf_post_fecha":["2023-06-15"],"hcf_post_timeI":["19:00"],"hcf_post_timeF":[""],"hcf_post_lugar":["Escuela de Posgrado Norbert Wiener - Facebook Live"],"hcf_post_ingreso":[""],"hcf_post_recomendados":[""],"hcf_post_anexos":[""],"hcf_post_email":[""],"hcf_post_url_face":["https:\/\/www.facebook.com\/events\/1604769723334353"],"hcf_fecha_blog":[""],"hcf_destacado_blog":[""],"hcf_imagenes":["a:0:{}"],"hcf_thumb_500":["https:\/\/posgrado.uwiener.edu.pe\/actividades\/wp-content\/uploads\/2023\/06\/500x82-20-1.jpg"],"hcf_thumb_1600":["https:\/\/posgrado.uwiener.edu.pe\/actividades\/wp-content\/uploads\/2023\/06\/1920x314-19-1.jpg"],"hcf_destacada":["https:\/\/posgrado.uwiener.edu.pe\/actividades\/wp-content\/uploads\/2023\/06\/1200x628-19-1.jpg"],"_edit_lock":["1686338870:4"],"_edit_last":["4"],"rank_math_og_content_image":["a:2:{s:5:\"check\";s:32:\"8625912076388726b8b8a35c98515b52\";s:6:\"images\";a:0:{}}"],"rank_math_internal_links_processed":["1"]},"_links":{"self":[{"href":"https:\/\/posgrado.uwiener.edu.pe\/actividades\/wp-json\/wp\/v2\/evento\/3216"}],"collection":[{"href":"https:\/\/posgrado.uwiener.edu.pe\/actividades\/wp-json\/wp\/v2\/evento"}],"about":[{"href":"https:\/\/posgrado.uwiener.edu.pe\/actividades\/wp-json\/wp\/v2\/types\/evento"}],"wp:attachment":[{"href":"https:\/\/posgrado.uwiener.edu.pe\/actividades\/wp-json\/wp\/v2\/media?parent=3216"}],"wp:term":[{"taxonomy":"categoria-eventos","embeddable":true,"href":"https:\/\/posgrado.uwiener.edu.pe\/actividades\/wp-json\/wp\/v2\/categoria-eventos?post=3216"}],"curies":[{"name":"wp","href":"https:\/\/api.w.org\/{rel}","templated":true}]}}

Conoce más sobre la Maestría en Docencia Universitaria

<p><img loading="lazy" decoding="async" height="16" width="16" alt="💡" src="https://static.xx.fbcdn.net/images/emoji.php/v9/t3c/1/16/1f4a1.png">Participa de nuestra Charla Informativa: «Conoce más sobre la Maestría en Docencia Universitaria»</p>



<p>.</p>



<p><img loading="lazy" decoding="async" height="16" width="16" alt="✅" src="https://static.xx.fbcdn.net/images/emoji.php/v9/t33/1/16/2705.png">Transmisión vía Zoom y Facebook Live.</p>



<p>.</p>



<p><img loading="lazy" decoding="async" height="16" width="16" alt="👉" src="https://static.xx.fbcdn.net/images/emoji.php/v9/t51/1/16/1f449.png"> Regístrate aquí para recibir el link de la transmisión: <a rel="noreferrer noopener" href="https://acortar.link/4kjoyj?fbclid=IwAR18jpL-BqvoyDMT0wvTAajwhp2k_U8HJnicGWLD97qZOiW1351N_bDNgiM" target="_blank">https://acortar.link/4kjoyj</a></p>



<p>.</p>



<p><img loading="lazy" decoding="async" height="16" width="16" alt="👨‍🏫" src="https://static.xx.fbcdn.net/images/emoji.php/v9/tb5/1/16/1f468_200d_1f3eb.png">Ponente:<br>Jessica Marquez Vargas<br>Coordinadora Académica de la Maestría en Docencia Universitaria</p>

<p>Participa de nuestra Charla Informativa: «Conoce más sobre la Maestría en Docencia Universitaria» . Transmisión vía Zoom y Facebook Live. .  Regístrate aquí para recibir el link de la transmisión: https://acortar.link/4kjoyj . Ponente:Jessica Marquez VargasCoordinadora Académica de la Maestría en Docencia Universitaria</p>
