
{"id":3221,"date":"2023-06-12T17:28:51","date_gmt":"2023-06-12T22:28:51","guid":{"rendered":"https:\/\/posgrado.uwiener.edu.pe\/actividades\/?post_type=evento&#038;p=3221"},"modified":"2023-06-12T17:28:51","modified_gmt":"2023-06-12T22:28:51","slug":"gobernanza-del-futuro-agenda-2030-y-el-gobierno-abierto-ejes-transversales-para-la-gobernanza-multinivel","status":"publish","type":"evento","link":"https:\/\/posgrado.uwiener.edu.pe\/actividades\/evento\/gobernanza-del-futuro-agenda-2030-y-el-gobierno-abierto-ejes-transversales-para-la-gobernanza-multinivel\/","title":{"rendered":"Gobernanza del futuro, agenda 2030 y el gobierno abierto, ejes transversales para la gobernanza multinivel"},"content":{"rendered":"\n<p><img loading=\"lazy\" decoding=\"async\" height=\"16\" width=\"16\" alt=\"\ud83d\udca1\" src=\"https:\/\/static.xx.fbcdn.net\/images\/emoji.php\/v9\/t3c\/1\/16\/1f4a1.png\">Participa de nuestro Webinar Internacional: \u00abGobernanza del futuro, agenda 2030 y el gobierno abierto, ejes transversales para la gobernanza multinivel\u00bb<\/p>\n\n\n\n<p>.<\/p>\n\n\n\n<p><img loading=\"lazy\" decoding=\"async\" height=\"16\" width=\"16\" alt=\"\u2705\" src=\"https:\/\/static.xx.fbcdn.net\/images\/emoji.php\/v9\/t33\/1\/16\/2705.png\">Transmisi\u00f3n v\u00eda Zoom y Facebook Live.<\/p>\n\n\n\n<p>.<\/p>\n\n\n\n<p><img loading=\"lazy\" decoding=\"async\" height=\"16\" width=\"16\" alt=\"\ud83d\udc49\" src=\"https:\/\/static.xx.fbcdn.net\/images\/emoji.php\/v9\/t51\/1\/16\/1f449.png\">\u00a0Reg\u00edstrate aqu\u00ed para recibir el link de la transmisi\u00f3n:\u00a0<a rel=\"noreferrer noopener\" href=\"https:\/\/acortar.link\/TTANx7?fbclid=IwAR3Pt49zkOB9-X6zEgMQR34U0sKLTeGavWXRgL3qU-_CpXY6i7Mfd2sui6s\" target=\"_blank\">https:\/\/acortar.link\/TTANx7<\/a><\/p>\n\n\n\n<p>.<\/p>\n\n\n\n<p><img loading=\"lazy\" decoding=\"async\" height=\"16\" width=\"16\" alt=\"\ud83d\udc68\u200d\ud83c\udfeb\" src=\"https:\/\/static.xx.fbcdn.net\/images\/emoji.php\/v9\/tb5\/1\/16\/1f468_200d_1f3eb.png\">Ponente:<br>Dr. Victor Bonilla Ortega<br>Consultor de la Escuela de Gobierno de la Organizaci\u00f3n de los Estados Americanos (OEA).&nbsp;<\/p>\n","protected":false},"excerpt":{"rendered":"<p>Participa de nuestro Webinar Internacional: \u00abGobernanza del futuro, agenda 2030 y el gobierno abierto, ejes transversales para la gobernanza multinivel\u00bb . Transmisi\u00f3n v\u00eda Zoom y Facebook Live. . \u00a0Reg\u00edstrate aqu\u00ed para recibir el link de la transmisi\u00f3n:\u00a0https:\/\/acortar.link\/TTANx7 . Ponente:Dr. Victor Bonilla OrtegaConsultor de la Escuela de Gobierno de la Organizaci\u00f3n de los Estados Americanos (OEA).&nbsp;<\/p>\n","protected":false},"featured_media":0,"parent":0,"template":"","categoria-eventos":[17,44],"class_list":["post-3221","evento","type-evento","status-publish","hentry","categoria-eventos-videoconferencias","categoria-eventos-webinar-gratuito"],"custom_fields_data":{"inline_featured_image":["0"],"hcf_post_fecha":["2023-06-15"],"hcf_post_timeI":["11:00"],"hcf_post_timeF":[""],"hcf_post_lugar":["Escuela de Posgrado Norbert Wiener - Facebook Live"],"hcf_post_ingreso":[""],"hcf_post_recomendados":[""],"hcf_post_anexos":[""],"hcf_post_email":[""],"hcf_post_url_face":["https:\/\/www.facebook.com\/events\/277321584688515"],"hcf_fecha_blog":[""],"hcf_destacado_blog":[""],"hcf_imagenes":["a:0:{}"],"hcf_thumb_500":["https:\/\/posgrado.uwiener.edu.pe\/actividades\/wp-content\/uploads\/2023\/06\/500x82-21.jpg"],"hcf_thumb_1600":["https:\/\/posgrado.uwiener.edu.pe\/actividades\/wp-content\/uploads\/2023\/06\/1920x314-20.jpg"],"hcf_destacada":["https:\/\/posgrado.uwiener.edu.pe\/actividades\/wp-content\/uploads\/2023\/06\/1200x628-20.jpg"],"_edit_lock":["1686608932:4"],"_edit_last":["4"],"rank_math_og_content_image":["a:2:{s:5:\"check\";s:32:\"b326a11f491381b169041ecf54f2b2d5\";s:6:\"images\";a:0:{}}"],"rank_math_internal_links_processed":["1"]},"_links":{"self":[{"href":"https:\/\/posgrado.uwiener.edu.pe\/actividades\/wp-json\/wp\/v2\/evento\/3221"}],"collection":[{"href":"https:\/\/posgrado.uwiener.edu.pe\/actividades\/wp-json\/wp\/v2\/evento"}],"about":[{"href":"https:\/\/posgrado.uwiener.edu.pe\/actividades\/wp-json\/wp\/v2\/types\/evento"}],"wp:attachment":[{"href":"https:\/\/posgrado.uwiener.edu.pe\/actividades\/wp-json\/wp\/v2\/media?parent=3221"}],"wp:term":[{"taxonomy":"categoria-eventos","embeddable":true,"href":"https:\/\/posgrado.uwiener.edu.pe\/actividades\/wp-json\/wp\/v2\/categoria-eventos?post=3221"}],"curies":[{"name":"wp","href":"https:\/\/api.w.org\/{rel}","templated":true}]}}

<p><img loading="lazy" decoding="async" height="16" width="16" alt="💡" src="https://static.xx.fbcdn.net/images/emoji.php/v9/t3c/1/16/1f4a1.png">Participa de nuestro Webinar Internacional: «Gobernanza del futuro, agenda 2030 y el gobierno abierto, ejes transversales para la gobernanza multinivel»</p>



<p>.</p>



<p><img loading="lazy" decoding="async" height="16" width="16" alt="✅" src="https://static.xx.fbcdn.net/images/emoji.php/v9/t33/1/16/2705.png">Transmisión vía Zoom y Facebook Live.</p>



<p>.</p>



<p><img loading="lazy" decoding="async" height="16" width="16" alt="👉" src="https://static.xx.fbcdn.net/images/emoji.php/v9/t51/1/16/1f449.png"> Regístrate aquí para recibir el link de la transmisión: <a rel="noreferrer noopener" href="https://acortar.link/TTANx7?fbclid=IwAR3Pt49zkOB9-X6zEgMQR34U0sKLTeGavWXRgL3qU-_CpXY6i7Mfd2sui6s" target="_blank">https://acortar.link/TTANx7</a></p>



<p>.</p>



<p><img loading="lazy" decoding="async" height="16" width="16" alt="👨‍🏫" src="https://static.xx.fbcdn.net/images/emoji.php/v9/tb5/1/16/1f468_200d_1f3eb.png">Ponente:<br>Dr. Victor Bonilla Ortega<br>Consultor de la Escuela de Gobierno de la Organización de los Estados Americanos (OEA).&nbsp;</p>

<p>Participa de nuestro Webinar Internacional: «Gobernanza del futuro, agenda 2030 y el gobierno abierto, ejes transversales para la gobernanza multinivel» . Transmisión vía Zoom y Facebook Live. .  Regístrate aquí para recibir el link de la transmisión: https://acortar.link/TTANx7 . Ponente:Dr. Victor Bonilla OrtegaConsultor de la Escuela de Gobierno de la Organización de los Estados Americanos (OEA).&nbsp;</p>
