
{"id":3240,"date":"2023-06-19T18:34:45","date_gmt":"2023-06-19T23:34:45","guid":{"rendered":"https:\/\/posgrado.uwiener.edu.pe\/actividades\/?post_type=evento&#038;p=3240"},"modified":"2023-06-19T18:41:42","modified_gmt":"2023-06-19T23:41:42","slug":"conoce-mas-sobre-la-maestria-de-gestion-en-salud-2","status":"publish","type":"evento","link":"https:\/\/posgrado.uwiener.edu.pe\/actividades\/evento\/conoce-mas-sobre-la-maestria-de-gestion-en-salud-2\/","title":{"rendered":"Conoce m\u00e1s sobre la Maestr\u00eda de Gesti\u00f3n en Salud"},"content":{"rendered":"\n<p><img loading=\"lazy\" decoding=\"async\" height=\"16\" width=\"16\" alt=\"\ud83d\udca1\" src=\"https:\/\/static.xx.fbcdn.net\/images\/emoji.php\/v9\/t3c\/1\/16\/1f4a1.png\">Participa de nuestra Charla Informativa: \u00abConoce m\u00e1s sobre la Maestr\u00eda de Gesti\u00f3n en Salud\u00bb<\/p>\n\n\n\n<p>.<\/p>\n\n\n\n<p><img loading=\"lazy\" decoding=\"async\" height=\"16\" width=\"16\" alt=\"\u2705\" src=\"https:\/\/static.xx.fbcdn.net\/images\/emoji.php\/v9\/t33\/1\/16\/2705.png\">Transmisi\u00f3n v\u00eda Zoom y Facebook Live.<\/p>\n\n\n\n<p>.<\/p>\n\n\n\n<p><img loading=\"lazy\" decoding=\"async\" height=\"16\" width=\"16\" alt=\"\ud83d\udc49\" src=\"https:\/\/static.xx.fbcdn.net\/images\/emoji.php\/v9\/t51\/1\/16\/1f449.png\">&nbsp;Reg\u00edstrate aqu\u00ed para recibir el link de la transmisi\u00f3n:&nbsp;<a rel=\"noreferrer noopener\" href=\"https:\/\/acortar.link\/fFSKip?fbclid=IwAR2MbcgFQqJO-obm704v5r2HbpaTGz80Oq_gxvj7x6I4OfnuOQh0id2Qa3I\" target=\"_blank\">https:\/\/acortar.link\/fFSKip<\/a><\/p>\n\n\n\n<p>.<\/p>\n\n\n\n<p>Dr. Fernando Diaz del Olmo<br>Coordinador Acad\u00e9mico de la Maestr\u00eda de Gesti\u00f3n en Salud<\/p>\n\n\n\n<p><\/p>\n","protected":false},"excerpt":{"rendered":"<p>Participa de nuestra Charla Informativa: \u00abConoce m\u00e1s sobre la Maestr\u00eda de Gesti\u00f3n en Salud\u00bb . Transmisi\u00f3n v\u00eda Zoom y Facebook Live. . &nbsp;Reg\u00edstrate aqu\u00ed para recibir el link de la transmisi\u00f3n:&nbsp;https:\/\/acortar.link\/fFSKip . Dr. Fernando Diaz del OlmoCoordinador Acad\u00e9mico de la Maestr\u00eda de Gesti\u00f3n en Salud<\/p>\n","protected":false},"featured_media":0,"parent":0,"template":"","categoria-eventos":[17,44],"class_list":["post-3240","evento","type-evento","status-publish","hentry","categoria-eventos-videoconferencias","categoria-eventos-webinar-gratuito"],"custom_fields_data":{"inline_featured_image":["0"],"hcf_post_fecha":["2023-06-20"],"hcf_post_timeI":["19:00"],"hcf_post_timeF":[""],"hcf_post_lugar":["Escuela de Posgrado Norbert Wiener - Facebook Live"],"hcf_post_ingreso":[""],"hcf_post_recomendados":[""],"hcf_post_anexos":[""],"hcf_post_email":[""],"hcf_post_url_face":["https:\/\/www.facebook.com\/events\/3379768075569155"],"hcf_fecha_blog":[""],"hcf_destacado_blog":[""],"hcf_imagenes":["a:0:{}"],"hcf_thumb_500":["https:\/\/posgrado.uwiener.edu.pe\/actividades\/wp-content\/uploads\/2023\/05\/500x82-7-1.jpg"],"hcf_thumb_1600":["https:\/\/posgrado.uwiener.edu.pe\/actividades\/wp-content\/uploads\/2023\/05\/1920x314-7-1.jpg"],"hcf_destacada":["https:\/\/posgrado.uwiener.edu.pe\/actividades\/wp-content\/uploads\/2023\/05\/1200x628-7-1.jpg"],"_edit_lock":["1687218103:4"],"_edit_last":["4"],"rank_math_og_content_image":["a:2:{s:5:\"check\";s:32:\"dbe24fc69c9fb26f05dc73f2326d16aa\";s:6:\"images\";a:0:{}}"],"rank_math_internal_links_processed":["1"]},"_links":{"self":[{"href":"https:\/\/posgrado.uwiener.edu.pe\/actividades\/wp-json\/wp\/v2\/evento\/3240"}],"collection":[{"href":"https:\/\/posgrado.uwiener.edu.pe\/actividades\/wp-json\/wp\/v2\/evento"}],"about":[{"href":"https:\/\/posgrado.uwiener.edu.pe\/actividades\/wp-json\/wp\/v2\/types\/evento"}],"wp:attachment":[{"href":"https:\/\/posgrado.uwiener.edu.pe\/actividades\/wp-json\/wp\/v2\/media?parent=3240"}],"wp:term":[{"taxonomy":"categoria-eventos","embeddable":true,"href":"https:\/\/posgrado.uwiener.edu.pe\/actividades\/wp-json\/wp\/v2\/categoria-eventos?post=3240"}],"curies":[{"name":"wp","href":"https:\/\/api.w.org\/{rel}","templated":true}]}}

Conoce más sobre la Maestría de Gestión en Salud

<p><img loading="lazy" decoding="async" height="16" width="16" alt="💡" src="https://static.xx.fbcdn.net/images/emoji.php/v9/t3c/1/16/1f4a1.png">Participa de nuestra Charla Informativa: «Conoce más sobre la Maestría de Gestión en Salud»</p>



<p>.</p>



<p><img loading="lazy" decoding="async" height="16" width="16" alt="✅" src="https://static.xx.fbcdn.net/images/emoji.php/v9/t33/1/16/2705.png">Transmisión vía Zoom y Facebook Live.</p>



<p>.</p>



<p><img loading="lazy" decoding="async" height="16" width="16" alt="👉" src="https://static.xx.fbcdn.net/images/emoji.php/v9/t51/1/16/1f449.png">&nbsp;Regístrate aquí para recibir el link de la transmisión:&nbsp;<a rel="noreferrer noopener" href="https://acortar.link/fFSKip?fbclid=IwAR2MbcgFQqJO-obm704v5r2HbpaTGz80Oq_gxvj7x6I4OfnuOQh0id2Qa3I" target="_blank">https://acortar.link/fFSKip</a></p>



<p>.</p>



<p>Dr. Fernando Diaz del Olmo<br>Coordinador Académico de la Maestría de Gestión en Salud</p>



<p></p>

<p>Participa de nuestra Charla Informativa: «Conoce más sobre la Maestría de Gestión en Salud» . Transmisión vía Zoom y Facebook Live. . &nbsp;Regístrate aquí para recibir el link de la transmisión:&nbsp;https://acortar.link/fFSKip . Dr. Fernando Diaz del OlmoCoordinador Académico de la Maestría de Gestión en Salud</p>
