
{"id":3247,"date":"2023-06-20T20:05:02","date_gmt":"2023-06-21T01:05:02","guid":{"rendered":"https:\/\/posgrado.uwiener.edu.pe\/actividades\/?post_type=evento&#038;p=3247"},"modified":"2023-06-20T20:05:02","modified_gmt":"2023-06-21T01:05:02","slug":"el-mercado-inmobiliario-actual","status":"publish","type":"evento","link":"https:\/\/posgrado.uwiener.edu.pe\/actividades\/evento\/el-mercado-inmobiliario-actual\/","title":{"rendered":"El mercado inmobiliario actual"},"content":{"rendered":"\n<p>Participa de nuestro Webinar: \u00abEl mercado inmobiliario actual\u00bb<\/p>\n\n\n\n<p>.<\/p>\n\n\n\n<p><img loading=\"lazy\" decoding=\"async\" height=\"16\" width=\"16\" alt=\"\u2705\" src=\"https:\/\/static.xx.fbcdn.net\/images\/emoji.php\/v9\/t33\/1\/16\/2705.png\">Transmisi\u00f3n v\u00eda Zoom y Facebook Live.<\/p>\n\n\n\n<p>.<\/p>\n\n\n\n<p><img loading=\"lazy\" decoding=\"async\" height=\"16\" width=\"16\" alt=\"\ud83d\udc49\" src=\"https:\/\/static.xx.fbcdn.net\/images\/emoji.php\/v9\/t51\/1\/16\/1f449.png\">\u00a0Reg\u00edstrate aqu\u00ed para recibir el link de la transmisi\u00f3n:\u00a0<a rel=\"noreferrer noopener\" href=\"https:\/\/acortar.link\/P4r0ra?fbclid=IwAR2XFx2pV6YY8kXMfqe4AA7ontt2SGmsMKbl0VLZ7jcSnAT7m1I0AsB5siE\" target=\"_blank\">https:\/\/acortar.link\/P4r0ra<\/a><\/p>\n\n\n\n<p>.<\/p>\n\n\n\n<p>Vera Lucia Fern\u00e1ndez Huaringa de Ginocchio<br>Administradora de empresas y Comunicadora Empresarial. Gerente General INF Inmobiliaria.<br>M\u00e1s de 11 a\u00f1os de experiencia en Real State, en los cuales gestiona contratos de arrendamiento y venta. Procesos de contrataciones con el Estado y productos financieros bancarios.<br>Jefa Comercial y de comunicaciones en la ciudad de L\u2019Aquila \u2013 Italia.<\/p>\n\n\n\n<p><\/p>\n","protected":false},"excerpt":{"rendered":"<p>Participa de nuestro Webinar: \u00abEl mercado inmobiliario actual\u00bb . Transmisi\u00f3n v\u00eda Zoom y Facebook Live. . \u00a0Reg\u00edstrate aqu\u00ed para recibir el link de la transmisi\u00f3n:\u00a0https:\/\/acortar.link\/P4r0ra . Vera Lucia Fern\u00e1ndez Huaringa de GinocchioAdministradora de empresas y Comunicadora Empresarial. Gerente General INF Inmobiliaria.M\u00e1s de 11 a\u00f1os de experiencia en Real State, en los cuales gestiona contratos de [&hellip;]<\/p>\n","protected":false},"featured_media":0,"parent":0,"template":"","categoria-eventos":[17,44],"class_list":["post-3247","evento","type-evento","status-publish","hentry","categoria-eventos-videoconferencias","categoria-eventos-webinar-gratuito"],"custom_fields_data":{"inline_featured_image":["0"],"hcf_post_fecha":["2023-06-22"],"hcf_post_timeI":["20:00"],"hcf_post_timeF":[""],"hcf_post_lugar":["Escuela de Posgrado Norbert Wiener - Facebook Live"],"hcf_post_ingreso":[""],"hcf_post_recomendados":[""],"hcf_post_anexos":[""],"hcf_post_email":[""],"hcf_post_url_face":["https:\/\/www.facebook.com\/events\/960454558569554"],"hcf_fecha_blog":[""],"hcf_destacado_blog":[""],"hcf_imagenes":["a:0:{}"],"hcf_thumb_500":["https:\/\/posgrado.uwiener.edu.pe\/actividades\/wp-content\/uploads\/2023\/06\/500x82-24.jpg"],"hcf_thumb_1600":["https:\/\/posgrado.uwiener.edu.pe\/actividades\/wp-content\/uploads\/2023\/06\/1920x314-23.jpg"],"hcf_destacada":["https:\/\/posgrado.uwiener.edu.pe\/actividades\/wp-content\/uploads\/2023\/06\/1200x628-23.jpg"],"_edit_lock":["1687309504:4"],"_edit_last":["4"],"rank_math_og_content_image":["a:2:{s:5:\"check\";s:32:\"1be8bebbc83318375e78574ae5d62069\";s:6:\"images\";a:0:{}}"],"rank_math_internal_links_processed":["1"]},"_links":{"self":[{"href":"https:\/\/posgrado.uwiener.edu.pe\/actividades\/wp-json\/wp\/v2\/evento\/3247"}],"collection":[{"href":"https:\/\/posgrado.uwiener.edu.pe\/actividades\/wp-json\/wp\/v2\/evento"}],"about":[{"href":"https:\/\/posgrado.uwiener.edu.pe\/actividades\/wp-json\/wp\/v2\/types\/evento"}],"wp:attachment":[{"href":"https:\/\/posgrado.uwiener.edu.pe\/actividades\/wp-json\/wp\/v2\/media?parent=3247"}],"wp:term":[{"taxonomy":"categoria-eventos","embeddable":true,"href":"https:\/\/posgrado.uwiener.edu.pe\/actividades\/wp-json\/wp\/v2\/categoria-eventos?post=3247"}],"curies":[{"name":"wp","href":"https:\/\/api.w.org\/{rel}","templated":true}]}}

<p>Participa de nuestro Webinar: «El mercado inmobiliario actual»</p>



<p>.</p>



<p><img loading="lazy" decoding="async" height="16" width="16" alt="✅" src="https://static.xx.fbcdn.net/images/emoji.php/v9/t33/1/16/2705.png">Transmisión vía Zoom y Facebook Live.</p>



<p>.</p>



<p><img loading="lazy" decoding="async" height="16" width="16" alt="👉" src="https://static.xx.fbcdn.net/images/emoji.php/v9/t51/1/16/1f449.png"> Regístrate aquí para recibir el link de la transmisión: <a rel="noreferrer noopener" href="https://acortar.link/P4r0ra?fbclid=IwAR2XFx2pV6YY8kXMfqe4AA7ontt2SGmsMKbl0VLZ7jcSnAT7m1I0AsB5siE" target="_blank">https://acortar.link/P4r0ra</a></p>



<p>.</p>



<p>Vera Lucia Fernández Huaringa de Ginocchio<br>Administradora de empresas y Comunicadora Empresarial. Gerente General INF Inmobiliaria.<br>Más de 11 años de experiencia en Real State, en los cuales gestiona contratos de arrendamiento y venta. Procesos de contrataciones con el Estado y productos financieros bancarios.<br>Jefa Comercial y de comunicaciones en la ciudad de L’Aquila – Italia.</p>



<p></p>

<p>Participa de nuestro Webinar: «El mercado inmobiliario actual» . Transmisión vía Zoom y Facebook Live. .  Regístrate aquí para recibir el link de la transmisión: https://acortar.link/P4r0ra . Vera Lucia Fernández Huaringa de GinocchioAdministradora de empresas y Comunicadora Empresarial. Gerente General INF Inmobiliaria.Más de 11 años de experiencia en Real State, en los cuales gestiona contratos de [&hellip;]</p>
