
{"id":3251,"date":"2023-06-20T20:13:50","date_gmt":"2023-06-21T01:13:50","guid":{"rendered":"https:\/\/posgrado.uwiener.edu.pe\/actividades\/?post_type=evento&#038;p=3251"},"modified":"2023-06-20T20:13:50","modified_gmt":"2023-06-21T01:13:50","slug":"comercio-ilegal-de-medicamentos-en-el-peru","status":"publish","type":"evento","link":"https:\/\/posgrado.uwiener.edu.pe\/actividades\/evento\/comercio-ilegal-de-medicamentos-en-el-peru\/","title":{"rendered":"Comercio ilegal de medicamentos en el Per\u00fa"},"content":{"rendered":"\n<p><img loading=\"lazy\" decoding=\"async\" height=\"16\" width=\"16\" alt=\"\ud83d\udca1\" src=\"https:\/\/static.xx.fbcdn.net\/images\/emoji.php\/v9\/t3c\/1\/16\/1f4a1.png\">Participa de nuestro Webinar: \u00abComercio ilegal de medicamentos en el Per\u00fa\u00bb<\/p>\n\n\n\n<p>.<\/p>\n\n\n\n<p><img loading=\"lazy\" decoding=\"async\" height=\"16\" width=\"16\" alt=\"\u2705\" src=\"https:\/\/static.xx.fbcdn.net\/images\/emoji.php\/v9\/t33\/1\/16\/2705.png\">Transmisi\u00f3n v\u00eda Zoom y Facebook Live.<\/p>\n\n\n\n<p>.<\/p>\n\n\n\n<p><img loading=\"lazy\" decoding=\"async\" height=\"16\" width=\"16\" alt=\"\ud83d\udc49\" src=\"https:\/\/static.xx.fbcdn.net\/images\/emoji.php\/v9\/t51\/1\/16\/1f449.png\">\u00a0Reg\u00edstrate aqu\u00ed para recibir el link de la transmisi\u00f3n:\u00a0<a rel=\"noreferrer noopener\" href=\"https:\/\/acortar.link\/H5v37W?fbclid=IwAR2PKVqaBBdnYLcG7z4g9dmBpTpRSM2qniGRwi71R_0nT5uM31IMXjOLEgg\" target=\"_blank\">https:\/\/acortar.link\/H5v37W<\/a><\/p>\n\n\n\n<p>.<\/p>\n\n\n\n<p>Luis Costilla<br>Coordinador del \u00c1rea de Prevenci\u00f3n y Difusi\u00f3n contra el Comercio Ilegal de Medicamentos de DIGEMID. Past-miembro del Sector Peritos Judiciales del Colegio Qu\u00edmico Farmac\u00e9utico Departamental Lima y miembro del Comit\u00e9 de calidad para la acreditaci\u00f3n nacional del doctorado de la unidad de posgrado en Farmacia y Bioqu\u00edmica-UNMSM.<\/p>\n","protected":false},"excerpt":{"rendered":"<p>Participa de nuestro Webinar: \u00abComercio ilegal de medicamentos en el Per\u00fa\u00bb . Transmisi\u00f3n v\u00eda Zoom y Facebook Live. . \u00a0Reg\u00edstrate aqu\u00ed para recibir el link de la transmisi\u00f3n:\u00a0https:\/\/acortar.link\/H5v37W . Luis CostillaCoordinador del \u00c1rea de Prevenci\u00f3n y Difusi\u00f3n contra el Comercio Ilegal de Medicamentos de DIGEMID. Past-miembro del Sector Peritos Judiciales del Colegio Qu\u00edmico Farmac\u00e9utico Departamental [&hellip;]<\/p>\n","protected":false},"featured_media":0,"parent":0,"template":"","categoria-eventos":[17,44],"class_list":["post-3251","evento","type-evento","status-publish","hentry","categoria-eventos-videoconferencias","categoria-eventos-webinar-gratuito"],"custom_fields_data":{"inline_featured_image":["0"],"hcf_post_fecha":["2023-06-20"],"hcf_post_timeI":["19:30"],"hcf_post_timeF":[""],"hcf_post_lugar":["Escuela de Posgrado Norbert Wiener - Facebook Live"],"hcf_post_ingreso":[""],"hcf_post_recomendados":[""],"hcf_post_anexos":[""],"hcf_post_email":[""],"hcf_post_url_face":["https:\/\/www.facebook.com\/events\/296270032752636\/"],"hcf_fecha_blog":[""],"hcf_destacado_blog":[""],"hcf_imagenes":["a:0:{}"],"hcf_thumb_500":["https:\/\/posgrado.uwiener.edu.pe\/actividades\/wp-content\/uploads\/2023\/06\/500x82-25.jpg"],"hcf_thumb_1600":["https:\/\/posgrado.uwiener.edu.pe\/actividades\/wp-content\/uploads\/2023\/06\/1920x314-24.jpg"],"hcf_destacada":["https:\/\/posgrado.uwiener.edu.pe\/actividades\/wp-content\/uploads\/2023\/06\/1200x628-24.jpg"],"_edit_lock":["1687310031:4"],"_edit_last":["4"],"rank_math_og_content_image":["a:2:{s:5:\"check\";s:32:\"5c7feea40b6679efa18bd1c78bb0d9b8\";s:6:\"images\";a:0:{}}"],"rank_math_internal_links_processed":["1"]},"_links":{"self":[{"href":"https:\/\/posgrado.uwiener.edu.pe\/actividades\/wp-json\/wp\/v2\/evento\/3251"}],"collection":[{"href":"https:\/\/posgrado.uwiener.edu.pe\/actividades\/wp-json\/wp\/v2\/evento"}],"about":[{"href":"https:\/\/posgrado.uwiener.edu.pe\/actividades\/wp-json\/wp\/v2\/types\/evento"}],"wp:attachment":[{"href":"https:\/\/posgrado.uwiener.edu.pe\/actividades\/wp-json\/wp\/v2\/media?parent=3251"}],"wp:term":[{"taxonomy":"categoria-eventos","embeddable":true,"href":"https:\/\/posgrado.uwiener.edu.pe\/actividades\/wp-json\/wp\/v2\/categoria-eventos?post=3251"}],"curies":[{"name":"wp","href":"https:\/\/api.w.org\/{rel}","templated":true}]}}

Comercio ilegal de medicamentos en el Perú

<p><img loading="lazy" decoding="async" height="16" width="16" alt="💡" src="https://static.xx.fbcdn.net/images/emoji.php/v9/t3c/1/16/1f4a1.png">Participa de nuestro Webinar: «Comercio ilegal de medicamentos en el Perú»</p>



<p>.</p>



<p><img loading="lazy" decoding="async" height="16" width="16" alt="✅" src="https://static.xx.fbcdn.net/images/emoji.php/v9/t33/1/16/2705.png">Transmisión vía Zoom y Facebook Live.</p>



<p>.</p>



<p><img loading="lazy" decoding="async" height="16" width="16" alt="👉" src="https://static.xx.fbcdn.net/images/emoji.php/v9/t51/1/16/1f449.png"> Regístrate aquí para recibir el link de la transmisión: <a rel="noreferrer noopener" href="https://acortar.link/H5v37W?fbclid=IwAR2PKVqaBBdnYLcG7z4g9dmBpTpRSM2qniGRwi71R_0nT5uM31IMXjOLEgg" target="_blank">https://acortar.link/H5v37W</a></p>



<p>.</p>



<p>Luis Costilla<br>Coordinador del Área de Prevención y Difusión contra el Comercio Ilegal de Medicamentos de DIGEMID. Past-miembro del Sector Peritos Judiciales del Colegio Químico Farmacéutico Departamental Lima y miembro del Comité de calidad para la acreditación nacional del doctorado de la unidad de posgrado en Farmacia y Bioquímica-UNMSM.</p>

<p>Participa de nuestro Webinar: «Comercio ilegal de medicamentos en el Perú» . Transmisión vía Zoom y Facebook Live. .  Regístrate aquí para recibir el link de la transmisión: https://acortar.link/H5v37W . Luis CostillaCoordinador del Área de Prevención y Difusión contra el Comercio Ilegal de Medicamentos de DIGEMID. Past-miembro del Sector Peritos Judiciales del Colegio Químico Farmacéutico Departamental [&hellip;]</p>
