
{"id":3699,"date":"2024-02-22T00:59:25","date_gmt":"2024-02-22T05:59:25","guid":{"rendered":"https:\/\/posgrado.uwiener.edu.pe\/actividades\/?post_type=evento&#038;p=3699"},"modified":"2024-02-22T00:59:26","modified_gmt":"2024-02-22T05:59:26","slug":"charla-informativa-maestria-en-salud-publica-6","status":"publish","type":"evento","link":"https:\/\/posgrado.uwiener.edu.pe\/actividades\/evento\/charla-informativa-maestria-en-salud-publica-6\/","title":{"rendered":"Charla Informativa: Maestr\u00eda en Salud P\u00fablica"},"content":{"rendered":"\n<p>Participa de nuestra charla Informativa de Maestr\u00eda en Salud P\u00fablica \u00abConoce sobre ruta de aprendizaje, malla curricular, certificaciones, proceso de admisi\u00f3n e inversi\u00f3n econ\u00f3mica\u00bb<\/p>\n\n\n\n<p>Transmisi\u00f3n v\u00eda Zoom y Facebook Live<\/p>\n\n\n\n<p>Reg\u00edstrate aqu\u00ed para recibir el link de la transmisi\u00f3n: <a href=\"https:\/\/acortar.link\/7O0HjP\" target=\"_blank\" rel=\"noopener\">https:\/\/acortar.link\/7O0HjP<\/a><\/p>\n\n\n\n<p>Ponente:<\/p>\n\n\n\n<p>Rosa Mezarina Garc\u00eda<\/p>\n\n\n\n<p>Coordinadora Acad\u00e9mica de la Maestr\u00eda en Salud P\u00fablica<\/p>\n","protected":false},"excerpt":{"rendered":"<p>Participa de nuestra charla Informativa de Maestr\u00eda en Salud P\u00fablica \u00abConoce sobre ruta de aprendizaje, malla curricular, certificaciones, proceso de admisi\u00f3n e inversi\u00f3n econ\u00f3mica\u00bb Transmisi\u00f3n v\u00eda Zoom y Facebook Live Reg\u00edstrate aqu\u00ed para recibir el link de la transmisi\u00f3n: https:\/\/acortar.link\/7O0HjP Ponente: Rosa Mezarina Garc\u00eda Coordinadora Acad\u00e9mica de la Maestr\u00eda en Salud P\u00fablica<\/p>\n","protected":false},"featured_media":0,"parent":0,"template":"","categoria-eventos":[17,44],"class_list":["post-3699","evento","type-evento","status-publish","hentry","categoria-eventos-videoconferencias","categoria-eventos-webinar-gratuito"],"custom_fields_data":{"inline_featured_image":["0"],"hcf_post_fecha":["2024-02-15"],"hcf_post_timeI":["19:00"],"hcf_post_timeF":[""],"hcf_post_lugar":["Escuela de Posgrado Norbert Wiener"],"hcf_post_ingreso":[""],"hcf_post_recomendados":[""],"hcf_post_anexos":[""],"hcf_post_email":[""],"hcf_post_url_face":["https:\/\/www.facebook.com\/100080333856967\/videos\/1581838619233554"],"hcf_fecha_blog":[""],"hcf_destacado_blog":[""],"hcf_imagenes":["a:0:{}"],"hcf_thumb_500":["https:\/\/posgrado.uwiener.edu.pe\/actividades\/wp-content\/uploads\/2024\/02\/500x82-4.jpg"],"hcf_thumb_1600":["https:\/\/posgrado.uwiener.edu.pe\/actividades\/wp-content\/uploads\/2024\/02\/1920x314-4.jpg"],"hcf_destacada":["https:\/\/posgrado.uwiener.edu.pe\/actividades\/wp-content\/uploads\/2024\/02\/1200x628-4.jpg"],"_edit_lock":["1708581567:5"],"_edit_last":["5"],"rank_math_internal_links_processed":["1"]},"_links":{"self":[{"href":"https:\/\/posgrado.uwiener.edu.pe\/actividades\/wp-json\/wp\/v2\/evento\/3699"}],"collection":[{"href":"https:\/\/posgrado.uwiener.edu.pe\/actividades\/wp-json\/wp\/v2\/evento"}],"about":[{"href":"https:\/\/posgrado.uwiener.edu.pe\/actividades\/wp-json\/wp\/v2\/types\/evento"}],"wp:attachment":[{"href":"https:\/\/posgrado.uwiener.edu.pe\/actividades\/wp-json\/wp\/v2\/media?parent=3699"}],"wp:term":[{"taxonomy":"categoria-eventos","embeddable":true,"href":"https:\/\/posgrado.uwiener.edu.pe\/actividades\/wp-json\/wp\/v2\/categoria-eventos?post=3699"}],"curies":[{"name":"wp","href":"https:\/\/api.w.org\/{rel}","templated":true}]}}

Charla Informativa: Maestría en Salud Pública

<p>Participa de nuestra charla Informativa de Maestría en Salud Pública «Conoce sobre ruta de aprendizaje, malla curricular, certificaciones, proceso de admisión e inversión económica»</p>



<p>Transmisión vía Zoom y Facebook Live</p>



<p>Regístrate aquí para recibir el link de la transmisión: <a href="https://acortar.link/7O0HjP" target="_blank" rel="noopener">https://acortar.link/7O0HjP</a></p>



<p>Ponente:</p>



<p>Rosa Mezarina García</p>



<p>Coordinadora Académica de la Maestría en Salud Pública</p>

<p>Participa de nuestra charla Informativa de Maestría en Salud Pública «Conoce sobre ruta de aprendizaje, malla curricular, certificaciones, proceso de admisión e inversión económica» Transmisión vía Zoom y Facebook Live Regístrate aquí para recibir el link de la transmisión: https://acortar.link/7O0HjP Ponente: Rosa Mezarina García Coordinadora Académica de la Maestría en Salud Pública</p>
