
{"id":3734,"date":"2024-02-23T09:30:59","date_gmt":"2024-02-23T14:30:59","guid":{"rendered":"https:\/\/posgrado.uwiener.edu.pe\/actividades\/?post_type=evento&#038;p=3734"},"modified":"2024-02-29T11:26:50","modified_gmt":"2024-02-29T16:26:50","slug":"retos-del-profesional-de-enfermeria-conoce-sobre-nuestra-maestria-y-los-retos-que-enfrenta-el-profesional-de-enfermeria","status":"publish","type":"evento","link":"https:\/\/posgrado.uwiener.edu.pe\/actividades\/evento\/retos-del-profesional-de-enfermeria-conoce-sobre-nuestra-maestria-y-los-retos-que-enfrenta-el-profesional-de-enfermeria\/","title":{"rendered":"Retos del Profesional de Enfermer\u00eda Conoce sobre Nuestra Maestr\u00eda y los Retos que Enfrenta el Profesional de Enfermer\u00eda"},"content":{"rendered":"\n<p>Participa de nuestra charla Informativa de Maestr\u00eda en Ciencias de Enfermer\u00eda \u00abRetos del Profesional de Enfermer\u00eda Conoce sobre Nuestra Maestr\u00eda y los Retos que Enfrenta el Profesional de Enfermer\u00eda\u00bb<\/p>\n\n\n\n<p><strong>Transmisi\u00f3n v\u00eda Zoom y Facebook Live<\/strong><\/p>\n\n\n\n<p>Reg\u00edstrate aqu\u00ed para recibir el link de la transmisi\u00f3n: <a href=\"https:\/\/acortar.link\/9kNUBJ\" target=\"_blank\" rel=\"noopener\">https:\/\/acortar.link\/9kNUBJ<\/a><\/p>\n\n\n\n<p><strong>Ponente:<\/strong><\/p>\n\n\n\n<p>Anika Remuzgo<\/p>\n\n\n\n<p>Coordinadora Acad\u00e9mica de la Maestr\u00eda en Ciencias de Enfermer\u00eda<\/p>\n","protected":false},"excerpt":{"rendered":"<p>Participa de nuestra charla Informativa de Maestr\u00eda en Ciencias de Enfermer\u00eda \u00abRetos del Profesional de Enfermer\u00eda Conoce sobre Nuestra Maestr\u00eda y los Retos que Enfrenta el Profesional de Enfermer\u00eda\u00bb Transmisi\u00f3n v\u00eda Zoom y Facebook Live Reg\u00edstrate aqu\u00ed para recibir el link de la transmisi\u00f3n: https:\/\/acortar.link\/9kNUBJ Ponente: Anika Remuzgo Coordinadora Acad\u00e9mica de la Maestr\u00eda en Ciencias [&hellip;]<\/p>\n","protected":false},"featured_media":0,"parent":0,"template":"","categoria-eventos":[17,44],"class_list":["post-3734","evento","type-evento","status-publish","hentry","categoria-eventos-videoconferencias","categoria-eventos-webinar-gratuito"],"custom_fields_data":{"inline_featured_image":["0"],"hcf_post_fecha":["2024-02-28"],"hcf_post_timeI":["18:00"],"hcf_post_timeF":[""],"hcf_post_lugar":["Escuela de Posgrado Norbert Wiener"],"hcf_post_ingreso":[""],"hcf_post_recomendados":[""],"hcf_post_anexos":[""],"hcf_post_email":[""],"hcf_post_url_face":["https:\/\/web.facebook.com\/PosgradoWiener\/videos\/338007452570866"],"hcf_fecha_blog":[""],"hcf_destacado_blog":[""],"hcf_imagenes":["a:0:{}"],"hcf_thumb_500":["https:\/\/posgrado.uwiener.edu.pe\/actividades\/wp-content\/uploads\/2024\/02\/500x82-2.jpg"],"hcf_thumb_1600":["https:\/\/posgrado.uwiener.edu.pe\/actividades\/wp-content\/uploads\/2024\/02\/1920x314-2.jpg"],"hcf_destacada":["https:\/\/posgrado.uwiener.edu.pe\/actividades\/wp-content\/uploads\/2024\/02\/1200x628-2.jpg"],"_edit_lock":["1714141008:5"],"_edit_last":["5"],"rank_math_internal_links_processed":["1"]},"_links":{"self":[{"href":"https:\/\/posgrado.uwiener.edu.pe\/actividades\/wp-json\/wp\/v2\/evento\/3734"}],"collection":[{"href":"https:\/\/posgrado.uwiener.edu.pe\/actividades\/wp-json\/wp\/v2\/evento"}],"about":[{"href":"https:\/\/posgrado.uwiener.edu.pe\/actividades\/wp-json\/wp\/v2\/types\/evento"}],"wp:attachment":[{"href":"https:\/\/posgrado.uwiener.edu.pe\/actividades\/wp-json\/wp\/v2\/media?parent=3734"}],"wp:term":[{"taxonomy":"categoria-eventos","embeddable":true,"href":"https:\/\/posgrado.uwiener.edu.pe\/actividades\/wp-json\/wp\/v2\/categoria-eventos?post=3734"}],"curies":[{"name":"wp","href":"https:\/\/api.w.org\/{rel}","templated":true}]}}

Retos del Profesional de Enfermería Conoce sobre Nuestra Maestría y los Retos que Enfrenta el Profesional de Enfermería

<p>Participa de nuestra charla Informativa de Maestría en Ciencias de Enfermería «Retos del Profesional de Enfermería Conoce sobre Nuestra Maestría y los Retos que Enfrenta el Profesional de Enfermería»</p>



<p><strong>Transmisión vía Zoom y Facebook Live</strong></p>



<p>Regístrate aquí para recibir el link de la transmisión: <a href="https://acortar.link/9kNUBJ" target="_blank" rel="noopener">https://acortar.link/9kNUBJ</a></p>



<p><strong>Ponente:</strong></p>



<p>Anika Remuzgo</p>



<p>Coordinadora Académica de la Maestría en Ciencias de Enfermería</p>

<p>Participa de nuestra charla Informativa de Maestría en Ciencias de Enfermería «Retos del Profesional de Enfermería Conoce sobre Nuestra Maestría y los Retos que Enfrenta el Profesional de Enfermería» Transmisión vía Zoom y Facebook Live Regístrate aquí para recibir el link de la transmisión: https://acortar.link/9kNUBJ Ponente: Anika Remuzgo Coordinadora Académica de la Maestría en Ciencias [&hellip;]</p>
