
{"id":3742,"date":"2024-02-28T12:04:58","date_gmt":"2024-02-28T17:04:58","guid":{"rendered":"https:\/\/posgrado.uwiener.edu.pe\/actividades\/?post_type=evento&#038;p=3742"},"modified":"2024-03-04T10:15:38","modified_gmt":"2024-03-04T15:15:38","slug":"webinar-importancia-del-reconocimiento-de-la-variable-de-estudio-para-la-ejecucion-de-un-proyecto-de-investigacion","status":"publish","type":"evento","link":"https:\/\/posgrado.uwiener.edu.pe\/actividades\/evento\/webinar-importancia-del-reconocimiento-de-la-variable-de-estudio-para-la-ejecucion-de-un-proyecto-de-investigacion\/","title":{"rendered":"Webinar: Importancia del Reconocimiento de la Variable de Estudio para la Ejecuci\u00f3n de un Proyecto de Investigaci\u00f3n"},"content":{"rendered":"\n<p>Participa de nuestro webinar del Programa de Especializaci\u00f3n Investigaci\u00f3n Cient\u00edfica \u00abImportancia del Reconocimiento de la Variable de Estudio para la Ejecuci\u00f3n de un Proyecto de Investigaci\u00f3n\u00bb<\/p>\n\n\n\n<p>Transmisi\u00f3n v\u00eda Zoom y Facebook Live<\/p>\n\n\n\n<p>Reg\u00edstrate aqu\u00ed para recibir el link de la transmisi\u00f3n: <a href=\"https:\/\/acortar.link\/ejqJJh\" target=\"_blank\" rel=\"noopener\">https:\/\/acortar.link\/ejqJJh<\/a><\/p>\n\n\n\n<p>Ponente:<br>Mg. Cesar Arellano Sacramento<\/p>\n\n\n\n<p>Cirujano\u00a0dentista. Magister en Salud P\u00fablica.\u00a0Maestrando en Epidemiolog\u00eda Cl\u00ednica. Egresado\u00a0de\u00a0la\u00a0segunda especialidad\u00a0de\u00a0Estad\u00edstica en\u00a0Investigaci\u00f3n.\u00a0Docente\u00a0universitario en cursos relacionados a\u00a0investigaci\u00f3n. Investigador Renacyt.<\/p>\n","protected":false},"excerpt":{"rendered":"<p>Participa de nuestro webinar del Programa de Especializaci\u00f3n Investigaci\u00f3n Cient\u00edfica \u00abImportancia del Reconocimiento de la Variable de Estudio para la Ejecuci\u00f3n de un Proyecto de Investigaci\u00f3n\u00bb Transmisi\u00f3n v\u00eda Zoom y Facebook Live Reg\u00edstrate aqu\u00ed para recibir el link de la transmisi\u00f3n: https:\/\/acortar.link\/ejqJJh Ponente:Mg. Cesar Arellano Sacramento Cirujano\u00a0dentista. Magister en Salud P\u00fablica.\u00a0Maestrando en Epidemiolog\u00eda Cl\u00ednica. Egresado\u00a0de\u00a0la\u00a0segunda [&hellip;]<\/p>\n","protected":false},"featured_media":0,"parent":0,"template":"","categoria-eventos":[17,44],"class_list":["post-3742","evento","type-evento","status-publish","hentry","categoria-eventos-videoconferencias","categoria-eventos-webinar-gratuito"],"custom_fields_data":{"inline_featured_image":["0"],"hcf_post_fecha":["2024-03-01"],"hcf_post_timeI":["19:00"],"hcf_post_timeF":["20:00"],"hcf_post_lugar":["Escuela de Posgrado Norbert Wiener"],"hcf_post_ingreso":[""],"hcf_post_recomendados":[""],"hcf_post_anexos":[""],"hcf_post_email":[""],"hcf_post_url_face":["https:\/\/www.facebook.com\/PosgradoWiener\/videos\/718882700358266"],"hcf_fecha_blog":[""],"hcf_destacado_blog":[""],"hcf_imagenes":["a:0:{}"],"hcf_thumb_500":["https:\/\/posgrado.uwiener.edu.pe\/actividades\/wp-content\/uploads\/2024\/02\/PE_1200-x-628px.png"],"hcf_thumb_1600":["https:\/\/posgrado.uwiener.edu.pe\/actividades\/wp-content\/uploads\/2024\/02\/PE_1200-x-628px.png"],"hcf_destacada":["https:\/\/posgrado.uwiener.edu.pe\/actividades\/wp-content\/uploads\/2024\/02\/PE_1200-x-628px.png"],"_edit_lock":["1718121634:5"],"_edit_last":["5"],"rank_math_internal_links_processed":["1"]},"_links":{"self":[{"href":"https:\/\/posgrado.uwiener.edu.pe\/actividades\/wp-json\/wp\/v2\/evento\/3742"}],"collection":[{"href":"https:\/\/posgrado.uwiener.edu.pe\/actividades\/wp-json\/wp\/v2\/evento"}],"about":[{"href":"https:\/\/posgrado.uwiener.edu.pe\/actividades\/wp-json\/wp\/v2\/types\/evento"}],"wp:attachment":[{"href":"https:\/\/posgrado.uwiener.edu.pe\/actividades\/wp-json\/wp\/v2\/media?parent=3742"}],"wp:term":[{"taxonomy":"categoria-eventos","embeddable":true,"href":"https:\/\/posgrado.uwiener.edu.pe\/actividades\/wp-json\/wp\/v2\/categoria-eventos?post=3742"}],"curies":[{"name":"wp","href":"https:\/\/api.w.org\/{rel}","templated":true}]}}

Webinar: Importancia del Reconocimiento de la Variable de Estudio para la Ejecución de un Proyecto de Investigación

<p>Participa de nuestro webinar del Programa de Especialización Investigación Científica «Importancia del Reconocimiento de la Variable de Estudio para la Ejecución de un Proyecto de Investigación»</p>



<p>Transmisión vía Zoom y Facebook Live</p>



<p>Regístrate aquí para recibir el link de la transmisión: <a href="https://acortar.link/ejqJJh" target="_blank" rel="noopener">https://acortar.link/ejqJJh</a></p>



<p>Ponente:<br>Mg. Cesar Arellano Sacramento</p>



<p>Cirujano dentista. Magister en Salud Pública. Maestrando en Epidemiología Clínica. Egresado de la segunda especialidad de Estadística en Investigación. Docente universitario en cursos relacionados a investigación. Investigador Renacyt.</p>

<p>Participa de nuestro webinar del Programa de Especialización Investigación Científica «Importancia del Reconocimiento de la Variable de Estudio para la Ejecución de un Proyecto de Investigación» Transmisión vía Zoom y Facebook Live Regístrate aquí para recibir el link de la transmisión: https://acortar.link/ejqJJh Ponente:Mg. Cesar Arellano Sacramento Cirujano dentista. Magister en Salud Pública. Maestrando en Epidemiología Clínica. Egresado de la segunda [&hellip;]</p>
