
{"id":3754,"date":"2024-03-11T11:06:29","date_gmt":"2024-03-11T16:06:29","guid":{"rendered":"https:\/\/posgrado.uwiener.edu.pe\/actividades\/?post_type=evento&#038;p=3754"},"modified":"2024-03-19T12:52:25","modified_gmt":"2024-03-19T17:52:25","slug":"webinar-filosofia-de-los-cuidados-paliativos","status":"publish","type":"evento","link":"https:\/\/posgrado.uwiener.edu.pe\/actividades\/evento\/webinar-filosofia-de-los-cuidados-paliativos\/","title":{"rendered":"Webinar: Filosof\u00eda de los Cuidados Paliativos"},"content":{"rendered":"\n<p>Participa de nuestro webinar del Programa de Especializaci\u00f3n en Cuidados Paliativos \u00abFilosof\u00eda de los Cuidados Paliativos\u00bb<\/p>\n\n\n\n<p>Transmisi\u00f3n v\u00eda Zoom <\/p>\n\n\n\n<p>Url Youtube: <a href=\"https:\/\/youtu.be\/wyTLHAENN4c\" target=\"_blank\" rel=\"noopener\">https:\/\/youtu.be\/wyTLHAENN4c<\/a><\/p>\n\n\n\n<p>Reg\u00edstrate aqu\u00ed para recibir el link de la transmisi\u00f3n:&nbsp;<a href=\"https:\/\/acortar.link\/a5fffG\" target=\"_blank\" rel=\"noopener\">https:\/\/acortar.link\/a5fffG<\/a><\/p>\n\n\n\n<p><strong>Ponente:<\/strong><\/p>\n\n\n\n<p><strong>Mg. Miguel Angel Otoya L\u00f3pez<\/strong><\/p>\n\n\n\n<p>M\u00e9dico Cirujano, egresado de la UNMSM, con especialidad en Anestesiolog\u00eda por la UPCH egresado de la Maestr\u00eda de Medicina con menci\u00f3n en Anestesiolog\u00eda. Con pasant\u00edas en Anestesiolog\u00eda, Dolor Intervencionista y Medicina Paliativa del Hospital H. Lee Moffitt en Tampa Florida, Dolor Infantil en Children\u00b4s Hospital of Eastern Ontario (CHEOPS), en Cuidados Paliativos de Adultos en Bruyere Hospital en Ottawa y pasant\u00eda en Cuidados Paliativos Infantiles en la Fundaci\u00f3n Nuestros Hijos de Chile. Experiencia laboral como m\u00e9dico asistente del Equipo Funcional de Medicina Paliativa y Tratamiento del Dolor del Instituto Nacional de Enfermedades Neopl\u00e1sicas (INEN).<\/p>\n","protected":false},"excerpt":{"rendered":"<p>Participa de nuestro webinar del Programa de Especializaci\u00f3n en Cuidados Paliativos \u00abFilosof\u00eda de los Cuidados Paliativos\u00bb Transmisi\u00f3n v\u00eda Zoom Url Youtube: https:\/\/youtu.be\/wyTLHAENN4c Reg\u00edstrate aqu\u00ed para recibir el link de la transmisi\u00f3n:&nbsp;https:\/\/acortar.link\/a5fffG Ponente: Mg. Miguel Angel Otoya L\u00f3pez M\u00e9dico Cirujano, egresado de la UNMSM, con especialidad en Anestesiolog\u00eda por la UPCH egresado de la Maestr\u00eda de [&hellip;]<\/p>\n","protected":false},"featured_media":0,"parent":0,"template":"","categoria-eventos":[17,44],"class_list":["post-3754","evento","type-evento","status-publish","hentry","categoria-eventos-videoconferencias","categoria-eventos-webinar-gratuito"],"custom_fields_data":{"inline_featured_image":["0"],"hcf_post_fecha":["2024-03-14"],"hcf_post_timeI":["07:00"],"hcf_post_timeF":["08:00"],"hcf_post_lugar":["Escuela de Posgrado Norbert Wiener"],"hcf_post_ingreso":[""],"hcf_post_recomendados":[""],"hcf_post_anexos":[""],"hcf_post_email":[""],"hcf_post_url_face":["https:\/\/youtu.be\/wyTLHAENN4c"],"hcf_fecha_blog":[""],"hcf_destacado_blog":[""],"hcf_imagenes":["a:0:{}"],"hcf_thumb_500":["https:\/\/posgrado.uwiener.edu.pe\/actividades\/wp-content\/uploads\/2024\/03\/PE_CP_1200X628.jpg"],"hcf_thumb_1600":["https:\/\/posgrado.uwiener.edu.pe\/actividades\/wp-content\/uploads\/2024\/03\/PE_CP_1200X628.jpg"],"hcf_destacada":["https:\/\/posgrado.uwiener.edu.pe\/actividades\/wp-content\/uploads\/2024\/03\/PE_CP_1200X628.jpg"],"_edit_lock":["1710870985:5"],"_edit_last":["5"],"rank_math_internal_links_processed":["1"]},"_links":{"self":[{"href":"https:\/\/posgrado.uwiener.edu.pe\/actividades\/wp-json\/wp\/v2\/evento\/3754"}],"collection":[{"href":"https:\/\/posgrado.uwiener.edu.pe\/actividades\/wp-json\/wp\/v2\/evento"}],"about":[{"href":"https:\/\/posgrado.uwiener.edu.pe\/actividades\/wp-json\/wp\/v2\/types\/evento"}],"wp:attachment":[{"href":"https:\/\/posgrado.uwiener.edu.pe\/actividades\/wp-json\/wp\/v2\/media?parent=3754"}],"wp:term":[{"taxonomy":"categoria-eventos","embeddable":true,"href":"https:\/\/posgrado.uwiener.edu.pe\/actividades\/wp-json\/wp\/v2\/categoria-eventos?post=3754"}],"curies":[{"name":"wp","href":"https:\/\/api.w.org\/{rel}","templated":true}]}}

Webinar: Filosofía de los Cuidados Paliativos

<p>Participa de nuestro webinar del Programa de Especialización en Cuidados Paliativos «Filosofía de los Cuidados Paliativos»</p>



<p>Transmisión vía Zoom </p>



<p>Url Youtube: <a href="https://youtu.be/wyTLHAENN4c" target="_blank" rel="noopener">https://youtu.be/wyTLHAENN4c</a></p>



<p>Regístrate aquí para recibir el link de la transmisión:&nbsp;<a href="https://acortar.link/a5fffG" target="_blank" rel="noopener">https://acortar.link/a5fffG</a></p>



<p><strong>Ponente:</strong></p>



<p><strong>Mg. Miguel Angel Otoya López</strong></p>



<p>Médico Cirujano, egresado de la UNMSM, con especialidad en Anestesiología por la UPCH egresado de la Maestría de Medicina con mención en Anestesiología. Con pasantías en Anestesiología, Dolor Intervencionista y Medicina Paliativa del Hospital H. Lee Moffitt en Tampa Florida, Dolor Infantil en Children´s Hospital of Eastern Ontario (CHEOPS), en Cuidados Paliativos de Adultos en Bruyere Hospital en Ottawa y pasantía en Cuidados Paliativos Infantiles en la Fundación Nuestros Hijos de Chile. Experiencia laboral como médico asistente del Equipo Funcional de Medicina Paliativa y Tratamiento del Dolor del Instituto Nacional de Enfermedades Neoplásicas (INEN).</p>

<p>Participa de nuestro webinar del Programa de Especialización en Cuidados Paliativos «Filosofía de los Cuidados Paliativos» Transmisión vía Zoom Url Youtube: https://youtu.be/wyTLHAENN4c Regístrate aquí para recibir el link de la transmisión:&nbsp;https://acortar.link/a5fffG Ponente: Mg. Miguel Angel Otoya López Médico Cirujano, egresado de la UNMSM, con especialidad en Anestesiología por la UPCH egresado de la Maestría de [&hellip;]</p>
