
{"id":3761,"date":"2024-03-19T13:00:31","date_gmt":"2024-03-19T18:00:31","guid":{"rendered":"https:\/\/posgrado.uwiener.edu.pe\/actividades\/?post_type=evento&#038;p=3761"},"modified":"2024-03-19T13:00:31","modified_gmt":"2024-03-19T18:00:31","slug":"charla-informativa-maestria-en-salud-publica-para-egresados-wiener","status":"publish","type":"evento","link":"https:\/\/posgrado.uwiener.edu.pe\/actividades\/evento\/charla-informativa-maestria-en-salud-publica-para-egresados-wiener\/","title":{"rendered":"Charla Informativa: Maestr\u00eda en Salud P\u00fablica para egresados Wiener"},"content":{"rendered":"\n<p>Participa de nuestro webinar de la Maestr\u00eda en Salud P\u00fablica \u00abS\u00e9 parte de nuestra Maestr\u00eda, cuentas con un 30% de descuento exclusivo por ser egresado Wiener\u00bb<\/p>\n\n\n\n<p>Transmisi\u00f3n v\u00eda Zoom y Facebook Live<\/p>\n\n\n\n<p>Reg\u00edstrate aqu\u00ed para recibir el link de la transmisi\u00f3n: <a href=\"https:\/\/acortar.link\/sfvNBb\" target=\"_blank\" rel=\"noopener\">https:\/\/acortar.link\/sfvNBb<\/a><\/p>\n\n\n\n<p>Ponente:<\/p>\n\n\n\n<p>Dra. Rosa Mezarina<\/p>\n\n\n\n<p>Cordiandora de la Maestr\u00eda en Salud P\u00fablica<\/p>\n","protected":false},"excerpt":{"rendered":"<p>Participa de nuestro webinar de la Maestr\u00eda en Salud P\u00fablica \u00abS\u00e9 parte de nuestra Maestr\u00eda, cuentas con un 30% de descuento exclusivo por ser egresado Wiener\u00bb Transmisi\u00f3n v\u00eda Zoom y Facebook Live Reg\u00edstrate aqu\u00ed para recibir el link de la transmisi\u00f3n: https:\/\/acortar.link\/sfvNBb Ponente: Dra. Rosa Mezarina Cordiandora de la Maestr\u00eda en Salud P\u00fablica<\/p>\n","protected":false},"featured_media":0,"parent":0,"template":"","categoria-eventos":[17,44],"class_list":["post-3761","evento","type-evento","status-publish","hentry","categoria-eventos-videoconferencias","categoria-eventos-webinar-gratuito"],"custom_fields_data":{"inline_featured_image":["0"],"hcf_post_fecha":["2024-03-15"],"hcf_post_timeI":["18:00"],"hcf_post_timeF":["19:00"],"hcf_post_lugar":["Escuela de Posgrado Norbert Wiener"],"hcf_post_ingreso":[""],"hcf_post_recomendados":[""],"hcf_post_anexos":[""],"hcf_post_email":[""],"hcf_post_url_face":["https:\/\/www.facebook.com\/100080333856967\/videos\/449610160733425"],"hcf_fecha_blog":[""],"hcf_destacado_blog":[""],"hcf_imagenes":["a:0:{}"],"hcf_thumb_500":["https:\/\/posgrado.uwiener.edu.pe\/actividades\/wp-content\/uploads\/2024\/02\/500x82-4.jpg"],"hcf_thumb_1600":["https:\/\/posgrado.uwiener.edu.pe\/actividades\/wp-content\/uploads\/2024\/02\/1920x314-4.jpg"],"hcf_destacada":["https:\/\/posgrado.uwiener.edu.pe\/actividades\/wp-content\/uploads\/2024\/02\/1200x628-4.jpg"],"_edit_lock":["1710871232:5"],"_edit_last":["5"],"rank_math_internal_links_processed":["1"]},"_links":{"self":[{"href":"https:\/\/posgrado.uwiener.edu.pe\/actividades\/wp-json\/wp\/v2\/evento\/3761"}],"collection":[{"href":"https:\/\/posgrado.uwiener.edu.pe\/actividades\/wp-json\/wp\/v2\/evento"}],"about":[{"href":"https:\/\/posgrado.uwiener.edu.pe\/actividades\/wp-json\/wp\/v2\/types\/evento"}],"wp:attachment":[{"href":"https:\/\/posgrado.uwiener.edu.pe\/actividades\/wp-json\/wp\/v2\/media?parent=3761"}],"wp:term":[{"taxonomy":"categoria-eventos","embeddable":true,"href":"https:\/\/posgrado.uwiener.edu.pe\/actividades\/wp-json\/wp\/v2\/categoria-eventos?post=3761"}],"curies":[{"name":"wp","href":"https:\/\/api.w.org\/{rel}","templated":true}]}}

Charla Informativa: Maestría en Salud Pública para egresados Wiener

<p>Participa de nuestro webinar de la Maestría en Salud Pública «Sé parte de nuestra Maestría, cuentas con un 30% de descuento exclusivo por ser egresado Wiener»</p>



<p>Transmisión vía Zoom y Facebook Live</p>



<p>Regístrate aquí para recibir el link de la transmisión: <a href="https://acortar.link/sfvNBb" target="_blank" rel="noopener">https://acortar.link/sfvNBb</a></p>



<p>Ponente:</p>



<p>Dra. Rosa Mezarina</p>



<p>Cordiandora de la Maestría en Salud Pública</p>

<p>Participa de nuestro webinar de la Maestría en Salud Pública «Sé parte de nuestra Maestría, cuentas con un 30% de descuento exclusivo por ser egresado Wiener» Transmisión vía Zoom y Facebook Live Regístrate aquí para recibir el link de la transmisión: https://acortar.link/sfvNBb Ponente: Dra. Rosa Mezarina Cordiandora de la Maestría en Salud Pública</p>
