
{"id":3768,"date":"2024-03-26T10:11:24","date_gmt":"2024-03-26T15:11:24","guid":{"rendered":"https:\/\/posgrado.uwiener.edu.pe\/actividades\/?post_type=evento&#038;p=3768"},"modified":"2024-05-22T10:13:24","modified_gmt":"2024-05-22T15:13:24","slug":"webinar-sarcopenia-y-su-impacto-en-el-tratamiento-antitumoral","status":"publish","type":"evento","link":"https:\/\/posgrado.uwiener.edu.pe\/actividades\/evento\/webinar-sarcopenia-y-su-impacto-en-el-tratamiento-antitumoral\/","title":{"rendered":"Webinar: Sarcopenia y su Impacto en el Tratamiento Antitumoral"},"content":{"rendered":"\n<p>Participa de nuestro webinar de la Segunda Especialidad de Nutrici\u00f3n Oncol\u00f3gica: \u00abSarcopenia y su Impacto en el Tratamiento Antitumoral\u00bb.<\/p>\n\n\n\n<p>Transmisi\u00f3n v\u00eda Zoom<\/p>\n\n\n\n<p>Reg\u00edstrate aqu\u00ed para recibir el link de la transmisi\u00f3n: <a href=\"https:\/\/acortar.link\/99Y92o\" target=\"_blank\" rel=\"noopener\">https:\/\/acortar.link\/99Y92o<\/a><\/p>\n\n\n\n<p><strong>Ponente:<\/strong>&nbsp;Mg.&nbsp;Luz Huam\u00e1n Margarito<\/p>\n\n\n\n<p>Lic.&nbsp;Nutrici\u00f3n&nbsp;por la UNMSM. Maestr\u00eda&nbsp;en&nbsp;Nutrici\u00f3n&nbsp;Cl\u00ednica&nbsp;y&nbsp;Maestr\u00eda&nbsp;en&nbsp;Gerencia de&nbsp;Servicios de Salud por la USMP. Segunda Especialidad&nbsp;en&nbsp;Nutrici\u00f3n&nbsp;Cl\u00ednica con menci\u00f3n&nbsp;en&nbsp;Nutrici\u00f3n&nbsp;Oncol\u00f3gica por la UPNW. Past&nbsp;Nutricionista Cl\u00ednica de la Unidad de Soporte&nbsp;Nutricional &#8211; INEN. Past&nbsp;Nutricionista asistencial del&nbsp;Hospital Santa Rosa&nbsp;y&nbsp;Hospital de Vitarte. Past Docente de pregrado de diversas universidades.<\/p>\n\n\n\n<p><strong>Publicaci\u00f3n YouTube<\/strong>: <a href=\"https:\/\/youtu.be\/AfBkMJPmU5c\" target=\"_blank\" rel=\"noopener\">https:\/\/youtu.be\/AfBkMJPmU5c<\/a><\/p>\n","protected":false},"excerpt":{"rendered":"<p>Participa de nuestro webinar de la Segunda Especialidad de Nutrici\u00f3n Oncol\u00f3gica: \u00abSarcopenia y su Impacto en el Tratamiento Antitumoral\u00bb. Transmisi\u00f3n v\u00eda Zoom Reg\u00edstrate aqu\u00ed para recibir el link de la transmisi\u00f3n: https:\/\/acortar.link\/99Y92o Ponente:&nbsp;Mg.&nbsp;Luz Huam\u00e1n Margarito Lic.&nbsp;Nutrici\u00f3n&nbsp;por la UNMSM. Maestr\u00eda&nbsp;en&nbsp;Nutrici\u00f3n&nbsp;Cl\u00ednica&nbsp;y&nbsp;Maestr\u00eda&nbsp;en&nbsp;Gerencia de&nbsp;Servicios de Salud por la USMP. Segunda Especialidad&nbsp;en&nbsp;Nutrici\u00f3n&nbsp;Cl\u00ednica con menci\u00f3n&nbsp;en&nbsp;Nutrici\u00f3n&nbsp;Oncol\u00f3gica por la UPNW. Past&nbsp;Nutricionista Cl\u00ednica de [&hellip;]<\/p>\n","protected":false},"featured_media":0,"parent":0,"template":"","categoria-eventos":[17,44],"class_list":["post-3768","evento","type-evento","status-publish","hentry","categoria-eventos-videoconferencias","categoria-eventos-webinar-gratuito"],"custom_fields_data":{"inline_featured_image":["0"],"hcf_post_fecha":["2024-05-16"],"hcf_post_timeI":["19:00"],"hcf_post_timeF":["20:00"],"hcf_post_lugar":["Escuela de Posgrado Norbert Wiener - Facebook Live"],"hcf_post_ingreso":[""],"hcf_post_recomendados":[""],"hcf_post_anexos":[""],"hcf_post_email":[""],"hcf_post_url_face":[""],"hcf_fecha_blog":[""],"hcf_destacado_blog":[""],"hcf_imagenes":["a:0:{}"],"hcf_thumb_500":["https:\/\/posgrado.uwiener.edu.pe\/actividades\/wp-content\/uploads\/2024\/03\/500x8287.png"],"hcf_thumb_1600":["https:\/\/posgrado.uwiener.edu.pe\/actividades\/wp-content\/uploads\/2024\/03\/1920x31447.png"],"hcf_destacada":["https:\/\/posgrado.uwiener.edu.pe\/actividades\/wp-content\/uploads\/2024\/03\/1200x628-1.png"],"_edit_lock":["1716390805:5"],"_edit_last":["5"],"rank_math_internal_links_processed":["1"]},"_links":{"self":[{"href":"https:\/\/posgrado.uwiener.edu.pe\/actividades\/wp-json\/wp\/v2\/evento\/3768"}],"collection":[{"href":"https:\/\/posgrado.uwiener.edu.pe\/actividades\/wp-json\/wp\/v2\/evento"}],"about":[{"href":"https:\/\/posgrado.uwiener.edu.pe\/actividades\/wp-json\/wp\/v2\/types\/evento"}],"wp:attachment":[{"href":"https:\/\/posgrado.uwiener.edu.pe\/actividades\/wp-json\/wp\/v2\/media?parent=3768"}],"wp:term":[{"taxonomy":"categoria-eventos","embeddable":true,"href":"https:\/\/posgrado.uwiener.edu.pe\/actividades\/wp-json\/wp\/v2\/categoria-eventos?post=3768"}],"curies":[{"name":"wp","href":"https:\/\/api.w.org\/{rel}","templated":true}]}}

<p>Participa de nuestro webinar de la Segunda Especialidad de Nutrición Oncológica: «Sarcopenia y su Impacto en el Tratamiento Antitumoral».</p>



<p>Transmisión vía Zoom</p>



<p>Regístrate aquí para recibir el link de la transmisión: <a href="https://acortar.link/99Y92o" target="_blank" rel="noopener">https://acortar.link/99Y92o</a></p>



<p><strong>Ponente:</strong>&nbsp;Mg.&nbsp;Luz Huamán Margarito</p>



<p>Lic.&nbsp;Nutrición&nbsp;por la UNMSM. Maestría&nbsp;en&nbsp;Nutrición&nbsp;Clínica&nbsp;y&nbsp;Maestría&nbsp;en&nbsp;Gerencia de&nbsp;Servicios de Salud por la USMP. Segunda Especialidad&nbsp;en&nbsp;Nutrición&nbsp;Clínica con mención&nbsp;en&nbsp;Nutrición&nbsp;Oncológica por la UPNW. Past&nbsp;Nutricionista Clínica de la Unidad de Soporte&nbsp;Nutricional &#8211; INEN. Past&nbsp;Nutricionista asistencial del&nbsp;Hospital Santa Rosa&nbsp;y&nbsp;Hospital de Vitarte. Past Docente de pregrado de diversas universidades.</p>



<p><strong>Publicación YouTube</strong>: <a href="https://youtu.be/AfBkMJPmU5c" target="_blank" rel="noopener">https://youtu.be/AfBkMJPmU5c</a></p>

<p>Participa de nuestro webinar de la Segunda Especialidad de Nutrición Oncológica: «Sarcopenia y su Impacto en el Tratamiento Antitumoral». Transmisión vía Zoom Regístrate aquí para recibir el link de la transmisión: https://acortar.link/99Y92o Ponente:&nbsp;Mg.&nbsp;Luz Huamán Margarito Lic.&nbsp;Nutrición&nbsp;por la UNMSM. Maestría&nbsp;en&nbsp;Nutrición&nbsp;Clínica&nbsp;y&nbsp;Maestría&nbsp;en&nbsp;Gerencia de&nbsp;Servicios de Salud por la USMP. Segunda Especialidad&nbsp;en&nbsp;Nutrición&nbsp;Clínica con mención&nbsp;en&nbsp;Nutrición&nbsp;Oncológica por la UPNW. Past&nbsp;Nutricionista Clínica de [&hellip;]</p>
