
{"id":3838,"date":"2024-04-29T11:57:48","date_gmt":"2024-04-29T16:57:48","guid":{"rendered":"https:\/\/posgrado.uwiener.edu.pe\/actividades\/?post_type=evento&#038;p=3838"},"modified":"2024-05-06T16:55:35","modified_gmt":"2024-05-06T21:55:35","slug":"webinar-situacion-epidemiologica-del-dengue-en-el-peru","status":"publish","type":"evento","link":"https:\/\/posgrado.uwiener.edu.pe\/actividades\/evento\/webinar-situacion-epidemiologica-del-dengue-en-el-peru\/","title":{"rendered":"Webinar: Situaci\u00f3n Epidemiol\u00f3gica del Dengue en el Per\u00fa"},"content":{"rendered":"\n<p>Participa de nuestro webinar de la Maestr\u00eda en Salud P\u00fablica: \u00abSituaci\u00f3n Epidemiol\u00f3gica del Dengue en el Per\u00fa\u00bb.<\/p>\n\n\n\n<p>Transmisi\u00f3n v\u00eda Zoom y Facebook Live.<\/p>\n\n\n\n<p>Reg\u00edstrate aqu\u00ed para recibir el link de la transmisi\u00f3n:\u00a0<a href=\"https:\/\/acortar.link\/6s4X5J\" target=\"_blank\" rel=\"noopener\">https:\/\/acortar.link\/6s4X5J<\/a><\/p>\n\n\n\n<div class=\"wp-block-group is-vertical is-layout-flex wp-container-core-group-is-layout-1 wp-block-group-is-layout-flex\">\n<p>Ponente:<\/p>\n\n\n\n<p><strong>MG. LUIS \u00c1NGEL ORDO\u00d1EZ IBARG\u00dcEN<\/strong><br>Coordinador de la Unidad T\u00e9cnica de Vigilancia Epidemiol\u00f3gica de las EDA, IRA, y S\u00edndrome de Guillain Barr\u00e9 del CDC &#8211; MINSA, Per\u00fa.<\/p>\n<\/div>\n","protected":false},"excerpt":{"rendered":"<p>Participa de nuestro webinar de la Maestr\u00eda en Salud P\u00fablica: \u00abSituaci\u00f3n Epidemiol\u00f3gica del Dengue en el Per\u00fa\u00bb. Transmisi\u00f3n v\u00eda Zoom y Facebook Live. Reg\u00edstrate aqu\u00ed para recibir el link de la transmisi\u00f3n:\u00a0https:\/\/acortar.link\/6s4X5J Ponente: MG. LUIS \u00c1NGEL ORDO\u00d1EZ IBARG\u00dcENCoordinador de la Unidad T\u00e9cnica de Vigilancia Epidemiol\u00f3gica de las EDA, IRA, y S\u00edndrome de Guillain Barr\u00e9 del [&hellip;]<\/p>\n","protected":false},"featured_media":0,"parent":0,"template":"","categoria-eventos":[17,44],"class_list":["post-3838","evento","type-evento","status-publish","hentry","categoria-eventos-videoconferencias","categoria-eventos-webinar-gratuito"],"custom_fields_data":{"inline_featured_image":["0"],"hcf_post_fecha":["2024-05-03"],"hcf_post_timeI":["20:00"],"hcf_post_timeF":["21:00"],"hcf_post_lugar":["Escuela de Posgrado Norbert Wiener - Facebook Live"],"hcf_post_ingreso":[""],"hcf_post_recomendados":[""],"hcf_post_anexos":[""],"hcf_post_email":[""],"hcf_post_url_face":["https:\/\/www.facebook.com\/PosgradoWiener\/videos\/842490827702096"],"hcf_fecha_blog":[""],"hcf_destacado_blog":[""],"hcf_imagenes":["a:0:{}"],"hcf_thumb_500":["https:\/\/posgrado.uwiener.edu.pe\/actividades\/wp-content\/uploads\/2024\/02\/500x82-4.jpg"],"hcf_thumb_1600":["https:\/\/posgrado.uwiener.edu.pe\/actividades\/wp-content\/uploads\/2024\/02\/1920x314-4.jpg"],"hcf_destacada":["https:\/\/posgrado.uwiener.edu.pe\/actividades\/wp-content\/uploads\/2024\/02\/1200x628-4.jpg"],"_edit_lock":["1715033043:5"],"_edit_last":["5"],"rank_math_internal_links_processed":["1"]},"_links":{"self":[{"href":"https:\/\/posgrado.uwiener.edu.pe\/actividades\/wp-json\/wp\/v2\/evento\/3838"}],"collection":[{"href":"https:\/\/posgrado.uwiener.edu.pe\/actividades\/wp-json\/wp\/v2\/evento"}],"about":[{"href":"https:\/\/posgrado.uwiener.edu.pe\/actividades\/wp-json\/wp\/v2\/types\/evento"}],"wp:attachment":[{"href":"https:\/\/posgrado.uwiener.edu.pe\/actividades\/wp-json\/wp\/v2\/media?parent=3838"}],"wp:term":[{"taxonomy":"categoria-eventos","embeddable":true,"href":"https:\/\/posgrado.uwiener.edu.pe\/actividades\/wp-json\/wp\/v2\/categoria-eventos?post=3838"}],"curies":[{"name":"wp","href":"https:\/\/api.w.org\/{rel}","templated":true}]}}

Webinar: Situación Epidemiológica del Dengue en el Perú

<p>Participa de nuestro webinar de la Maestría en Salud Pública: «Situación Epidemiológica del Dengue en el Perú».</p>



<p>Transmisión vía Zoom y Facebook Live.</p>



<p>Regístrate aquí para recibir el link de la transmisión: <a href="https://acortar.link/6s4X5J" target="_blank" rel="noopener">https://acortar.link/6s4X5J</a></p>



<div class="wp-block-group is-vertical is-layout-flex wp-container-core-group-is-layout-1 wp-block-group-is-layout-flex">
<p>Ponente:</p>



<p><strong>MG. LUIS ÁNGEL ORDOÑEZ IBARGÜEN</strong><br>Coordinador de la Unidad Técnica de Vigilancia Epidemiológica de las EDA, IRA, y Síndrome de Guillain Barré del CDC &#8211; MINSA, Perú.</p>
</div>

<p>Participa de nuestro webinar de la Maestría en Salud Pública: «Situación Epidemiológica del Dengue en el Perú». Transmisión vía Zoom y Facebook Live. Regístrate aquí para recibir el link de la transmisión: https://acortar.link/6s4X5J Ponente: MG. LUIS ÁNGEL ORDOÑEZ IBARGÜENCoordinador de la Unidad Técnica de Vigilancia Epidemiológica de las EDA, IRA, y Síndrome de Guillain Barré del [&hellip;]</p>
