
{"id":3902,"date":"2024-05-22T11:02:59","date_gmt":"2024-05-22T16:02:59","guid":{"rendered":"https:\/\/posgrado.uwiener.edu.pe\/actividades\/?post_type=evento&#038;p=3902"},"modified":"2024-05-24T18:31:49","modified_gmt":"2024-05-24T23:31:49","slug":"mesa-redonda-eutanasia","status":"publish","type":"evento","link":"https:\/\/posgrado.uwiener.edu.pe\/actividades\/evento\/mesa-redonda-eutanasia\/","title":{"rendered":"Mesa Redonda: Eutanasia"},"content":{"rendered":"\n<p>Participa de la\u00a0<a href=\"https:\/\/www.facebook.com\/hashtag\/mesaredonda?__eep__=6&amp;__cft__[0]=AZVHLsKHnarxCxNNGRRZ0PrUCJclY3TduXNOAiX5Z8Zgm_yV0wOFmMHFgAEo4RsTIs6hlgNQfr22MvhirstunONSeMyHiGOdVUQ5EgNIyyFfKiLbskzxHAgZBREAbJD4yKY&amp;__tn__=q\" target=\"_blank\" rel=\"noopener\">#MesaRedonda<\/a>\u00a0\u00abEutanasia\u00bb organizado por los programas de Maestr\u00eda de Gesti\u00f3n en Salud y la Maestr\u00eda en Salud P\u00fablica de la Escuela de Posgrado de la Universidad Norbert Wiener, que estar\u00e1 dirigida por reconocidos ponentes. \u00a1Te Esperamos!<\/p>\n\n\n\n<p>Transmisi\u00f3n v\u00eda Zoom + Facebook Live<\/p>\n\n\n\n<p>Confirma tu asistencia aqu\u00ed:\u00a0<a href=\"https:\/\/acortar.link\/gEr66f?fbclid=IwZXh0bgNhZW0CMTAAAR1UkHe-R8Gimw8ZlwWpyCR8zXJJAJloIJieUkam4ZlwNhxGaQMi8fKzHCY_aem_AbIIBquS7dZ9D9YfAEpWjmXae3lqK90d9E1MlfU_-dwrSZgHn3-uZ4bJop0bPe15prfYGTYgzoFp9-svyvJD_wOr\" target=\"_blank\" rel=\"noreferrer noopener\">https:\/\/acortar.link\/gEr66f<\/a><\/p>\n\n\n\n<p>Ponentes:<\/p>\n\n\n\n<ul class=\"wp-block-list\">\n<li>Presbitero Pablo Augusto Meloni Navarro<\/li>\n\n\n\n<li>Dr. Alfredo Celis:  Ex &#8211; Vocal de \u00c9tica del Colegio M\u00e9dico<\/li>\n<\/ul>\n\n\n\n<p><br><\/p>\n","protected":false},"excerpt":{"rendered":"<p>Participa de la\u00a0#MesaRedonda\u00a0\u00abEutanasia\u00bb organizado por los programas de Maestr\u00eda de Gesti\u00f3n en Salud y la Maestr\u00eda en Salud P\u00fablica de la Escuela de Posgrado de la Universidad Norbert Wiener, que estar\u00e1 dirigida por reconocidos ponentes. \u00a1Te Esperamos! Transmisi\u00f3n v\u00eda Zoom + Facebook Live Confirma tu asistencia aqu\u00ed:\u00a0https:\/\/acortar.link\/gEr66f Ponentes:<\/p>\n","protected":false},"featured_media":0,"parent":0,"template":"","categoria-eventos":[17,44],"class_list":["post-3902","evento","type-evento","status-publish","hentry","categoria-eventos-videoconferencias","categoria-eventos-webinar-gratuito"],"custom_fields_data":{"inline_featured_image":["0"],"hcf_post_fecha":["2024-05-24"],"hcf_post_timeI":["18:00"],"hcf_post_timeF":["19:00"],"hcf_post_lugar":["Escuela de Posgrado Norbert Wiener - Facebook Live"],"hcf_post_ingreso":[""],"hcf_post_recomendados":[""],"hcf_post_anexos":[""],"hcf_post_email":[""],"hcf_post_url_face":["https:\/\/www.facebook.com\/PosgradoWiener\/videos\/978434707019398"],"hcf_fecha_blog":[""],"hcf_destacado_blog":[""],"hcf_imagenes":["a:0:{}"],"hcf_thumb_500":["https:\/\/posgrado.uwiener.edu.pe\/actividades\/wp-content\/uploads\/2024\/02\/500x8217.png"],"hcf_thumb_1600":["https:\/\/posgrado.uwiener.edu.pe\/actividades\/wp-content\/uploads\/2024\/02\/1920x31422.png"],"hcf_destacada":["https:\/\/posgrado.uwiener.edu.pe\/actividades\/wp-content\/uploads\/2024\/02\/1200x62867.png"],"_edit_lock":["1716593511:5"],"_edit_last":["5"],"rank_math_internal_links_processed":["1"]},"_links":{"self":[{"href":"https:\/\/posgrado.uwiener.edu.pe\/actividades\/wp-json\/wp\/v2\/evento\/3902"}],"collection":[{"href":"https:\/\/posgrado.uwiener.edu.pe\/actividades\/wp-json\/wp\/v2\/evento"}],"about":[{"href":"https:\/\/posgrado.uwiener.edu.pe\/actividades\/wp-json\/wp\/v2\/types\/evento"}],"wp:attachment":[{"href":"https:\/\/posgrado.uwiener.edu.pe\/actividades\/wp-json\/wp\/v2\/media?parent=3902"}],"wp:term":[{"taxonomy":"categoria-eventos","embeddable":true,"href":"https:\/\/posgrado.uwiener.edu.pe\/actividades\/wp-json\/wp\/v2\/categoria-eventos?post=3902"}],"curies":[{"name":"wp","href":"https:\/\/api.w.org\/{rel}","templated":true}]}}

<p>Participa de la <a href="https://www.facebook.com/hashtag/mesaredonda?__eep__=6&amp;__cft__[0]=AZVHLsKHnarxCxNNGRRZ0PrUCJclY3TduXNOAiX5Z8Zgm_yV0wOFmMHFgAEo4RsTIs6hlgNQfr22MvhirstunONSeMyHiGOdVUQ5EgNIyyFfKiLbskzxHAgZBREAbJD4yKY&amp;__tn__=q" target="_blank" rel="noopener">#MesaRedonda</a> «Eutanasia» organizado por los programas de Maestría de Gestión en Salud y la Maestría en Salud Pública de la Escuela de Posgrado de la Universidad Norbert Wiener, que estará dirigida por reconocidos ponentes. ¡Te Esperamos!</p>



<p>Transmisión vía Zoom + Facebook Live</p>



<p>Confirma tu asistencia aquí: <a href="https://acortar.link/gEr66f?fbclid=IwZXh0bgNhZW0CMTAAAR1UkHe-R8Gimw8ZlwWpyCR8zXJJAJloIJieUkam4ZlwNhxGaQMi8fKzHCY_aem_AbIIBquS7dZ9D9YfAEpWjmXae3lqK90d9E1MlfU_-dwrSZgHn3-uZ4bJop0bPe15prfYGTYgzoFp9-svyvJD_wOr" target="_blank" rel="noreferrer noopener">https://acortar.link/gEr66f</a></p>



<p>Ponentes:</p>



<ul class="wp-block-list">
<li>Presbitero Pablo Augusto Meloni Navarro</li>



<li>Dr. Alfredo Celis:  Ex &#8211; Vocal de Ética del Colegio Médico</li>
</ul>



<p><br></p>

<p>Participa de la #MesaRedonda «Eutanasia» organizado por los programas de Maestría de Gestión en Salud y la Maestría en Salud Pública de la Escuela de Posgrado de la Universidad Norbert Wiener, que estará dirigida por reconocidos ponentes. ¡Te Esperamos! Transmisión vía Zoom + Facebook Live Confirma tu asistencia aquí: https://acortar.link/gEr66f Ponentes:</p>
