
{"id":3938,"date":"2024-06-13T11:12:35","date_gmt":"2024-06-13T16:12:35","guid":{"rendered":"https:\/\/posgrado.uwiener.edu.pe\/actividades\/?post_type=evento&#038;p=3938"},"modified":"2024-06-20T15:56:55","modified_gmt":"2024-06-20T20:56:55","slug":"charla-informativa-maestria-en-administracion-de-negocios-mba-3","status":"publish","type":"evento","link":"https:\/\/posgrado.uwiener.edu.pe\/actividades\/evento\/charla-informativa-maestria-en-administracion-de-negocios-mba-3\/","title":{"rendered":"Conferencia Virtual MBA| Convi\u00e9rtete en el l\u00edder que te gustar\u00eda tener: Estrategias para tu \u00e9xito profesional"},"content":{"rendered":"\n<p>Participa de nuestra Conferencia Virtual de la Maestr\u00eda en Administraci\u00f3n de Negocios \u2013 MBA: \u00abConvi\u00e9rtete en el l\u00edder que te gustar\u00eda tener: Estrategias para tu \u00e9xito profesional\u00bb<\/p>\n\n\n\n<p>Transmisi\u00f3n v\u00eda Zoom y Facebook Live<\/p>\n\n\n\n<p>Reg\u00edstrate aqu\u00ed para recibir el link de la transmisi\u00f3n:\u00a0<a href=\"https:\/\/acortar.link\/i2WtPy\" target=\"_blank\" rel=\"noopener\">https:\/\/acortar.link\/i2WtPy<\/a><\/p>\n\n\n\n<p>Ponente:<\/p>\n\n\n\n<p>Fernando D\u00edaz del Olmo<br>Coordinador acad\u00e9mico de la Maestr\u00eda en Administraci\u00f3n de Negocios \u2013 MBA<\/p>\n","protected":false},"excerpt":{"rendered":"<p>Participa de nuestra Conferencia Virtual de la Maestr\u00eda en Administraci\u00f3n de Negocios \u2013 MBA: \u00abConvi\u00e9rtete en el l\u00edder que te gustar\u00eda tener: Estrategias para tu \u00e9xito profesional\u00bb Transmisi\u00f3n v\u00eda Zoom y Facebook Live Reg\u00edstrate aqu\u00ed para recibir el link de la transmisi\u00f3n:\u00a0https:\/\/acortar.link\/i2WtPy Ponente: Fernando D\u00edaz del OlmoCoordinador acad\u00e9mico de la Maestr\u00eda en Administraci\u00f3n de Negocios [&hellip;]<\/p>\n","protected":false},"featured_media":0,"parent":0,"template":"","categoria-eventos":[17,44],"class_list":["post-3938","evento","type-evento","status-publish","hentry","categoria-eventos-videoconferencias","categoria-eventos-webinar-gratuito"],"custom_fields_data":{"inline_featured_image":["0"],"hcf_post_fecha":["2024-06-19"],"hcf_post_timeI":["19:00"],"hcf_post_timeF":["20:00"],"hcf_post_lugar":["Escuela de Posgrado Norbert Wiener - Facebook Live"],"hcf_post_ingreso":[""],"hcf_post_recomendados":[""],"hcf_post_anexos":[""],"hcf_post_email":[""],"hcf_post_url_face":["https:\/\/www.facebook.com\/PosgradoWiener\/videos\/419092594451451"],"hcf_fecha_blog":[""],"hcf_destacado_blog":[""],"hcf_imagenes":["a:0:{}"],"hcf_thumb_500":["https:\/\/posgrado.uwiener.edu.pe\/actividades\/wp-content\/uploads\/2024\/04\/500x82.png"],"hcf_thumb_1600":["https:\/\/posgrado.uwiener.edu.pe\/actividades\/wp-content\/uploads\/2024\/04\/1920x314.png"],"hcf_destacada":["https:\/\/posgrado.uwiener.edu.pe\/actividades\/wp-content\/uploads\/2024\/04\/1200x628-B.png"],"_edit_lock":["1734024392:5"],"_edit_last":["5"],"rank_math_internal_links_processed":["1"]},"_links":{"self":[{"href":"https:\/\/posgrado.uwiener.edu.pe\/actividades\/wp-json\/wp\/v2\/evento\/3938"}],"collection":[{"href":"https:\/\/posgrado.uwiener.edu.pe\/actividades\/wp-json\/wp\/v2\/evento"}],"about":[{"href":"https:\/\/posgrado.uwiener.edu.pe\/actividades\/wp-json\/wp\/v2\/types\/evento"}],"wp:attachment":[{"href":"https:\/\/posgrado.uwiener.edu.pe\/actividades\/wp-json\/wp\/v2\/media?parent=3938"}],"wp:term":[{"taxonomy":"categoria-eventos","embeddable":true,"href":"https:\/\/posgrado.uwiener.edu.pe\/actividades\/wp-json\/wp\/v2\/categoria-eventos?post=3938"}],"curies":[{"name":"wp","href":"https:\/\/api.w.org\/{rel}","templated":true}]}}

Conferencia Virtual MBA| Conviértete en el líder que te gustaría tener: Estrategias para tu éxito profesional

<p>Participa de nuestra Conferencia Virtual de la Maestría en Administración de Negocios – MBA: «Conviértete en el líder que te gustaría tener: Estrategias para tu éxito profesional»</p>



<p>Transmisión vía Zoom y Facebook Live</p>



<p>Regístrate aquí para recibir el link de la transmisión: <a href="https://acortar.link/i2WtPy" target="_blank" rel="noopener">https://acortar.link/i2WtPy</a></p>



<p>Ponente:</p>



<p>Fernando Díaz del Olmo<br>Coordinador académico de la Maestría en Administración de Negocios – MBA</p>

<p>Participa de nuestra Conferencia Virtual de la Maestría en Administración de Negocios – MBA: «Conviértete en el líder que te gustaría tener: Estrategias para tu éxito profesional» Transmisión vía Zoom y Facebook Live Regístrate aquí para recibir el link de la transmisión: https://acortar.link/i2WtPy Ponente: Fernando Díaz del OlmoCoordinador académico de la Maestría en Administración de Negocios [&hellip;]</p>
