
{"id":3947,"date":"2024-06-19T10:30:41","date_gmt":"2024-06-19T15:30:41","guid":{"rendered":"https:\/\/posgrado.uwiener.edu.pe\/actividades\/?post_type=evento&#038;p=3947"},"modified":"2024-06-26T09:40:01","modified_gmt":"2024-06-26T14:40:01","slug":"foro-primer-nivel-de-atencion-en-salud-rol-del-sector-privado-en-el-camino-al-aseguramiento-universal","status":"publish","type":"evento","link":"https:\/\/posgrado.uwiener.edu.pe\/actividades\/evento\/foro-primer-nivel-de-atencion-en-salud-rol-del-sector-privado-en-el-camino-al-aseguramiento-universal\/","title":{"rendered":"Foro \u00abPrimer Nivel de Atenci\u00f3n en Salud: Rol del Sector Privado en el Camino al Aseguramiento Universal\u00bb"},"content":{"rendered":"\n<p>Participa de nuestro Foro de las Maestr\u00eda en Salud: \u00abPrimer Nivel de Atenci\u00f3n en Salud: Rol del Sector Privado en el Camino al Aseguramiento Universal\u00bb<\/p>\n\n\n\n<p>Transmisi\u00f3n v\u00eda Zoom y Facebook Live<\/p>\n\n\n\n<p>Reg\u00edstrate aqu\u00ed para recibir el link de la transmisi\u00f3n:\u00a0<a href=\"https:\/\/acortar.link\/aHL5Rm\" target=\"_blank\" rel=\"noopener\">https:\/\/acortar.link\/aHL5Rm<\/a><\/p>\n\n\n\n<p>Ponentes:<\/p>\n\n\n\n<ul class=\"wp-block-list\">\n<li><strong>Angela Flores Salgado<\/strong><br>Director Ejecutivo de la asociaci\u00f3n farmac\u00e9utica peruana ALAFARPE<\/li>\n<\/ul>\n\n\n\n<p><\/p>\n\n\n\n<ul class=\"wp-block-list\">\n<li><strong>Alberto Tejada Noriega<\/strong><br>M\u00e9dico cirujano ur\u00f3logo andr\u00f3logo, especialista en Medicina Sexual y Reproductiva. Ex ministro de Salud del Per\u00fa.<\/li>\n<\/ul>\n\n\n\n<p><\/p>\n\n\n\n<ul class=\"wp-block-list\">\n<li><strong>Pedro Garcia Aspillaga<\/strong><br>M\u00e9dico gineco-obstetra, ex director del Servicio de Salud Metropolitano Oriente, acad\u00e9mico y pol\u00edtico chileno. Ex ministro de Salud<\/li>\n<\/ul>\n\n\n\n<p><\/p>\n\n\n\n<p><\/p>\n","protected":false},"excerpt":{"rendered":"<p>Participa de nuestro Foro de las Maestr\u00eda en Salud: \u00abPrimer Nivel de Atenci\u00f3n en Salud: Rol del Sector Privado en el Camino al Aseguramiento Universal\u00bb Transmisi\u00f3n v\u00eda Zoom y Facebook Live Reg\u00edstrate aqu\u00ed para recibir el link de la transmisi\u00f3n:\u00a0https:\/\/acortar.link\/aHL5Rm Ponentes:<\/p>\n","protected":false},"featured_media":0,"parent":0,"template":"","categoria-eventos":[17,44],"class_list":["post-3947","evento","type-evento","status-publish","hentry","categoria-eventos-videoconferencias","categoria-eventos-webinar-gratuito"],"custom_fields_data":{"inline_featured_image":["0"],"hcf_post_fecha":["2024-06-25"],"hcf_post_timeI":["18:00"],"hcf_post_timeF":["19:00"],"hcf_post_lugar":["Escuela de Posgrado Norbert Wiener - Facebook Live"],"hcf_post_ingreso":[""],"hcf_post_recomendados":[""],"hcf_post_anexos":[""],"hcf_post_email":[""],"hcf_post_url_face":["https:\/\/www.facebook.com\/PosgradoWiener\/videos\/451247304436349"],"hcf_fecha_blog":[""],"hcf_destacado_blog":[""],"hcf_imagenes":["a:0:{}"],"hcf_thumb_500":["https:\/\/posgrado.uwiener.edu.pe\/actividades\/wp-content\/uploads\/2024\/02\/500x8217.png"],"hcf_thumb_1600":["https:\/\/posgrado.uwiener.edu.pe\/actividades\/wp-content\/uploads\/2024\/02\/1920x31422.png"],"hcf_destacada":["https:\/\/posgrado.uwiener.edu.pe\/actividades\/wp-content\/uploads\/2024\/02\/1200x62867.png"],"_edit_lock":["1722977243:5"],"_edit_last":["5"],"rank_math_internal_links_processed":["1"]},"_links":{"self":[{"href":"https:\/\/posgrado.uwiener.edu.pe\/actividades\/wp-json\/wp\/v2\/evento\/3947"}],"collection":[{"href":"https:\/\/posgrado.uwiener.edu.pe\/actividades\/wp-json\/wp\/v2\/evento"}],"about":[{"href":"https:\/\/posgrado.uwiener.edu.pe\/actividades\/wp-json\/wp\/v2\/types\/evento"}],"wp:attachment":[{"href":"https:\/\/posgrado.uwiener.edu.pe\/actividades\/wp-json\/wp\/v2\/media?parent=3947"}],"wp:term":[{"taxonomy":"categoria-eventos","embeddable":true,"href":"https:\/\/posgrado.uwiener.edu.pe\/actividades\/wp-json\/wp\/v2\/categoria-eventos?post=3947"}],"curies":[{"name":"wp","href":"https:\/\/api.w.org\/{rel}","templated":true}]}}

Foro «Primer Nivel de Atención en Salud: Rol del Sector Privado en el Camino al Aseguramiento Universal»

<p>Participa de nuestro Foro de las Maestría en Salud: «Primer Nivel de Atención en Salud: Rol del Sector Privado en el Camino al Aseguramiento Universal»</p>



<p>Transmisión vía Zoom y Facebook Live</p>



<p>Regístrate aquí para recibir el link de la transmisión: <a href="https://acortar.link/aHL5Rm" target="_blank" rel="noopener">https://acortar.link/aHL5Rm</a></p>



<p>Ponentes:</p>



<ul class="wp-block-list">
<li><strong>Angela Flores Salgado</strong><br>Director Ejecutivo de la asociación farmacéutica peruana ALAFARPE</li>
</ul>



<p></p>



<ul class="wp-block-list">
<li><strong>Alberto Tejada Noriega</strong><br>Médico cirujano urólogo andrólogo, especialista en Medicina Sexual y Reproductiva. Ex ministro de Salud del Perú.</li>
</ul>



<p></p>



<ul class="wp-block-list">
<li><strong>Pedro Garcia Aspillaga</strong><br>Médico gineco-obstetra, ex director del Servicio de Salud Metropolitano Oriente, académico y político chileno. Ex ministro de Salud</li>
</ul>



<p></p>



<p></p>

<p>Participa de nuestro Foro de las Maestría en Salud: «Primer Nivel de Atención en Salud: Rol del Sector Privado en el Camino al Aseguramiento Universal» Transmisión vía Zoom y Facebook Live Regístrate aquí para recibir el link de la transmisión: https://acortar.link/aHL5Rm Ponentes:</p>
