
{"id":3999,"date":"2024-08-06T16:46:52","date_gmt":"2024-08-06T21:46:52","guid":{"rendered":"https:\/\/posgrado.uwiener.edu.pe\/actividades\/?post_type=evento&#038;p=3999"},"modified":"2024-08-14T10:55:11","modified_gmt":"2024-08-14T15:55:11","slug":"webinar-mas-alla-del-parto-la-transformacion-social-a-traves-de-una-maternidad-integral","status":"publish","type":"evento","link":"https:\/\/posgrado.uwiener.edu.pe\/actividades\/evento\/webinar-mas-alla-del-parto-la-transformacion-social-a-traves-de-una-maternidad-integral\/","title":{"rendered":"Webinar \u00abM\u00e1s All\u00e1 del Parto: La Transformaci\u00f3n Social a trav\u00e9s de una Maternidad Integral\u00bb"},"content":{"rendered":"\n<p>Participa del webinar de la Segunda Especialidad en Psicoprofilaxis Obst\u00e9trica y Estimulaci\u00f3n Prenatal \u00abM\u00e1s All\u00e1 del Parto: La Transformaci\u00f3n Social a trav\u00e9s de una Maternidad Integra\u00bb.<\/p>\n\n\n\n<p>Transmisi\u00f3n v\u00eda Zoom y Facebook Live<\/p>\n\n\n\n<p>Reg\u00edstrate aqu\u00ed para recibir el link de la transmisi\u00f3n:\u00a0<a href=\"https:\/\/acortar.link\/LBfNwQ\" target=\"_blank\" rel=\"noopener\">https:\/\/acortar.link\/LBfNwQ<\/a><\/p>\n\n\n\n<p><strong>Ponente:<\/strong> Mag. Katia Vargas Ruas<\/p>\n\n\n\n<p>Obstetra con Maestr\u00eda en Gesti\u00f3n en Servicios de Salud y especialista en Psicoprofilaxis Obst\u00e9trica y Estimulaci\u00f3n Prenatal. Doctoranda en Salud P\u00fablica. Directora del Centro M\u00e9dico Especializado Privass.<\/p>\n","protected":false},"excerpt":{"rendered":"<p>Participa del webinar de la Segunda Especialidad en Psicoprofilaxis Obst\u00e9trica y Estimulaci\u00f3n Prenatal \u00abM\u00e1s All\u00e1 del Parto: La Transformaci\u00f3n Social a trav\u00e9s de una Maternidad Integra\u00bb. Transmisi\u00f3n v\u00eda Zoom y Facebook Live Reg\u00edstrate aqu\u00ed para recibir el link de la transmisi\u00f3n:\u00a0https:\/\/acortar.link\/LBfNwQ Ponente: Mag. Katia Vargas Ruas Obstetra con Maestr\u00eda en Gesti\u00f3n en Servicios de Salud [&hellip;]<\/p>\n","protected":false},"featured_media":0,"parent":0,"template":"","categoria-eventos":[17,44],"class_list":["post-3999","evento","type-evento","status-publish","hentry","categoria-eventos-videoconferencias","categoria-eventos-webinar-gratuito"],"custom_fields_data":{"inline_featured_image":["0"],"hcf_post_fecha":["2024-08-09"],"hcf_post_timeI":["18:00"],"hcf_post_timeF":["19:00"],"hcf_post_lugar":["Escuela de Posgrado Norbert Wiener - Facebook Live"],"hcf_post_ingreso":[""],"hcf_post_recomendados":[""],"hcf_post_anexos":[""],"hcf_post_email":[""],"hcf_post_url_face":["https:\/\/www.facebook.com\/PosgradoWiener\/videos\/1738292423658268"],"hcf_fecha_blog":[""],"hcf_destacado_blog":[""],"hcf_imagenes":["a:0:{}"],"hcf_thumb_500":["https:\/\/posgrado.uwiener.edu.pe\/actividades\/wp-content\/uploads\/2024\/08\/se_psicoprofilaxis_500x82.png"],"hcf_thumb_1600":["https:\/\/posgrado.uwiener.edu.pe\/actividades\/wp-content\/uploads\/2024\/08\/se_psicoprofilaxis_1920x314.png"],"hcf_destacada":["https:\/\/posgrado.uwiener.edu.pe\/actividades\/wp-content\/uploads\/2024\/08\/se_psicoprofilaxis_1200x628.png"],"_edit_lock":["1723650913:5"],"_edit_last":["5"],"rank_math_internal_links_processed":["1"]},"_links":{"self":[{"href":"https:\/\/posgrado.uwiener.edu.pe\/actividades\/wp-json\/wp\/v2\/evento\/3999"}],"collection":[{"href":"https:\/\/posgrado.uwiener.edu.pe\/actividades\/wp-json\/wp\/v2\/evento"}],"about":[{"href":"https:\/\/posgrado.uwiener.edu.pe\/actividades\/wp-json\/wp\/v2\/types\/evento"}],"wp:attachment":[{"href":"https:\/\/posgrado.uwiener.edu.pe\/actividades\/wp-json\/wp\/v2\/media?parent=3999"}],"wp:term":[{"taxonomy":"categoria-eventos","embeddable":true,"href":"https:\/\/posgrado.uwiener.edu.pe\/actividades\/wp-json\/wp\/v2\/categoria-eventos?post=3999"}],"curies":[{"name":"wp","href":"https:\/\/api.w.org\/{rel}","templated":true}]}}

Webinar «Más Allá del Parto: La Transformación Social a través de una Maternidad Integral»

<p>Participa del webinar de la Segunda Especialidad en Psicoprofilaxis Obstétrica y Estimulación Prenatal «Más Allá del Parto: La Transformación Social a través de una Maternidad Integra».</p>



<p>Transmisión vía Zoom y Facebook Live</p>



<p>Regístrate aquí para recibir el link de la transmisión: <a href="https://acortar.link/LBfNwQ" target="_blank" rel="noopener">https://acortar.link/LBfNwQ</a></p>



<p><strong>Ponente:</strong> Mag. Katia Vargas Ruas</p>



<p>Obstetra con Maestría en Gestión en Servicios de Salud y especialista en Psicoprofilaxis Obstétrica y Estimulación Prenatal. Doctoranda en Salud Pública. Directora del Centro Médico Especializado Privass.</p>

<p>Participa del webinar de la Segunda Especialidad en Psicoprofilaxis Obstétrica y Estimulación Prenatal «Más Allá del Parto: La Transformación Social a través de una Maternidad Integra». Transmisión vía Zoom y Facebook Live Regístrate aquí para recibir el link de la transmisión: https://acortar.link/LBfNwQ Ponente: Mag. Katia Vargas Ruas Obstetra con Maestría en Gestión en Servicios de Salud [&hellip;]</p>
