
{"id":4003,"date":"2024-08-06T16:54:25","date_gmt":"2024-08-06T21:54:25","guid":{"rendered":"https:\/\/posgrado.uwiener.edu.pe\/actividades\/?post_type=evento&#038;p=4003"},"modified":"2024-08-09T09:40:06","modified_gmt":"2024-08-09T14:40:06","slug":"conferencia-magistral-presencial-mas-alla-del-parto-la-transformacion-social-a-traves-de-una-maternidad-integral","status":"publish","type":"evento","link":"https:\/\/posgrado.uwiener.edu.pe\/actividades\/evento\/conferencia-magistral-presencial-mas-alla-del-parto-la-transformacion-social-a-traves-de-una-maternidad-integral\/","title":{"rendered":"Conferencia Magistral Presencial \u00abImportancia del Reconocimiento de la Infecci\u00f3n en las Heridas y Uso Adecuado de Antimicrobianos en Heridas\u00bb"},"content":{"rendered":"\n<p>Participa de nuestra conferencia magistral presencial: \u00abImportancia del Reconocimiento de la Infecci\u00f3n en las Heridas y Uso Adecuado de Antimicrobianos en Heridas\u00bb, organizado por la Segunda Especialidad de Enfermer\u00eda en Cuidado Quir\u00fargicos Menci\u00f3n en Tratamiento Avanzado en Heridas y Ostom\u00edas.<\/p>\n\n\n\n<p>Reg\u00edstrate aqu\u00ed para recibir el link de la transmisi\u00f3n:\u00a0<a href=\"https:\/\/forms.gle\/xPfqL25JHDDo4eHq8\" target=\"_blank\" rel=\"noopener\">https:\/\/forms.gle\/xPfqL25JHDDo4eHq8<\/a><\/p>\n\n\n\n<p><strong>Ponente:<\/strong>&nbsp;Dra. Carol Serna Gonz\u00e1les (Costa Rica)<\/p>\n\n\n\n<p>Enfermera de la Universidad Nacional de Colombia, Estomaterapeuta y Doctora en Ciencias del del Programa de Enfermer\u00eda en la Salud del Adulto PROESA de la Universidad de S\u00e3o Paulo. Mag\u00edster en Biolog\u00eda Tisular de la USP.<\/p>\n","protected":false},"excerpt":{"rendered":"<p>Participa de nuestra conferencia magistral presencial: \u00abImportancia del Reconocimiento de la Infecci\u00f3n en las Heridas y Uso Adecuado de Antimicrobianos en Heridas\u00bb, organizado por la Segunda Especialidad de Enfermer\u00eda en Cuidado Quir\u00fargicos Menci\u00f3n en Tratamiento Avanzado en Heridas y Ostom\u00edas. Reg\u00edstrate aqu\u00ed para recibir el link de la transmisi\u00f3n:\u00a0https:\/\/forms.gle\/xPfqL25JHDDo4eHq8 Ponente:&nbsp;Dra. Carol Serna Gonz\u00e1les (Costa Rica) [&hellip;]<\/p>\n","protected":false},"featured_media":0,"parent":0,"template":"","categoria-eventos":[17,44],"class_list":["post-4003","evento","type-evento","status-publish","hentry","categoria-eventos-videoconferencias","categoria-eventos-webinar-gratuito"],"custom_fields_data":{"inline_featured_image":["0"],"hcf_post_fecha":["2024-08-12"],"hcf_post_timeI":["10:30"],"hcf_post_timeF":["12:00"],"hcf_post_lugar":["Jr. Larrabure y Unanue 110, Santa Beatriz - Lima - Aula Magna (piso 2)"],"hcf_post_ingreso":[""],"hcf_post_recomendados":[""],"hcf_post_anexos":[""],"hcf_post_email":[""],"hcf_post_url_face":[""],"hcf_fecha_blog":[""],"hcf_destacado_blog":[""],"hcf_imagenes":["a:0:{}"],"hcf_thumb_500":["https:\/\/posgrado.uwiener.edu.pe\/actividades\/wp-content\/uploads\/2024\/08\/se_enfermeria_500x82.png"],"hcf_thumb_1600":["https:\/\/posgrado.uwiener.edu.pe\/actividades\/wp-content\/uploads\/2024\/08\/se_enfermeria_1900x314.png"],"hcf_destacada":["https:\/\/posgrado.uwiener.edu.pe\/actividades\/wp-content\/uploads\/2024\/08\/se_enfermeria_1200x628.png"],"_edit_lock":["1723216290:5"],"_edit_last":["5"],"rank_math_internal_links_processed":["1"]},"_links":{"self":[{"href":"https:\/\/posgrado.uwiener.edu.pe\/actividades\/wp-json\/wp\/v2\/evento\/4003"}],"collection":[{"href":"https:\/\/posgrado.uwiener.edu.pe\/actividades\/wp-json\/wp\/v2\/evento"}],"about":[{"href":"https:\/\/posgrado.uwiener.edu.pe\/actividades\/wp-json\/wp\/v2\/types\/evento"}],"wp:attachment":[{"href":"https:\/\/posgrado.uwiener.edu.pe\/actividades\/wp-json\/wp\/v2\/media?parent=4003"}],"wp:term":[{"taxonomy":"categoria-eventos","embeddable":true,"href":"https:\/\/posgrado.uwiener.edu.pe\/actividades\/wp-json\/wp\/v2\/categoria-eventos?post=4003"}],"curies":[{"name":"wp","href":"https:\/\/api.w.org\/{rel}","templated":true}]}}

Conferencia Magistral Presencial «Importancia del Reconocimiento de la Infección en las Heridas y Uso Adecuado de Antimicrobianos en Heridas»

<p>Participa de nuestra conferencia magistral presencial: «Importancia del Reconocimiento de la Infección en las Heridas y Uso Adecuado de Antimicrobianos en Heridas», organizado por la Segunda Especialidad de Enfermería en Cuidado Quirúrgicos Mención en Tratamiento Avanzado en Heridas y Ostomías.</p>



<p>Regístrate aquí para recibir el link de la transmisión: <a href="https://forms.gle/xPfqL25JHDDo4eHq8" target="_blank" rel="noopener">https://forms.gle/xPfqL25JHDDo4eHq8</a></p>



<p><strong>Ponente:</strong>&nbsp;Dra. Carol Serna Gonzáles (Costa Rica)</p>



<p>Enfermera de la Universidad Nacional de Colombia, Estomaterapeuta y Doctora en Ciencias del del Programa de Enfermería en la Salud del Adulto PROESA de la Universidad de São Paulo. Magíster en Biología Tisular de la USP.</p>

<p>Participa de nuestra conferencia magistral presencial: «Importancia del Reconocimiento de la Infección en las Heridas y Uso Adecuado de Antimicrobianos en Heridas», organizado por la Segunda Especialidad de Enfermería en Cuidado Quirúrgicos Mención en Tratamiento Avanzado en Heridas y Ostomías. Regístrate aquí para recibir el link de la transmisión: https://forms.gle/xPfqL25JHDDo4eHq8 Ponente:&nbsp;Dra. Carol Serna Gonzáles (Costa Rica) [&hellip;]</p>
