
{"id":4018,"date":"2024-08-10T11:15:48","date_gmt":"2024-08-10T16:15:48","guid":{"rendered":"https:\/\/posgrado.uwiener.edu.pe\/actividades\/?post_type=evento&#038;p=4018"},"modified":"2024-08-15T11:39:05","modified_gmt":"2024-08-15T16:39:05","slug":"charla-informativa-maestria-de-gestion-en-salud-9","status":"publish","type":"evento","link":"https:\/\/posgrado.uwiener.edu.pe\/actividades\/evento\/charla-informativa-maestria-de-gestion-en-salud-9\/","title":{"rendered":"Charla informativa: \u00abMaestr\u00eda de Gesti\u00f3n en Salud\u00bb"},"content":{"rendered":"\n<p>Participa de nuestra charla informativa de la Maestr\u00eda de Gesti\u00f3n en Salud \u00abDocentes expertos, plan de estudios potenciado con Arizona State University, certificaciones complementarias y financiamiento\u00bb.<\/p>\n\n\n\n<p>Transmisi\u00f3n v\u00eda Zoom y Facebook Live.<\/p>\n\n\n\n<p>Reg\u00edstrate aqu\u00ed para recibir el link de la transmisi\u00f3n:&nbsp;<a href=\"https:\/\/acortar.link\/q9WmyE\" target=\"_blank\" rel=\"noopener\">https:\/\/acortar.link\/q9WmyE<\/a><\/p>\n\n\n\n<p><strong>Ponente:<\/strong><\/p>\n\n\n\n<p>Dr. Fernando Diaz del Olmo<\/p>\n\n\n\n<p>Coordinador Acad\u00e9mica de la Maestr\u00eda de Gesti\u00f3n en Salud<\/p>\n","protected":false},"excerpt":{"rendered":"<p>Participa de nuestra charla informativa de la Maestr\u00eda de Gesti\u00f3n en Salud \u00abDocentes expertos, plan de estudios potenciado con Arizona State University, certificaciones complementarias y financiamiento\u00bb. Transmisi\u00f3n v\u00eda Zoom y Facebook Live. Reg\u00edstrate aqu\u00ed para recibir el link de la transmisi\u00f3n:&nbsp;https:\/\/acortar.link\/q9WmyE Ponente: Dr. Fernando Diaz del Olmo Coordinador Acad\u00e9mica de la Maestr\u00eda de Gesti\u00f3n en [&hellip;]<\/p>\n","protected":false},"featured_media":0,"parent":0,"template":"","categoria-eventos":[17,44],"class_list":["post-4018","evento","type-evento","status-publish","hentry","categoria-eventos-videoconferencias","categoria-eventos-webinar-gratuito"],"custom_fields_data":{"inline_featured_image":["0"],"hcf_post_fecha":["2024-08-14"],"hcf_post_timeI":["19:00"],"hcf_post_timeF":["20:00"],"hcf_post_lugar":["Escuela de Posgrado Norbert Wiener - Facebook Live"],"hcf_post_ingreso":[""],"hcf_post_recomendados":[""],"hcf_post_anexos":[""],"hcf_post_email":[""],"hcf_post_url_face":["https:\/\/www.facebook.com\/PosgradoWiener\/videos\/1526072324970029"],"hcf_fecha_blog":[""],"hcf_destacado_blog":[""],"hcf_imagenes":["a:0:{}"],"hcf_thumb_500":["https:\/\/posgrado.uwiener.edu.pe\/actividades\/wp-content\/uploads\/2024\/02\/500x82-1.jpg"],"hcf_thumb_1600":["https:\/\/posgrado.uwiener.edu.pe\/actividades\/wp-content\/uploads\/2024\/02\/1920x314-1.jpg"],"hcf_destacada":["https:\/\/posgrado.uwiener.edu.pe\/actividades\/wp-content\/uploads\/2024\/02\/1200x628-1.jpg"],"_edit_lock":["1724948545:5"],"_edit_last":["5"],"rank_math_internal_links_processed":["1"]},"_links":{"self":[{"href":"https:\/\/posgrado.uwiener.edu.pe\/actividades\/wp-json\/wp\/v2\/evento\/4018"}],"collection":[{"href":"https:\/\/posgrado.uwiener.edu.pe\/actividades\/wp-json\/wp\/v2\/evento"}],"about":[{"href":"https:\/\/posgrado.uwiener.edu.pe\/actividades\/wp-json\/wp\/v2\/types\/evento"}],"wp:attachment":[{"href":"https:\/\/posgrado.uwiener.edu.pe\/actividades\/wp-json\/wp\/v2\/media?parent=4018"}],"wp:term":[{"taxonomy":"categoria-eventos","embeddable":true,"href":"https:\/\/posgrado.uwiener.edu.pe\/actividades\/wp-json\/wp\/v2\/categoria-eventos?post=4018"}],"curies":[{"name":"wp","href":"https:\/\/api.w.org\/{rel}","templated":true}]}}

Charla informativa: «Maestría de Gestión en Salud»

<p>Participa de nuestra charla informativa de la Maestría de Gestión en Salud «Docentes expertos, plan de estudios potenciado con Arizona State University, certificaciones complementarias y financiamiento».</p>



<p>Transmisión vía Zoom y Facebook Live.</p>



<p>Regístrate aquí para recibir el link de la transmisión:&nbsp;<a href="https://acortar.link/q9WmyE" target="_blank" rel="noopener">https://acortar.link/q9WmyE</a></p>



<p><strong>Ponente:</strong></p>



<p>Dr. Fernando Diaz del Olmo</p>



<p>Coordinador Académica de la Maestría de Gestión en Salud</p>

<p>Participa de nuestra charla informativa de la Maestría de Gestión en Salud «Docentes expertos, plan de estudios potenciado con Arizona State University, certificaciones complementarias y financiamiento». Transmisión vía Zoom y Facebook Live. Regístrate aquí para recibir el link de la transmisión:&nbsp;https://acortar.link/q9WmyE Ponente: Dr. Fernando Diaz del Olmo Coordinador Académica de la Maestría de Gestión en [&hellip;]</p>
